{"version":"1.0","provider_name":"Alliance Climatique","provider_url":"https:\/\/www.klima-allianz.ch\/fr\/","title":"OUI \u00e0 la loi sur le CO2 : entretien avec le g\u00e9o-\u00e9conomiste Laurent Horvath &#8226; Alliance Climatique","type":"rich","width":600,"height":338,"html":"<blockquote class=\"wp-embedded-content\" data-secret=\"HFsVcO2kYI\"><a href=\"https:\/\/www.klima-allianz.ch\/fr\/article\/geo-economiste-laurent-horvath\/\">OUI \u00e0 la loi sur le CO2 : entretien avec le g\u00e9o-\u00e9conomiste Laurent Horvath<\/a><\/blockquote><iframe sandbox=\"allow-scripts\" security=\"restricted\" src=\"https:\/\/www.klima-allianz.ch\/fr\/article\/geo-economiste-laurent-horvath\/embed\/#?secret=HFsVcO2kYI\" width=\"600\" height=\"338\" title=\"\u00ab\u00a0OUI \u00e0 la loi sur le CO2 : entretien avec le g\u00e9o-\u00e9conomiste Laurent Horvath\u00a0\u00bb &#8212; Alliance Climatique\" data-secret=\"HFsVcO2kYI\" frameborder=\"0\" marginwidth=\"0\" marginheight=\"0\" scrolling=\"no\" class=\"wp-embedded-content\"><\/iframe><script type=\"text\/javascript\">\n\/* <![CDATA[ *\/\n\/*! This file is auto-generated *\/\n!function(d,l){\"use strict\";l.querySelector&&d.addEventListener&&\"undefined\"!=typeof URL&&(d.wp=d.wp||{},d.wp.receiveEmbedMessage||(d.wp.receiveEmbedMessage=function(e){var t=e.data;if((t||t.secret||t.message||t.value)&&!\/[^a-zA-Z0-9]\/.test(t.secret)){for(var s,r,n,a=l.querySelectorAll('iframe[data-secret=\"'+t.secret+'\"]'),o=l.querySelectorAll('blockquote[data-secret=\"'+t.secret+'\"]'),c=new RegExp(\"^https?:$\",\"i\"),i=0;i<o.length;i++)o[i].style.display=\"none\";for(i=0;i<a.length;i++)s=a[i],e.source===s.contentWindow&&(s.removeAttribute(\"style\"),\"height\"===t.message?(1e3<(r=parseInt(t.value,10))?r=1e3:~~r<200&&(r=200),s.height=r):\"link\"===t.message&&(r=new URL(s.getAttribute(\"src\")),n=new URL(t.value),c.test(n.protocol))&&n.host===r.host&&l.activeElement===s&&(d.top.location.href=t.value))}},d.addEventListener(\"message\",d.wp.receiveEmbedMessage,!1),l.addEventListener(\"DOMContentLoaded\",function(){for(var e,t,s=l.querySelectorAll(\"iframe.wp-embedded-content\"),r=0;r<s.length;r++)(t=(e=s[r]).getAttribute(\"data-secret\"))||(t=Math.random().toString(36).substring(2,12),e.src+=\"#?secret=\"+t,e.setAttribute(\"data-secret\",t)),e.contentWindow.postMessage({message:\"ready\",secret:t},\"*\")},!1)))}(window,document);\n\/\/# sourceURL=https:\/\/www.klima-allianz.ch\/wp-includes\/js\/wp-embed.min.js\n\/* ]]> *\/\n<\/script>\n","description":"Laurent Horvath*, g\u00e9o-\u00e9conomiste, explique comment le lobby p\u00e9trolier influence la politique climatique mondiale. Le Valaisan montre \u00e0 quel point notre soci\u00e9t\u00e9 actuelle est d\u00e9pendante des \u00e9nergies fossiles, puis quelle est la contribution de la loi sur le CO2 \u00e0 la transition \u00e9nerg\u00e9tique."}

OUI à la loi sur le CO2 : entretien avec le géo-économiste Laurent Horvath &#8226; Alliance Climatique

<blockquote class="wp-embedded-content" data-secret="HFsVcO2kYI"><a href="https://www.klima-allianz.ch/fr/article/geo-economiste-laurent-horvath/">OUI à la loi sur le CO2 : entretien avec le géo-économiste Laurent Horvath</a></blockquote><iframe sandbox="allow-scripts" security="restricted" src="https://www.klima-allianz.ch/fr/article/geo-economiste-laurent-horvath/embed/#?secret=HFsVcO2kYI" width="600" height="338" title="« OUI à la loi sur le CO2 : entretien avec le géo-économiste Laurent Horvath » &#8212; Alliance Climatique" data-secret="HFsVcO2kYI" frameborder="0" marginwidth="0" marginheight="0" scrolling="no" class="wp-embedded-content"></iframe><script type="text/javascript">
/* <![CDATA[ */
/*! This file is auto-generated */
!function(d,l){"use strict";l.querySelector&&d.addEventListener&&"undefined"!=typeof URL&&(d.wp=d.wp||{},d.wp.receiveEmbedMessage||(d.wp.receiveEmbedMessage=function(e){var t=e.data;if((t||t.secret||t.message||t.value)&&!/[^a-zA-Z0-9]/.test(t.secret)){for(var s,r,n,a=l.querySelectorAll('iframe[data-secret="'+t.secret+'"]'),o=l.querySelectorAll('blockquote[data-secret="'+t.secret+'"]'),c=new RegExp("^https?:$","i"),i=0;i<o.length;i++)o[i].style.display="none";for(i=0;i<a.length;i++)s=a[i],e.source===s.contentWindow&&(s.removeAttribute("style"),"height"===t.message?(1e3<(r=parseInt(t.value,10))?r=1e3:~~r<200&&(r=200),s.height=r):"link"===t.message&&(r=new URL(s.getAttribute("src")),n=new URL(t.value),c.test(n.protocol))&&n.host===r.host&&l.activeElement===s&&(d.top.location.href=t.value))}},d.addEventListener("message",d.wp.receiveEmbedMessage,!1),l.addEventListener("DOMContentLoaded",function(){for(var e,t,s=l.querySelectorAll("iframe.wp-embedded-content"),r=0;r<s.length;r++)(t=(e=s[r]).getAttribute("data-secret"))||(t=Math.random().toString(36).substring(2,12),e.src+="#?secret="+t,e.setAttribute("data-secret",t)),e.contentWindow.postMessage({message:"ready",secret:t},"*")},!1)))}(window,document);
//# sourceURL=https://www.klima-allianz.ch/wp-includes/js/wp-embed.min.js
/* ]]> */
</script>

Laurent Horvath*, géo-économiste, explique comment le lobby pétrolier influence la politique climatique mondiale. Le Valaisan montre à quel point notre société actuelle est dépendante des énergies fossiles, puis quelle est la contribution de la loi sur le CO2 à la transition énergétique.
