{"version":"1.0","provider_name":"Alliance Climatique","provider_url":"https:\/\/www.klima-allianz.ch\/fr\/","title":"Plan directeur climat suisse 2025 &#8226; Alliance Climatique","type":"rich","width":600,"height":338,"html":"<blockquote class=\"wp-embedded-content\" data-secret=\"4HZp21FhOw\"><a href=\"https:\/\/www.klima-allianz.ch\/fr\/campagnes\/plan-directeur-climat-suisse-2025\/\">Plan directeur climat suisse 2025<\/a><\/blockquote><iframe sandbox=\"allow-scripts\" security=\"restricted\" src=\"https:\/\/www.klima-allianz.ch\/fr\/campagnes\/plan-directeur-climat-suisse-2025\/embed\/#?secret=4HZp21FhOw\" width=\"600\" height=\"338\" title=\"\u00ab\u00a0Plan directeur climat suisse 2025\u00a0\u00bb &#8212; Alliance Climatique\" data-secret=\"4HZp21FhOw\" frameborder=\"0\" marginwidth=\"0\" marginheight=\"0\" scrolling=\"no\" class=\"wp-embedded-content\"><\/iframe><script type=\"text\/javascript\">\n\/* <![CDATA[ *\/\n\/*! This file is auto-generated *\/\n!function(d,l){\"use strict\";l.querySelector&&d.addEventListener&&\"undefined\"!=typeof URL&&(d.wp=d.wp||{},d.wp.receiveEmbedMessage||(d.wp.receiveEmbedMessage=function(e){var t=e.data;if((t||t.secret||t.message||t.value)&&!\/[^a-zA-Z0-9]\/.test(t.secret)){for(var s,r,n,a=l.querySelectorAll('iframe[data-secret=\"'+t.secret+'\"]'),o=l.querySelectorAll('blockquote[data-secret=\"'+t.secret+'\"]'),c=new RegExp(\"^https?:$\",\"i\"),i=0;i<o.length;i++)o[i].style.display=\"none\";for(i=0;i<a.length;i++)s=a[i],e.source===s.contentWindow&&(s.removeAttribute(\"style\"),\"height\"===t.message?(1e3<(r=parseInt(t.value,10))?r=1e3:~~r<200&&(r=200),s.height=r):\"link\"===t.message&&(r=new URL(s.getAttribute(\"src\")),n=new URL(t.value),c.test(n.protocol))&&n.host===r.host&&l.activeElement===s&&(d.top.location.href=t.value))}},d.addEventListener(\"message\",d.wp.receiveEmbedMessage,!1),l.addEventListener(\"DOMContentLoaded\",function(){for(var e,t,s=l.querySelectorAll(\"iframe.wp-embedded-content\"),r=0;r<s.length;r++)(t=(e=s[r]).getAttribute(\"data-secret\"))||(t=Math.random().toString(36).substring(2,12),e.src+=\"#?secret=\"+t,e.setAttribute(\"data-secret\",t)),e.contentWindow.postMessage({message:\"ready\",secret:t},\"*\")},!1)))}(window,document);\n\/\/# sourceURL=https:\/\/www.klima-allianz.ch\/wp-includes\/js\/wp-embed.min.js\n\/* ]]> *\/\n<\/script>\n","thumbnail_url":"https:\/\/www.klima-allianz.ch\/wp-content\/uploads\/KMP-2.png","thumbnail_width":1080,"thumbnail_height":1350,"description":"Nous vivons une \u00e9poque de paradoxes. Le changement climatique est une r\u00e9alit\u00e9 incontestable : reconnu par la science, inscrit dans nos lois, et visible dans notre quotidien \u2013 vagues de chaleur, inondations, s\u00e9cheresses ou glissements de terrain. Pourtant, l\u2019ampleur des mesures prises reste largement insuffisante face \u00e0 l\u2019urgence. Tandis que certains se r\u00e9fugient dans le &hellip; Continued"}

Nous vivons une époque de paradoxes. Le changement climatique est une réalité incontestable : reconnu par la science, inscrit dans nos lois, et visible dans notre quotidien – vagues de chaleur, inondations, sécheresses ou glissements de terrain. Pourtant, l’ampleur des mesures prises reste largement insuffisante face à l’urgence. Tandis que certains se réfugient dans le &hellip; Continued
