{"id":15159,"date":"2026-04-30T10:58:47","date_gmt":"2026-04-30T08:58:47","guid":{"rendered":"https:\/\/www.klima-allianz.ch\/?post_type=kampagnen&#038;p=15159"},"modified":"2026-04-30T11:00:15","modified_gmt":"2026-04-30T09:00:15","slug":"appel-sortons-du-piege-du-prix-du-petrole","status":"publish","type":"kampagnen","link":"https:\/\/www.klima-allianz.ch\/fr\/campagnes\/appel-sortons-du-piege-du-prix-du-petrole\/","title":{"rendered":"Appel : Sortons du pi\u00e8ge du prix du p\u00e9trole"},"content":{"rendered":"<p>La guerre en Iran le montre clairement: la d\u00e9pendance au p\u00e9trole et au gaz nuit \u00e0 la Suisse. Lorsque le prix du p\u00e9trole s\u2019envole, l\u2019essence, le diesel et le mazout deviennent plus chers, l\u2019\u00e9conomie s\u2019enlise et nous passons \u00e0 la caisse.<\/p>\n<p>La solution: la Suisse doit sortir de sa d\u00e9pendance au p\u00e9trole et au gaz le plus rapidement possible. Les alternatives respectueuses du climat doivent \u00eatre encourag\u00e9es et accessibles \u00e0 toutes et \u00e0 tous. C\u2019est ainsi que nous deviendrons ind\u00e9pendants et que nous nous mettrons \u00e0 l\u2019abri des flamb\u00e9es de prix.<\/p>\n<p>\ud83d\udc49\ud83c\udffb <a href=\"https:\/\/packen-wirs-an.ch\/fr\/appel?ref=ka#signer\">Je signe l&rsquo;appel<\/a><\/p>\n<p>\ud83d\udc49\ud83c\udffb <a href=\"https:\/\/packen-wirs-an.ch\/fr\/appel?ref=ka#appel\">Lire le texte de l&rsquo;appel<\/a><\/p>\n","protected":false},"featured_media":0,"template":"","class_list":["post-15159","kampagnen","type-kampagnen","status-publish","hentry"],"better_featured_image":null,"acf":{"kampagnen_typ":"extern","inhaltstyp_mediabox":"image","campaign_owner":[4474],"campaign_owner_extern":null,"kontakt":{"name":"Klimaschutz Schweiz","member_organisation":"","telefon":"","email":"info@klimaschutz-schweiz.ch","bild":null,"links":null},"galerie":null,"links":null,"lead_kurz":"La guerre en Iran le montre clairement: la d\u00e9pendance au p\u00e9trole et au gaz nuit \u00e0 la Suisse. La solution: la Suisse doit sortir de sa d\u00e9pendance au p\u00e9trole et au gaz le plus rapidement possible.","downloads":""},"yoast_head":"<!-- This site is optimized with the Yoast SEO plugin v27.5 - https:\/\/yoast.com\/product\/yoast-seo-wordpress\/ -->\n<title>Appel : Sortons du pi\u00e8ge du prix du p\u00e9trole &#8226; Alliance Climatique<\/title>\n<meta name=\"robots\" content=\"index, follow, max-snippet:-1, max-image-preview:large, max-video-preview:-1\" \/>\n<link rel=\"canonical\" href=\"https:\/\/www.klima-allianz.ch\/fr\/campagnes\/appel-sortons-du-piege-du-prix-du-petrole\/\" \/>\n<meta property=\"og:locale\" content=\"fr_FR\" \/>\n<meta property=\"og:type\" content=\"article\" \/>\n<meta property=\"og:title\" content=\"Appel : Sortons du pi\u00e8ge du prix du p\u00e9trole &#8226; Alliance Climatique\" \/>\n<meta property=\"og:description\" content=\"La guerre en Iran le montre clairement: la d\u00e9pendance au p\u00e9trole et au gaz nuit \u00e0 la Suisse. Lorsque le prix du p\u00e9trole s\u2019envole, l\u2019essence, le diesel et le mazout deviennent plus chers, l\u2019\u00e9conomie s\u2019enlise et nous passons \u00e0 la caisse. La solution: la Suisse doit sortir de sa d\u00e9pendance au p\u00e9trole et au gaz &hellip; Continued\" \/>\n<meta property=\"og:url\" content=\"https:\/\/www.klima-allianz.ch\/fr\/campagnes\/appel-sortons-du-piege-du-prix-du-petrole\/\" \/>\n<meta property=\"og:site_name\" content=\"Alliance Climatique\" \/>\n<meta property=\"article:modified_time\" content=\"2026-04-30T09:00:15+00:00\" \/>\n<meta name=\"twitter:card\" content=\"summary_large_image\" \/>\n<meta name=\"twitter:label1\" content=\"Dur\u00e9e de lecture estim\u00e9e\" \/>\n\t<meta name=\"twitter:data1\" content=\"1 minute\" \/>\n<script type=\"application\/ld+json\" class=\"yoast-schema-graph\">{\"@context\":\"https:\\\/\\\/schema.org\",\"@graph\":[{\"@type\":\"WebPage\",\"@id\":\"https:\\\/\\\/www.klima-allianz.ch\\\/fr\\\/campagnes\\\/appel-sortons-du-piege-du-prix-du-petrole\\\/\",\"url\":\"https:\\\/\\\/www.klima-allianz.ch\\\/fr\\\/campagnes\\\/appel-sortons-du-piege-du-prix-du-petrole\\\/\",\"name\":\"Appel : Sortons du pi\u00e8ge du prix du p\u00e9trole &#8226; Alliance Climatique\",\"isPartOf\":{\"@id\":\"https:\\\/\\\/www.klima-allianz.ch\\\/fr\\\/#website\"},\"datePublished\":\"2026-04-30T08:58:47+00:00\",\"dateModified\":\"2026-04-30T09:00:15+00:00\",\"breadcrumb\":{\"@id\":\"https:\\\/\\\/www.klima-allianz.ch\\\/fr\\\/campagnes\\\/appel-sortons-du-piege-du-prix-du-petrole\\\/#breadcrumb\"},\"inLanguage\":\"fr-FR\",\"potentialAction\":[{\"@type\":\"ReadAction\",\"target\":[\"https:\\\/\\\/www.klima-allianz.ch\\\/fr\\\/campagnes\\\/appel-sortons-du-piege-du-prix-du-petrole\\\/\"]}]},{\"@type\":\"BreadcrumbList\",\"@id\":\"https:\\\/\\\/www.klima-allianz.ch\\\/fr\\\/campagnes\\\/appel-sortons-du-piege-du-prix-du-petrole\\\/#breadcrumb\",\"itemListElement\":[{\"@type\":\"ListItem\",\"position\":1,\"name\":\"Home\",\"item\":\"https:\\\/\\\/www.klima-allianz.ch\\\/fr\\\/\"},{\"@type\":\"ListItem\",\"position\":2,\"name\":\"Campagnes\",\"item\":\"https:\\\/\\\/www.klima-allianz.ch\\\/fr\\\/campagnes\\\/\"},{\"@type\":\"ListItem\",\"position\":3,\"name\":\"Appel : Sortons du pi\u00e8ge du prix du p\u00e9trole\"}]},{\"@type\":\"WebSite\",\"@id\":\"https:\\\/\\\/www.klima-allianz.ch\\\/fr\\\/#website\",\"url\":\"https:\\\/\\\/www.klima-allianz.ch\\\/fr\\\/\",\"name\":\"Alliance Climatique\",\"description\":\"\",\"publisher\":{\"@id\":\"https:\\\/\\\/www.klima-allianz.ch\\\/fr\\\/#organization\"},\"potentialAction\":[{\"@type\":\"SearchAction\",\"target\":{\"@type\":\"EntryPoint\",\"urlTemplate\":\"https:\\\/\\\/www.klima-allianz.ch\\\/fr\\\/?s={search_term_string}\"},\"query-input\":{\"@type\":\"PropertyValueSpecification\",\"valueRequired\":true,\"valueName\":\"search_term_string\"}}],\"inLanguage\":\"fr-FR\"},{\"@type\":\"Organization\",\"@id\":\"https:\\\/\\\/www.klima-allianz.ch\\\/fr\\\/#organization\",\"name\":\"Klima-Allianz\",\"url\":\"https:\\\/\\\/www.klima-allianz.ch\\\/fr\\\/\",\"logo\":{\"@type\":\"ImageObject\",\"inLanguage\":\"fr-FR\",\"@id\":\"https:\\\/\\\/www.klima-allianz.ch\\\/fr\\\/#\\\/schema\\\/logo\\\/image\\\/\",\"url\":\"https:\\\/\\\/www.klima-allianz.ch\\\/wp-content\\\/uploads\\\/KA-Favicon-Kreis-1.png\",\"contentUrl\":\"https:\\\/\\\/www.klima-allianz.ch\\\/wp-content\\\/uploads\\\/KA-Favicon-Kreis-1.png\",\"width\":512,\"height\":512,\"caption\":\"Klima-Allianz\"},\"image\":{\"@id\":\"https:\\\/\\\/www.klima-allianz.ch\\\/fr\\\/#\\\/schema\\\/logo\\\/image\\\/\"}}]}<\/script>\n<!-- \/ Yoast SEO plugin. -->","yoast_head_json":{"title":"Appel : Sortons du pi\u00e8ge du prix du p\u00e9trole &#8226; Alliance Climatique","robots":{"index":"index","follow":"follow","max-snippet":"max-snippet:-1","max-image-preview":"max-image-preview:large","max-video-preview":"max-video-preview:-1"},"canonical":"https:\/\/www.klima-allianz.ch\/fr\/campagnes\/appel-sortons-du-piege-du-prix-du-petrole\/","og_locale":"fr_FR","og_type":"article","og_title":"Appel : Sortons du pi\u00e8ge du prix du p\u00e9trole &#8226; Alliance Climatique","og_description":"La guerre en Iran le montre clairement: la d\u00e9pendance au p\u00e9trole et au gaz nuit \u00e0 la Suisse. Lorsque le prix du p\u00e9trole s\u2019envole, l\u2019essence, le diesel et le mazout deviennent plus chers, l\u2019\u00e9conomie s\u2019enlise et nous passons \u00e0 la caisse. La solution: la Suisse doit sortir de sa d\u00e9pendance au p\u00e9trole et au gaz &hellip; Continued","og_url":"https:\/\/www.klima-allianz.ch\/fr\/campagnes\/appel-sortons-du-piege-du-prix-du-petrole\/","og_site_name":"Alliance Climatique","article_modified_time":"2026-04-30T09:00:15+00:00","twitter_card":"summary_large_image","twitter_misc":{"Dur\u00e9e de lecture estim\u00e9e":"1 minute"},"schema":{"@context":"https:\/\/schema.org","@graph":[{"@type":"WebPage","@id":"https:\/\/www.klima-allianz.ch\/fr\/campagnes\/appel-sortons-du-piege-du-prix-du-petrole\/","url":"https:\/\/www.klima-allianz.ch\/fr\/campagnes\/appel-sortons-du-piege-du-prix-du-petrole\/","name":"Appel : Sortons du pi\u00e8ge du prix du p\u00e9trole &#8226; Alliance Climatique","isPartOf":{"@id":"https:\/\/www.klima-allianz.ch\/fr\/#website"},"datePublished":"2026-04-30T08:58:47+00:00","dateModified":"2026-04-30T09:00:15+00:00","breadcrumb":{"@id":"https:\/\/www.klima-allianz.ch\/fr\/campagnes\/appel-sortons-du-piege-du-prix-du-petrole\/#breadcrumb"},"inLanguage":"fr-FR","potentialAction":[{"@type":"ReadAction","target":["https:\/\/www.klima-allianz.ch\/fr\/campagnes\/appel-sortons-du-piege-du-prix-du-petrole\/"]}]},{"@type":"BreadcrumbList","@id":"https:\/\/www.klima-allianz.ch\/fr\/campagnes\/appel-sortons-du-piege-du-prix-du-petrole\/#breadcrumb","itemListElement":[{"@type":"ListItem","position":1,"name":"Home","item":"https:\/\/www.klima-allianz.ch\/fr\/"},{"@type":"ListItem","position":2,"name":"Campagnes","item":"https:\/\/www.klima-allianz.ch\/fr\/campagnes\/"},{"@type":"ListItem","position":3,"name":"Appel : Sortons du pi\u00e8ge du prix du p\u00e9trole"}]},{"@type":"WebSite","@id":"https:\/\/www.klima-allianz.ch\/fr\/#website","url":"https:\/\/www.klima-allianz.ch\/fr\/","name":"Alliance Climatique","description":"","publisher":{"@id":"https:\/\/www.klima-allianz.ch\/fr\/#organization"},"potentialAction":[{"@type":"SearchAction","target":{"@type":"EntryPoint","urlTemplate":"https:\/\/www.klima-allianz.ch\/fr\/?s={search_term_string}"},"query-input":{"@type":"PropertyValueSpecification","valueRequired":true,"valueName":"search_term_string"}}],"inLanguage":"fr-FR"},{"@type":"Organization","@id":"https:\/\/www.klima-allianz.ch\/fr\/#organization","name":"Klima-Allianz","url":"https:\/\/www.klima-allianz.ch\/fr\/","logo":{"@type":"ImageObject","inLanguage":"fr-FR","@id":"https:\/\/www.klima-allianz.ch\/fr\/#\/schema\/logo\/image\/","url":"https:\/\/www.klima-allianz.ch\/wp-content\/uploads\/KA-Favicon-Kreis-1.png","contentUrl":"https:\/\/www.klima-allianz.ch\/wp-content\/uploads\/KA-Favicon-Kreis-1.png","width":512,"height":512,"caption":"Klima-Allianz"},"image":{"@id":"https:\/\/www.klima-allianz.ch\/fr\/#\/schema\/logo\/image\/"}}]}},"_links":{"self":[{"href":"https:\/\/www.klima-allianz.ch\/fr\/wp-json\/wp\/v2\/kampagnen\/15159","targetHints":{"allow":["GET"]}}],"collection":[{"href":"https:\/\/www.klima-allianz.ch\/fr\/wp-json\/wp\/v2\/kampagnen"}],"about":[{"href":"https:\/\/www.klima-allianz.ch\/fr\/wp-json\/wp\/v2\/types\/kampagnen"}],"acf:post":[{"embeddable":true,"href":"https:\/\/www.klima-allianz.ch\/fr\/wp-json\/wp\/v2\/mitglieder\/4474"}],"wp:attachment":[{"href":"https:\/\/www.klima-allianz.ch\/fr\/wp-json\/wp\/v2\/media?parent=15159"}],"curies":[{"name":"wp","href":"https:\/\/api.w.org\/{rel}","templated":true}]}}

Appel : Sortons du piège du prix du pétrole

<p>La guerre en Iran le montre clairement: la dépendance au pétrole et au gaz nuit à la Suisse. Lorsque le prix du pétrole s’envole, l’essence, le diesel et le mazout deviennent plus chers, l’économie s’enlise et nous passons à la caisse.</p>
<p>La solution: la Suisse doit sortir de sa dépendance au pétrole et au gaz le plus rapidement possible. Les alternatives respectueuses du climat doivent être encouragées et accessibles à toutes et à tous. C’est ainsi que nous deviendrons indépendants et que nous nous mettrons à l’abri des flambées de prix.</p>
<p>👉🏻 <a href="https://packen-wirs-an.ch/fr/appel?ref=ka#signer">Je signe l&rsquo;appel</a></p>
<p>👉🏻 <a href="https://packen-wirs-an.ch/fr/appel?ref=ka#appel">Lire le texte de l&rsquo;appel</a></p>

La guerre en Iran le montre clairement: la dépendance au pétrole et au gaz nuit à la Suisse. La solution: la Suisse doit sortir de sa dépendance au pétrole et au gaz le plus rapidement possible.

<!-- This site is optimized with the Yoast SEO plugin v27.5 - https://yoast.com/product/yoast-seo-wordpress/ -->
<title>Appel : Sortons du piège du prix du pétrole &#8226; Alliance Climatique</title>
<meta name="robots" content="index, follow, max-snippet:-1, max-image-preview:large, max-video-preview:-1" />
<link rel="canonical" href="https://www.klima-allianz.ch/fr/campagnes/appel-sortons-du-piege-du-prix-du-petrole/" />
<meta property="og:locale" content="fr_FR" />
<meta property="og:type" content="article" />
<meta property="og:title" content="Appel : Sortons du piège du prix du pétrole &#8226; Alliance Climatique" />
<meta property="og:description" content="La guerre en Iran le montre clairement: la dépendance au pétrole et au gaz nuit à la Suisse. Lorsque le prix du pétrole s’envole, l’essence, le diesel et le mazout deviennent plus chers, l’économie s’enlise et nous passons à la caisse. La solution: la Suisse doit sortir de sa dépendance au pétrole et au gaz &hellip; Continued" />
<meta property="og:url" content="https://www.klima-allianz.ch/fr/campagnes/appel-sortons-du-piege-du-prix-du-petrole/" />
<meta property="og:site_name" content="Alliance Climatique" />
<meta property="article:modified_time" content="2026-04-30T09:00:15+00:00" />
<meta name="twitter:card" content="summary_large_image" />
<meta name="twitter:label1" content="Durée de lecture estimée" />
	<meta name="twitter:data1" content="1 minute" />
<script type="application/ld+json" class="yoast-schema-graph">{"@context":"https:\/\/schema.org","@graph":[{"@type":"WebPage","@id":"https:\/\/www.klima-allianz.ch\/fr\/campagnes\/appel-sortons-du-piege-du-prix-du-petrole\/","url":"https:\/\/www.klima-allianz.ch\/fr\/campagnes\/appel-sortons-du-piege-du-prix-du-petrole\/","name":"Appel : Sortons du piège du prix du pétrole &#8226; Alliance Climatique","isPartOf":{"@id":"https:\/\/www.klima-allianz.ch\/fr\/#website"},"datePublished":"2026-04-30T08:58:47+00:00","dateModified":"2026-04-30T09:00:15+00:00","breadcrumb":{"@id":"https:\/\/www.klima-allianz.ch\/fr\/campagnes\/appel-sortons-du-piege-du-prix-du-petrole\/#breadcrumb"},"inLanguage":"fr-FR","potentialAction":[{"@type":"ReadAction","target":["https:\/\/www.klima-allianz.ch\/fr\/campagnes\/appel-sortons-du-piege-du-prix-du-petrole\/"]}]},{"@type":"BreadcrumbList","@id":"https:\/\/www.klima-allianz.ch\/fr\/campagnes\/appel-sortons-du-piege-du-prix-du-petrole\/#breadcrumb","itemListElement":[{"@type":"ListItem","position":1,"name":"Home","item":"https:\/\/www.klima-allianz.ch\/fr\/"},{"@type":"ListItem","position":2,"name":"Campagnes","item":"https:\/\/www.klima-allianz.ch\/fr\/campagnes\/"},{"@type":"ListItem","position":3,"name":"Appel : Sortons du piège du prix du pétrole"}]},{"@type":"WebSite","@id":"https:\/\/www.klima-allianz.ch\/fr\/#website","url":"https:\/\/www.klima-allianz.ch\/fr\/","name":"Alliance Climatique","description":"","publisher":{"@id":"https:\/\/www.klima-allianz.ch\/fr\/#organization"},"potentialAction":[{"@type":"SearchAction","target":{"@type":"EntryPoint","urlTemplate":"https:\/\/www.klima-allianz.ch\/fr\/?s={search_term_string}"},"query-input":{"@type":"PropertyValueSpecification","valueRequired":true,"valueName":"search_term_string"}}],"inLanguage":"fr-FR"},{"@type":"Organization","@id":"https:\/\/www.klima-allianz.ch\/fr\/#organization","name":"Klima-Allianz","url":"https:\/\/www.klima-allianz.ch\/fr\/","logo":{"@type":"ImageObject","inLanguage":"fr-FR","@id":"https:\/\/www.klima-allianz.ch\/fr\/#\/schema\/logo\/image\/","url":"https:\/\/www.klima-allianz.ch\/wp-content\/uploads\/KA-Favicon-Kreis-1.png","contentUrl":"https:\/\/www.klima-allianz.ch\/wp-content\/uploads\/KA-Favicon-Kreis-1.png","width":512,"height":512,"caption":"Klima-Allianz"},"image":{"@id":"https:\/\/www.klima-allianz.ch\/fr\/#\/schema\/logo\/image\/"}}]}</script>
<!-- / Yoast SEO plugin. -->

Appel : Sortons du piège du prix du pétrole &#8226; Alliance Climatique

La guerre en Iran le montre clairement: la dépendance au pétrole et au gaz nuit à la Suisse. Lorsque le prix du pétrole s’envole, l’essence, le diesel et le mazout deviennent plus chers, l’économie s’enlise et nous passons à la caisse. La solution: la Suisse doit sortir de sa dépendance au pétrole et au gaz &hellip; Continued
