{"id":8660,"date":"2022-09-29T10:09:01","date_gmt":"2022-09-29T08:09:01","guid":{"rendered":"https:\/\/www.klima-allianz.ch\/plus\/"},"modified":"2026-04-03T20:13:51","modified_gmt":"2026-04-03T18:13:51","slug":"plus","status":"publish","type":"page","link":"https:\/\/www.klima-allianz.ch\/fr\/plus\/","title":{"rendered":"Recommandations et ressources"},"content":{"rendered":"<p>Parmi les documents ci-dessous, vous trouverez des ressources pour vous informer et vous aider \u00e0 exercer votre influence :<\/p>\n<ul>\n<li><span style=\"text-decoration: underline\">Rapports<\/span> p\u00e9riodiques de l\u2019Alliance climatique sur les progr\u00e8s r\u00e9alis\u00e9s par les caisses de pension.<\/li>\n<li><span style=\"text-decoration: underline\">Tableau synoptique de toutes les caisses de pension avec l&rsquo;\u00e9volution de leur compatibilit\u00e9 climatique, qui pr\u00e9sente \u00e9galement la part des institutions de pr\u00e9voyance ayant un potentiel de reclassement<\/span> et les identifie.<\/li>\n<li><span style=\"text-decoration: underline\">Recommandations d&rsquo;action<\/span> en bref pour l&rsquo;ambition z\u00e9ro net 2040 aux caisses de pension.<\/li>\n<li>Les placements immobiliers indirects des caisses de pension sont \u00e9galement d\u00e9terminants pour la performance de d\u00e9carbonisation. C&rsquo;est pourquoi nous travaillons actuellement \u00e0 l&rsquo;\u00e9largissement de notre <span style=\"text-decoration: underline\"><a href=\"https:\/\/alliance-climatique.ch\/rating-climatique\/plus\/\">liste de recommandations de solutions de placement durables et respectueuses du climat pour les caisses de pension<\/a><\/span>, dans le but d&rsquo;y inclure l&rsquo;offre du march\u00e9 des fonds immobiliers et des groupes de placement immobiliers des fondations de placement.<\/li>\n<\/ul>\n","protected":false},"excerpt":{"rendered":"<p>Parmi les documents ci-dessous, vous trouverez des ressources pour vous informer et vous aider \u00e0 exercer votre influence : Rapports p\u00e9riodiques de l\u2019Alliance climatique sur les progr\u00e8s r\u00e9alis\u00e9s par les caisses de pension. Tableau synoptique de toutes les caisses de pension avec l&rsquo;\u00e9volution de leur compatibilit\u00e9 climatique, qui pr\u00e9sente \u00e9galement la part des institutions de &hellip; <a href=\"https:\/\/www.klima-allianz.ch\/fr\/plus\/\">Continued<\/a><\/p>\n","protected":false},"author":3,"featured_media":0,"parent":0,"menu_order":36,"comment_status":"closed","ping_status":"closed","template":"views\/template-rating-immobilien-beitrage.blade.php","meta":{"_acf_changed":false,"footnotes":""},"class_list":["post-8660","page","type-page","status-publish","hentry"],"better_featured_image":null,"acf":{"downloads":[13590,14992,15033,13603,12963,9554]},"yoast_head":"<!-- This site is optimized with the Yoast SEO plugin v27.5 - https:\/\/yoast.com\/product\/yoast-seo-wordpress\/ -->\n<title>Recommandations et ressources &#8226; Alliance Climatique<\/title>\n<meta name=\"robots\" content=\"index, follow, max-snippet:-1, max-image-preview:large, max-video-preview:-1\" \/>\n<link rel=\"canonical\" href=\"https:\/\/www.klima-allianz.ch\/fr\/plus\/\" \/>\n<meta property=\"og:locale\" content=\"fr_FR\" \/>\n<meta property=\"og:type\" content=\"article\" \/>\n<meta property=\"og:title\" content=\"Recommandations et ressources &#8226; Alliance Climatique\" \/>\n<meta property=\"og:description\" content=\"Parmi les documents ci-dessous, vous trouverez des ressources pour vous informer et vous aider \u00e0 exercer votre influence : Rapports p\u00e9riodiques de l\u2019Alliance climatique sur les progr\u00e8s r\u00e9alis\u00e9s par les caisses de pension. Tableau synoptique de toutes les caisses de pension avec l&rsquo;\u00e9volution de leur compatibilit\u00e9 climatique, qui pr\u00e9sente \u00e9galement la part des institutions de &hellip; Continued\" \/>\n<meta property=\"og:url\" content=\"https:\/\/www.klima-allianz.ch\/fr\/plus\/\" \/>\n<meta property=\"og:site_name\" content=\"Alliance Climatique\" \/>\n<meta property=\"article:modified_time\" content=\"2026-04-03T18:13:51+00:00\" \/>\n<meta name=\"twitter:card\" content=\"summary_large_image\" \/>\n<meta name=\"twitter:label1\" content=\"Dur\u00e9e de lecture estim\u00e9e\" \/>\n\t<meta name=\"twitter:data1\" content=\"1 minute\" \/>\n<script type=\"application\/ld+json\" class=\"yoast-schema-graph\">{\"@context\":\"https:\\\/\\\/schema.org\",\"@graph\":[{\"@type\":\"WebPage\",\"@id\":\"https:\\\/\\\/www.klima-allianz.ch\\\/fr\\\/plus\\\/\",\"url\":\"https:\\\/\\\/www.klima-allianz.ch\\\/fr\\\/plus\\\/\",\"name\":\"Recommandations et ressources &#8226; Alliance Climatique\",\"isPartOf\":{\"@id\":\"https:\\\/\\\/www.klima-allianz.ch\\\/fr\\\/#website\"},\"datePublished\":\"2022-09-29T08:09:01+00:00\",\"dateModified\":\"2026-04-03T18:13:51+00:00\",\"breadcrumb\":{\"@id\":\"https:\\\/\\\/www.klima-allianz.ch\\\/fr\\\/plus\\\/#breadcrumb\"},\"inLanguage\":\"fr-FR\",\"potentialAction\":[{\"@type\":\"ReadAction\",\"target\":[\"https:\\\/\\\/www.klima-allianz.ch\\\/fr\\\/plus\\\/\"]}]},{\"@type\":\"BreadcrumbList\",\"@id\":\"https:\\\/\\\/www.klima-allianz.ch\\\/fr\\\/plus\\\/#breadcrumb\",\"itemListElement\":[{\"@type\":\"ListItem\",\"position\":1,\"name\":\"Home\",\"item\":\"https:\\\/\\\/www.klima-allianz.ch\\\/fr\\\/\"},{\"@type\":\"ListItem\",\"position\":2,\"name\":\"Recommandations et ressources\"}]},{\"@type\":\"WebSite\",\"@id\":\"https:\\\/\\\/www.klima-allianz.ch\\\/fr\\\/#website\",\"url\":\"https:\\\/\\\/www.klima-allianz.ch\\\/fr\\\/\",\"name\":\"Alliance Climatique\",\"description\":\"\",\"publisher\":{\"@id\":\"https:\\\/\\\/www.klima-allianz.ch\\\/fr\\\/#organization\"},\"potentialAction\":[{\"@type\":\"SearchAction\",\"target\":{\"@type\":\"EntryPoint\",\"urlTemplate\":\"https:\\\/\\\/www.klima-allianz.ch\\\/fr\\\/?s={search_term_string}\"},\"query-input\":{\"@type\":\"PropertyValueSpecification\",\"valueRequired\":true,\"valueName\":\"search_term_string\"}}],\"inLanguage\":\"fr-FR\"},{\"@type\":\"Organization\",\"@id\":\"https:\\\/\\\/www.klima-allianz.ch\\\/fr\\\/#organization\",\"name\":\"Klima-Allianz\",\"url\":\"https:\\\/\\\/www.klima-allianz.ch\\\/fr\\\/\",\"logo\":{\"@type\":\"ImageObject\",\"inLanguage\":\"fr-FR\",\"@id\":\"https:\\\/\\\/www.klima-allianz.ch\\\/fr\\\/#\\\/schema\\\/logo\\\/image\\\/\",\"url\":\"https:\\\/\\\/www.klima-allianz.ch\\\/wp-content\\\/uploads\\\/KA-Favicon-Kreis-1.png\",\"contentUrl\":\"https:\\\/\\\/www.klima-allianz.ch\\\/wp-content\\\/uploads\\\/KA-Favicon-Kreis-1.png\",\"width\":512,\"height\":512,\"caption\":\"Klima-Allianz\"},\"image\":{\"@id\":\"https:\\\/\\\/www.klima-allianz.ch\\\/fr\\\/#\\\/schema\\\/logo\\\/image\\\/\"}}]}<\/script>\n<!-- \/ Yoast SEO plugin. -->","yoast_head_json":{"title":"Recommandations et ressources &#8226; Alliance Climatique","robots":{"index":"index","follow":"follow","max-snippet":"max-snippet:-1","max-image-preview":"max-image-preview:large","max-video-preview":"max-video-preview:-1"},"canonical":"https:\/\/www.klima-allianz.ch\/fr\/plus\/","og_locale":"fr_FR","og_type":"article","og_title":"Recommandations et ressources &#8226; Alliance Climatique","og_description":"Parmi les documents ci-dessous, vous trouverez des ressources pour vous informer et vous aider \u00e0 exercer votre influence : Rapports p\u00e9riodiques de l\u2019Alliance climatique sur les progr\u00e8s r\u00e9alis\u00e9s par les caisses de pension. Tableau synoptique de toutes les caisses de pension avec l&rsquo;\u00e9volution de leur compatibilit\u00e9 climatique, qui pr\u00e9sente \u00e9galement la part des institutions de &hellip; Continued","og_url":"https:\/\/www.klima-allianz.ch\/fr\/plus\/","og_site_name":"Alliance Climatique","article_modified_time":"2026-04-03T18:13:51+00:00","twitter_card":"summary_large_image","twitter_misc":{"Dur\u00e9e de lecture estim\u00e9e":"1 minute"},"schema":{"@context":"https:\/\/schema.org","@graph":[{"@type":"WebPage","@id":"https:\/\/www.klima-allianz.ch\/fr\/plus\/","url":"https:\/\/www.klima-allianz.ch\/fr\/plus\/","name":"Recommandations et ressources &#8226; Alliance Climatique","isPartOf":{"@id":"https:\/\/www.klima-allianz.ch\/fr\/#website"},"datePublished":"2022-09-29T08:09:01+00:00","dateModified":"2026-04-03T18:13:51+00:00","breadcrumb":{"@id":"https:\/\/www.klima-allianz.ch\/fr\/plus\/#breadcrumb"},"inLanguage":"fr-FR","potentialAction":[{"@type":"ReadAction","target":["https:\/\/www.klima-allianz.ch\/fr\/plus\/"]}]},{"@type":"BreadcrumbList","@id":"https:\/\/www.klima-allianz.ch\/fr\/plus\/#breadcrumb","itemListElement":[{"@type":"ListItem","position":1,"name":"Home","item":"https:\/\/www.klima-allianz.ch\/fr\/"},{"@type":"ListItem","position":2,"name":"Recommandations et ressources"}]},{"@type":"WebSite","@id":"https:\/\/www.klima-allianz.ch\/fr\/#website","url":"https:\/\/www.klima-allianz.ch\/fr\/","name":"Alliance Climatique","description":"","publisher":{"@id":"https:\/\/www.klima-allianz.ch\/fr\/#organization"},"potentialAction":[{"@type":"SearchAction","target":{"@type":"EntryPoint","urlTemplate":"https:\/\/www.klima-allianz.ch\/fr\/?s={search_term_string}"},"query-input":{"@type":"PropertyValueSpecification","valueRequired":true,"valueName":"search_term_string"}}],"inLanguage":"fr-FR"},{"@type":"Organization","@id":"https:\/\/www.klima-allianz.ch\/fr\/#organization","name":"Klima-Allianz","url":"https:\/\/www.klima-allianz.ch\/fr\/","logo":{"@type":"ImageObject","inLanguage":"fr-FR","@id":"https:\/\/www.klima-allianz.ch\/fr\/#\/schema\/logo\/image\/","url":"https:\/\/www.klima-allianz.ch\/wp-content\/uploads\/KA-Favicon-Kreis-1.png","contentUrl":"https:\/\/www.klima-allianz.ch\/wp-content\/uploads\/KA-Favicon-Kreis-1.png","width":512,"height":512,"caption":"Klima-Allianz"},"image":{"@id":"https:\/\/www.klima-allianz.ch\/fr\/#\/schema\/logo\/image\/"}}]}},"_links":{"self":[{"href":"https:\/\/www.klima-allianz.ch\/fr\/wp-json\/wp\/v2\/pages\/8660","targetHints":{"allow":["GET"]}}],"collection":[{"href":"https:\/\/www.klima-allianz.ch\/fr\/wp-json\/wp\/v2\/pages"}],"about":[{"href":"https:\/\/www.klima-allianz.ch\/fr\/wp-json\/wp\/v2\/types\/page"}],"author":[{"embeddable":true,"href":"https:\/\/www.klima-allianz.ch\/fr\/wp-json\/wp\/v2\/users\/3"}],"replies":[{"embeddable":true,"href":"https:\/\/www.klima-allianz.ch\/fr\/wp-json\/wp\/v2\/comments?post=8660"}],"version-history":[{"count":21,"href":"https:\/\/www.klima-allianz.ch\/fr\/wp-json\/wp\/v2\/pages\/8660\/revisions"}],"predecessor-version":[{"id":15035,"href":"https:\/\/www.klima-allianz.ch\/fr\/wp-json\/wp\/v2\/pages\/8660\/revisions\/15035"}],"acf:post":[{"embeddable":true,"href":"https:\/\/www.klima-allianz.ch\/fr\/wp-json\/wp\/v2\/dokumente\/9554"},{"embeddable":true,"href":"https:\/\/www.klima-allianz.ch\/fr\/wp-json\/wp\/v2\/dokumente\/12963"},{"embeddable":true,"href":"https:\/\/www.klima-allianz.ch\/fr\/wp-json\/wp\/v2\/dokumente\/13603"},{"embeddable":true,"href":"https:\/\/www.klima-allianz.ch\/fr\/wp-json\/wp\/v2\/dokumente\/15033"},{"embeddable":true,"href":"https:\/\/www.klima-allianz.ch\/fr\/wp-json\/wp\/v2\/dokumente\/14992"},{"embeddable":true,"href":"https:\/\/www.klima-allianz.ch\/fr\/wp-json\/wp\/v2\/dokumente\/13590"}],"wp:attachment":[{"href":"https:\/\/www.klima-allianz.ch\/fr\/wp-json\/wp\/v2\/media?parent=8660"}],"curies":[{"name":"wp","href":"https:\/\/api.w.org\/{rel}","templated":true}]}}

<p>Parmi les documents ci-dessous, vous trouverez des ressources pour vous informer et vous aider à exercer votre influence :</p>
<ul>
<li><span style="text-decoration: underline">Rapports</span> périodiques de l’Alliance climatique sur les progrès réalisés par les caisses de pension.</li>
<li><span style="text-decoration: underline">Tableau synoptique de toutes les caisses de pension avec l&rsquo;évolution de leur compatibilité climatique, qui présente également la part des institutions de prévoyance ayant un potentiel de reclassement</span> et les identifie.</li>
<li><span style="text-decoration: underline">Recommandations d&rsquo;action</span> en bref pour l&rsquo;ambition zéro net 2040 aux caisses de pension.</li>
<li>Les placements immobiliers indirects des caisses de pension sont également déterminants pour la performance de décarbonisation. C&rsquo;est pourquoi nous travaillons actuellement à l&rsquo;élargissement de notre <span style="text-decoration: underline"><a href="https://alliance-climatique.ch/rating-climatique/plus/">liste de recommandations de solutions de placement durables et respectueuses du climat pour les caisses de pension</a></span>, dans le but d&rsquo;y inclure l&rsquo;offre du marché des fonds immobiliers et des groupes de placement immobiliers des fondations de placement.</li>
</ul>

<p>Parmi les documents ci-dessous, vous trouverez des ressources pour vous informer et vous aider à exercer votre influence : Rapports périodiques de l’Alliance climatique sur les progrès réalisés par les caisses de pension. Tableau synoptique de toutes les caisses de pension avec l&rsquo;évolution de leur compatibilité climatique, qui présente également la part des institutions de &hellip; <a href="https://www.klima-allianz.ch/fr/plus/">Continued</a></p>

<!-- This site is optimized with the Yoast SEO plugin v27.5 - https://yoast.com/product/yoast-seo-wordpress/ -->
<title>Recommandations et ressources &#8226; Alliance Climatique</title>
<meta name="robots" content="index, follow, max-snippet:-1, max-image-preview:large, max-video-preview:-1" />
<link rel="canonical" href="https://www.klima-allianz.ch/fr/plus/" />
<meta property="og:locale" content="fr_FR" />
<meta property="og:type" content="article" />
<meta property="og:title" content="Recommandations et ressources &#8226; Alliance Climatique" />
<meta property="og:description" content="Parmi les documents ci-dessous, vous trouverez des ressources pour vous informer et vous aider à exercer votre influence : Rapports périodiques de l’Alliance climatique sur les progrès réalisés par les caisses de pension. Tableau synoptique de toutes les caisses de pension avec l&rsquo;évolution de leur compatibilité climatique, qui présente également la part des institutions de &hellip; Continued" />
<meta property="og:url" content="https://www.klima-allianz.ch/fr/plus/" />
<meta property="og:site_name" content="Alliance Climatique" />
<meta property="article:modified_time" content="2026-04-03T18:13:51+00:00" />
<meta name="twitter:card" content="summary_large_image" />
<meta name="twitter:label1" content="Durée de lecture estimée" />
	<meta name="twitter:data1" content="1 minute" />
<script type="application/ld+json" class="yoast-schema-graph">{"@context":"https:\/\/schema.org","@graph":[{"@type":"WebPage","@id":"https:\/\/www.klima-allianz.ch\/fr\/plus\/","url":"https:\/\/www.klima-allianz.ch\/fr\/plus\/","name":"Recommandations et ressources &#8226; Alliance Climatique","isPartOf":{"@id":"https:\/\/www.klima-allianz.ch\/fr\/#website"},"datePublished":"2022-09-29T08:09:01+00:00","dateModified":"2026-04-03T18:13:51+00:00","breadcrumb":{"@id":"https:\/\/www.klima-allianz.ch\/fr\/plus\/#breadcrumb"},"inLanguage":"fr-FR","potentialAction":[{"@type":"ReadAction","target":["https:\/\/www.klima-allianz.ch\/fr\/plus\/"]}]},{"@type":"BreadcrumbList","@id":"https:\/\/www.klima-allianz.ch\/fr\/plus\/#breadcrumb","itemListElement":[{"@type":"ListItem","position":1,"name":"Home","item":"https:\/\/www.klima-allianz.ch\/fr\/"},{"@type":"ListItem","position":2,"name":"Recommandations et ressources"}]},{"@type":"WebSite","@id":"https:\/\/www.klima-allianz.ch\/fr\/#website","url":"https:\/\/www.klima-allianz.ch\/fr\/","name":"Alliance Climatique","description":"","publisher":{"@id":"https:\/\/www.klima-allianz.ch\/fr\/#organization"},"potentialAction":[{"@type":"SearchAction","target":{"@type":"EntryPoint","urlTemplate":"https:\/\/www.klima-allianz.ch\/fr\/?s={search_term_string}"},"query-input":{"@type":"PropertyValueSpecification","valueRequired":true,"valueName":"search_term_string"}}],"inLanguage":"fr-FR"},{"@type":"Organization","@id":"https:\/\/www.klima-allianz.ch\/fr\/#organization","name":"Klima-Allianz","url":"https:\/\/www.klima-allianz.ch\/fr\/","logo":{"@type":"ImageObject","inLanguage":"fr-FR","@id":"https:\/\/www.klima-allianz.ch\/fr\/#\/schema\/logo\/image\/","url":"https:\/\/www.klima-allianz.ch\/wp-content\/uploads\/KA-Favicon-Kreis-1.png","contentUrl":"https:\/\/www.klima-allianz.ch\/wp-content\/uploads\/KA-Favicon-Kreis-1.png","width":512,"height":512,"caption":"Klima-Allianz"},"image":{"@id":"https:\/\/www.klima-allianz.ch\/fr\/#\/schema\/logo\/image\/"}}]}</script>
<!-- / Yoast SEO plugin. -->

Parmi les documents ci-dessous, vous trouverez des ressources pour vous informer et vous aider à exercer votre influence : Rapports périodiques de l’Alliance climatique sur les progrès réalisés par les caisses de pension. Tableau synoptique de toutes les caisses de pension avec l&rsquo;évolution de leur compatibilité climatique, qui présente également la part des institutions de &hellip; Continued
