{"id":10,"date":"2020-08-14T09:50:16","date_gmt":"2020-08-14T07:50:16","guid":{"rendered":"https:\/\/www.klima-allianz.ch\/themen\/teste\/"},"modified":"2025-07-24T09:57:23","modified_gmt":"2025-07-24T07:57:23","slug":"politique-climatique","status":"publish","type":"themen","link":"https:\/\/www.klima-allianz.ch\/fr\/themes\/politique-climatique\/","title":{"rendered":"Politique climatique"},"featured_media":1238,"template":"","class_list":["post-10","themen","type-themen","status-publish","has-post-thumbnail","hentry"],"better_featured_image":{"id":1238,"alt_text":"","caption":"","description":"","media_type":"image","media_details":{"width":524,"height":524,"file":"KT-Biodiversitaet.jpg","sizes":{"medium":{"file":"KT-Biodiversitaet-300x300.jpg","width":300,"height":300,"mime-type":"image\/jpeg","source_url":"https:\/\/www.klima-allianz.ch\/wp-content\/uploads\/KT-Biodiversitaet-300x300.jpg"}},"image_meta":{"aperture":"0","credit":"","camera":"","caption":"","created_timestamp":"0","copyright":"","focal_length":"0","iso":"0","shutter_speed":"0","title":"","orientation":"1","keywords":[]}},"post":null,"source_url":"https:\/\/www.klima-allianz.ch\/wp-content\/uploads\/KT-Biodiversitaet.jpg"},"acf":{"teaser":"L'Alliance Climatique s'engage pour une politique climatique ambitieuse et \u00e9quitable. La Suisse doit apporter une contribution \u00e9quitable \u00e0 la mise en \u0153uvre de l'Accord de Paris sur le climat et se laisser guider par les derni\u00e8res d\u00e9couvertes scientifiques.","textblocks":[{"titel":"Pour nous et pour les plus pauvres","text":"La crise climatique exige des actions urgentes. Conform\u00e9ment au principe de pr\u00e9caution, la Suisse doit contribuer \u00e0 ce que le r\u00e9chauffement climatique ne d\u00e9passe pas 1,5\u00b0C. En outre, conform\u00e9ment au principe du pollueur-payeur, la Suisse devrait soutenir la population des pays pauvres qui est particuli\u00e8rement touch\u00e9e par cette crise."},{"titel":"La voix de la soci\u00e9t\u00e9 civile","text":"Par des positionnements communs, nous renfor\u00e7ons la voix de la soci\u00e9t\u00e9 civile dans le dialogue avec les responsables politiques. Gr\u00e2ce \u00e0 des campagnes communes, nous sensibilisons les responsables politiques et nous nous faisons entendre de la population. Il s'agit de la pr\u00e9servation de nos moyens de subsistance."}],"downloads":[13732,13738,3758,3403,3407,4669,2694,7667]},"yoast_head":"<!-- This site is optimized with the Yoast SEO plugin v27.5 - https:\/\/yoast.com\/product\/yoast-seo-wordpress\/ -->\n<title>Politique climatique &#8226; Alliance Climatique<\/title>\n<meta name=\"robots\" content=\"index, follow, max-snippet:-1, max-image-preview:large, max-video-preview:-1\" \/>\n<link rel=\"canonical\" href=\"https:\/\/www.klima-allianz.ch\/fr\/themes\/politique-climatique\/\" \/>\n<meta property=\"og:locale\" content=\"fr_FR\" \/>\n<meta property=\"og:type\" content=\"article\" \/>\n<meta property=\"og:title\" content=\"Politique climatique &#8226; Alliance Climatique\" \/>\n<meta property=\"og:url\" content=\"https:\/\/www.klima-allianz.ch\/fr\/themes\/politique-climatique\/\" \/>\n<meta property=\"og:site_name\" content=\"Alliance Climatique\" \/>\n<meta property=\"article:modified_time\" content=\"2025-07-24T07:57:23+00:00\" \/>\n<meta property=\"og:image\" content=\"https:\/\/www.klima-allianz.ch\/wp-content\/uploads\/KT-Biodiversitaet.jpg\" \/>\n\t<meta property=\"og:image:width\" content=\"524\" \/>\n\t<meta property=\"og:image:height\" content=\"524\" \/>\n\t<meta property=\"og:image:type\" content=\"image\/jpeg\" \/>\n<meta name=\"twitter:card\" content=\"summary_large_image\" \/>\n<meta name=\"twitter:label1\" content=\"Dur\u00e9e de lecture estim\u00e9e\" \/>\n\t<meta name=\"twitter:data1\" content=\"1 minute\" \/>\n<script type=\"application\/ld+json\" class=\"yoast-schema-graph\">{\"@context\":\"https:\\\/\\\/schema.org\",\"@graph\":[{\"@type\":\"WebPage\",\"@id\":\"https:\\\/\\\/www.klima-allianz.ch\\\/fr\\\/themes\\\/politique-climatique\\\/\",\"url\":\"https:\\\/\\\/www.klima-allianz.ch\\\/fr\\\/themes\\\/politique-climatique\\\/\",\"name\":\"Politique climatique &#8226; Alliance Climatique\",\"isPartOf\":{\"@id\":\"https:\\\/\\\/www.klima-allianz.ch\\\/fr\\\/#website\"},\"primaryImageOfPage\":{\"@id\":\"https:\\\/\\\/www.klima-allianz.ch\\\/fr\\\/themes\\\/politique-climatique\\\/#primaryimage\"},\"image\":{\"@id\":\"https:\\\/\\\/www.klima-allianz.ch\\\/fr\\\/themes\\\/politique-climatique\\\/#primaryimage\"},\"thumbnailUrl\":\"https:\\\/\\\/www.klima-allianz.ch\\\/wp-content\\\/uploads\\\/KT-Biodiversitaet.jpg\",\"datePublished\":\"2020-08-14T07:50:16+00:00\",\"dateModified\":\"2025-07-24T07:57:23+00:00\",\"breadcrumb\":{\"@id\":\"https:\\\/\\\/www.klima-allianz.ch\\\/fr\\\/themes\\\/politique-climatique\\\/#breadcrumb\"},\"inLanguage\":\"fr-FR\",\"potentialAction\":[{\"@type\":\"ReadAction\",\"target\":[\"https:\\\/\\\/www.klima-allianz.ch\\\/fr\\\/themes\\\/politique-climatique\\\/\"]}]},{\"@type\":\"ImageObject\",\"inLanguage\":\"fr-FR\",\"@id\":\"https:\\\/\\\/www.klima-allianz.ch\\\/fr\\\/themes\\\/politique-climatique\\\/#primaryimage\",\"url\":\"https:\\\/\\\/www.klima-allianz.ch\\\/wp-content\\\/uploads\\\/KT-Biodiversitaet.jpg\",\"contentUrl\":\"https:\\\/\\\/www.klima-allianz.ch\\\/wp-content\\\/uploads\\\/KT-Biodiversitaet.jpg\",\"width\":524,\"height\":524},{\"@type\":\"BreadcrumbList\",\"@id\":\"https:\\\/\\\/www.klima-allianz.ch\\\/fr\\\/themes\\\/politique-climatique\\\/#breadcrumb\",\"itemListElement\":[{\"@type\":\"ListItem\",\"position\":1,\"name\":\"Home\",\"item\":\"https:\\\/\\\/www.klima-allianz.ch\\\/fr\\\/\"},{\"@type\":\"ListItem\",\"position\":2,\"name\":\"Th\u00e8mes\",\"item\":\"https:\\\/\\\/www.klima-allianz.ch\\\/fr\\\/themes\\\/\"},{\"@type\":\"ListItem\",\"position\":3,\"name\":\"Politique climatique\"}]},{\"@type\":\"WebSite\",\"@id\":\"https:\\\/\\\/www.klima-allianz.ch\\\/fr\\\/#website\",\"url\":\"https:\\\/\\\/www.klima-allianz.ch\\\/fr\\\/\",\"name\":\"Alliance Climatique\",\"description\":\"\",\"publisher\":{\"@id\":\"https:\\\/\\\/www.klima-allianz.ch\\\/fr\\\/#organization\"},\"potentialAction\":[{\"@type\":\"SearchAction\",\"target\":{\"@type\":\"EntryPoint\",\"urlTemplate\":\"https:\\\/\\\/www.klima-allianz.ch\\\/fr\\\/?s={search_term_string}\"},\"query-input\":{\"@type\":\"PropertyValueSpecification\",\"valueRequired\":true,\"valueName\":\"search_term_string\"}}],\"inLanguage\":\"fr-FR\"},{\"@type\":\"Organization\",\"@id\":\"https:\\\/\\\/www.klima-allianz.ch\\\/fr\\\/#organization\",\"name\":\"Klima-Allianz\",\"url\":\"https:\\\/\\\/www.klima-allianz.ch\\\/fr\\\/\",\"logo\":{\"@type\":\"ImageObject\",\"inLanguage\":\"fr-FR\",\"@id\":\"https:\\\/\\\/www.klima-allianz.ch\\\/fr\\\/#\\\/schema\\\/logo\\\/image\\\/\",\"url\":\"https:\\\/\\\/www.klima-allianz.ch\\\/wp-content\\\/uploads\\\/KA-Favicon-Kreis-1.png\",\"contentUrl\":\"https:\\\/\\\/www.klima-allianz.ch\\\/wp-content\\\/uploads\\\/KA-Favicon-Kreis-1.png\",\"width\":512,\"height\":512,\"caption\":\"Klima-Allianz\"},\"image\":{\"@id\":\"https:\\\/\\\/www.klima-allianz.ch\\\/fr\\\/#\\\/schema\\\/logo\\\/image\\\/\"}}]}<\/script>\n<!-- \/ Yoast SEO plugin. -->","yoast_head_json":{"title":"Politique climatique &#8226; Alliance Climatique","robots":{"index":"index","follow":"follow","max-snippet":"max-snippet:-1","max-image-preview":"max-image-preview:large","max-video-preview":"max-video-preview:-1"},"canonical":"https:\/\/www.klima-allianz.ch\/fr\/themes\/politique-climatique\/","og_locale":"fr_FR","og_type":"article","og_title":"Politique climatique &#8226; Alliance Climatique","og_url":"https:\/\/www.klima-allianz.ch\/fr\/themes\/politique-climatique\/","og_site_name":"Alliance Climatique","article_modified_time":"2025-07-24T07:57:23+00:00","og_image":[{"width":524,"height":524,"url":"https:\/\/www.klima-allianz.ch\/wp-content\/uploads\/KT-Biodiversitaet.jpg","type":"image\/jpeg"}],"twitter_card":"summary_large_image","twitter_misc":{"Dur\u00e9e de lecture estim\u00e9e":"1 minute"},"schema":{"@context":"https:\/\/schema.org","@graph":[{"@type":"WebPage","@id":"https:\/\/www.klima-allianz.ch\/fr\/themes\/politique-climatique\/","url":"https:\/\/www.klima-allianz.ch\/fr\/themes\/politique-climatique\/","name":"Politique climatique &#8226; Alliance Climatique","isPartOf":{"@id":"https:\/\/www.klima-allianz.ch\/fr\/#website"},"primaryImageOfPage":{"@id":"https:\/\/www.klima-allianz.ch\/fr\/themes\/politique-climatique\/#primaryimage"},"image":{"@id":"https:\/\/www.klima-allianz.ch\/fr\/themes\/politique-climatique\/#primaryimage"},"thumbnailUrl":"https:\/\/www.klima-allianz.ch\/wp-content\/uploads\/KT-Biodiversitaet.jpg","datePublished":"2020-08-14T07:50:16+00:00","dateModified":"2025-07-24T07:57:23+00:00","breadcrumb":{"@id":"https:\/\/www.klima-allianz.ch\/fr\/themes\/politique-climatique\/#breadcrumb"},"inLanguage":"fr-FR","potentialAction":[{"@type":"ReadAction","target":["https:\/\/www.klima-allianz.ch\/fr\/themes\/politique-climatique\/"]}]},{"@type":"ImageObject","inLanguage":"fr-FR","@id":"https:\/\/www.klima-allianz.ch\/fr\/themes\/politique-climatique\/#primaryimage","url":"https:\/\/www.klima-allianz.ch\/wp-content\/uploads\/KT-Biodiversitaet.jpg","contentUrl":"https:\/\/www.klima-allianz.ch\/wp-content\/uploads\/KT-Biodiversitaet.jpg","width":524,"height":524},{"@type":"BreadcrumbList","@id":"https:\/\/www.klima-allianz.ch\/fr\/themes\/politique-climatique\/#breadcrumb","itemListElement":[{"@type":"ListItem","position":1,"name":"Home","item":"https:\/\/www.klima-allianz.ch\/fr\/"},{"@type":"ListItem","position":2,"name":"Th\u00e8mes","item":"https:\/\/www.klima-allianz.ch\/fr\/themes\/"},{"@type":"ListItem","position":3,"name":"Politique climatique"}]},{"@type":"WebSite","@id":"https:\/\/www.klima-allianz.ch\/fr\/#website","url":"https:\/\/www.klima-allianz.ch\/fr\/","name":"Alliance Climatique","description":"","publisher":{"@id":"https:\/\/www.klima-allianz.ch\/fr\/#organization"},"potentialAction":[{"@type":"SearchAction","target":{"@type":"EntryPoint","urlTemplate":"https:\/\/www.klima-allianz.ch\/fr\/?s={search_term_string}"},"query-input":{"@type":"PropertyValueSpecification","valueRequired":true,"valueName":"search_term_string"}}],"inLanguage":"fr-FR"},{"@type":"Organization","@id":"https:\/\/www.klima-allianz.ch\/fr\/#organization","name":"Klima-Allianz","url":"https:\/\/www.klima-allianz.ch\/fr\/","logo":{"@type":"ImageObject","inLanguage":"fr-FR","@id":"https:\/\/www.klima-allianz.ch\/fr\/#\/schema\/logo\/image\/","url":"https:\/\/www.klima-allianz.ch\/wp-content\/uploads\/KA-Favicon-Kreis-1.png","contentUrl":"https:\/\/www.klima-allianz.ch\/wp-content\/uploads\/KA-Favicon-Kreis-1.png","width":512,"height":512,"caption":"Klima-Allianz"},"image":{"@id":"https:\/\/www.klima-allianz.ch\/fr\/#\/schema\/logo\/image\/"}}]}},"_links":{"self":[{"href":"https:\/\/www.klima-allianz.ch\/fr\/wp-json\/wp\/v2\/themen\/10","targetHints":{"allow":["GET"]}}],"collection":[{"href":"https:\/\/www.klima-allianz.ch\/fr\/wp-json\/wp\/v2\/themen"}],"about":[{"href":"https:\/\/www.klima-allianz.ch\/fr\/wp-json\/wp\/v2\/types\/themen"}],"acf:post":[{"embeddable":true,"href":"https:\/\/www.klima-allianz.ch\/fr\/wp-json\/wp\/v2\/dokumente\/7667"},{"embeddable":true,"href":"https:\/\/www.klima-allianz.ch\/fr\/wp-json\/wp\/v2\/dokumente\/2694"},{"embeddable":true,"href":"https:\/\/www.klima-allianz.ch\/fr\/wp-json\/wp\/v2\/dokumente\/4669"},{"embeddable":true,"href":"https:\/\/www.klima-allianz.ch\/fr\/wp-json\/wp\/v2\/dokumente\/3407"},{"embeddable":true,"href":"https:\/\/www.klima-allianz.ch\/fr\/wp-json\/wp\/v2\/dokumente\/3403"},{"embeddable":true,"href":"https:\/\/www.klima-allianz.ch\/fr\/wp-json\/wp\/v2\/dokumente\/3758"},{"embeddable":true,"href":"https:\/\/www.klima-allianz.ch\/fr\/wp-json\/wp\/v2\/dokumente\/13738"},{"embeddable":true,"href":"https:\/\/www.klima-allianz.ch\/fr\/wp-json\/wp\/v2\/dokumente\/13732"}],"wp:featuredmedia":[{"embeddable":true,"href":"https:\/\/www.klima-allianz.ch\/fr\/wp-json\/wp\/v2\/media\/1238"}],"wp:attachment":[{"href":"https:\/\/www.klima-allianz.ch\/fr\/wp-json\/wp\/v2\/media?parent=10"}],"curies":[{"name":"wp","href":"https:\/\/api.w.org\/{rel}","templated":true}]}}

L'Alliance Climatique s'engage pour une politique climatique ambitieuse et équitable. La Suisse doit apporter une contribution équitable à la mise en œuvre de l'Accord de Paris sur le climat et se laisser guider par les dernières découvertes scientifiques.

La crise climatique exige des actions urgentes. Conformément au principe de précaution, la Suisse doit contribuer à ce que le réchauffement climatique ne dépasse pas 1,5°C. En outre, conformément au principe du pollueur-payeur, la Suisse devrait soutenir la population des pays pauvres qui est particulièrement touchée par cette crise.

La voix de la société civile

Par des positionnements communs, nous renforçons la voix de la société civile dans le dialogue avec les responsables politiques. Grâce à des campagnes communes, nous sensibilisons les responsables politiques et nous nous faisons entendre de la population. Il s'agit de la préservation de nos moyens de subsistance.

<!-- This site is optimized with the Yoast SEO plugin v27.5 - https://yoast.com/product/yoast-seo-wordpress/ -->
<title>Politique climatique &#8226; Alliance Climatique</title>
<meta name="robots" content="index, follow, max-snippet:-1, max-image-preview:large, max-video-preview:-1" />
<link rel="canonical" href="https://www.klima-allianz.ch/fr/themes/politique-climatique/" />
<meta property="og:locale" content="fr_FR" />
<meta property="og:type" content="article" />
<meta property="og:title" content="Politique climatique &#8226; Alliance Climatique" />
<meta property="og:url" content="https://www.klima-allianz.ch/fr/themes/politique-climatique/" />
<meta property="og:site_name" content="Alliance Climatique" />
<meta property="article:modified_time" content="2025-07-24T07:57:23+00:00" />
<meta property="og:image" content="https://www.klima-allianz.ch/wp-content/uploads/KT-Biodiversitaet.jpg" />
	<meta property="og:image:width" content="524" />
	<meta property="og:image:height" content="524" />
	<meta property="og:image:type" content="image/jpeg" />
<meta name="twitter:card" content="summary_large_image" />
<meta name="twitter:label1" content="Durée de lecture estimée" />
	<meta name="twitter:data1" content="1 minute" />
<script type="application/ld+json" class="yoast-schema-graph">{"@context":"https:\/\/schema.org","@graph":[{"@type":"WebPage","@id":"https:\/\/www.klima-allianz.ch\/fr\/themes\/politique-climatique\/","url":"https:\/\/www.klima-allianz.ch\/fr\/themes\/politique-climatique\/","name":"Politique climatique &#8226; Alliance Climatique","isPartOf":{"@id":"https:\/\/www.klima-allianz.ch\/fr\/#website"},"primaryImageOfPage":{"@id":"https:\/\/www.klima-allianz.ch\/fr\/themes\/politique-climatique\/#primaryimage"},"image":{"@id":"https:\/\/www.klima-allianz.ch\/fr\/themes\/politique-climatique\/#primaryimage"},"thumbnailUrl":"https:\/\/www.klima-allianz.ch\/wp-content\/uploads\/KT-Biodiversitaet.jpg","datePublished":"2020-08-14T07:50:16+00:00","dateModified":"2025-07-24T07:57:23+00:00","breadcrumb":{"@id":"https:\/\/www.klima-allianz.ch\/fr\/themes\/politique-climatique\/#breadcrumb"},"inLanguage":"fr-FR","potentialAction":[{"@type":"ReadAction","target":["https:\/\/www.klima-allianz.ch\/fr\/themes\/politique-climatique\/"]}]},{"@type":"ImageObject","inLanguage":"fr-FR","@id":"https:\/\/www.klima-allianz.ch\/fr\/themes\/politique-climatique\/#primaryimage","url":"https:\/\/www.klima-allianz.ch\/wp-content\/uploads\/KT-Biodiversitaet.jpg","contentUrl":"https:\/\/www.klima-allianz.ch\/wp-content\/uploads\/KT-Biodiversitaet.jpg","width":524,"height":524},{"@type":"BreadcrumbList","@id":"https:\/\/www.klima-allianz.ch\/fr\/themes\/politique-climatique\/#breadcrumb","itemListElement":[{"@type":"ListItem","position":1,"name":"Home","item":"https:\/\/www.klima-allianz.ch\/fr\/"},{"@type":"ListItem","position":2,"name":"Thèmes","item":"https:\/\/www.klima-allianz.ch\/fr\/themes\/"},{"@type":"ListItem","position":3,"name":"Politique climatique"}]},{"@type":"WebSite","@id":"https:\/\/www.klima-allianz.ch\/fr\/#website","url":"https:\/\/www.klima-allianz.ch\/fr\/","name":"Alliance Climatique","description":"","publisher":{"@id":"https:\/\/www.klima-allianz.ch\/fr\/#organization"},"potentialAction":[{"@type":"SearchAction","target":{"@type":"EntryPoint","urlTemplate":"https:\/\/www.klima-allianz.ch\/fr\/?s={search_term_string}"},"query-input":{"@type":"PropertyValueSpecification","valueRequired":true,"valueName":"search_term_string"}}],"inLanguage":"fr-FR"},{"@type":"Organization","@id":"https:\/\/www.klima-allianz.ch\/fr\/#organization","name":"Klima-Allianz","url":"https:\/\/www.klima-allianz.ch\/fr\/","logo":{"@type":"ImageObject","inLanguage":"fr-FR","@id":"https:\/\/www.klima-allianz.ch\/fr\/#\/schema\/logo\/image\/","url":"https:\/\/www.klima-allianz.ch\/wp-content\/uploads\/KA-Favicon-Kreis-1.png","contentUrl":"https:\/\/www.klima-allianz.ch\/wp-content\/uploads\/KA-Favicon-Kreis-1.png","width":512,"height":512,"caption":"Klima-Allianz"},"image":{"@id":"https:\/\/www.klima-allianz.ch\/fr\/#\/schema\/logo\/image\/"}}]}</script>
<!-- / Yoast SEO plugin. -->

Thèmes
