{"id":11028,"date":"2023-10-16T07:53:12","date_gmt":"2023-10-16T05:53:12","guid":{"rendered":"https:\/\/www.klima-allianz.ch\/?post_type=veranstaltungen&#038;p=11028"},"modified":"2023-10-16T07:54:59","modified_gmt":"2023-10-16T05:54:59","slug":"festival-international-du-film-sur-les-glaciers","status":"publish","type":"veranstaltungen","link":"https:\/\/www.klima-allianz.ch\/fr\/evenements\/festival-international-du-film-sur-les-glaciers\/","title":{"rendered":"Festival International du Film sur les Glaciers"},"content":{"rendered":"","protected":false},"featured_media":0,"template":"","regionen":[],"themen_tax":[60],"class_list":["post-11028","veranstaltungen","type-veranstaltungen","status-publish","hentry","themen_tax-justice-climatique"],"better_featured_image":null,"acf":{"single_day_event":"single-day","zeige_uhrzeit":false,"datum":"2023-12-01 00:00:00","multipleday_event_end_datum":null,"endzeit":"","beschreibung":"Le 7e \u00e9dition du Festival International du Film sur les Glaciers se d\u00e9roulera \u00e0 la Maison des Arts du Gr\u00fctli.\r\nVendredi 1er d\u00e9cembre \u00e0 18h30 : Table ronde \"Comment la ville doit s'adapter au changement climatique ?\" Au panel de cette soir\u00e9e d\u2019ouverture, Monsieur Alfonso GOMEZ, Maire de Gen\u00e8ve et Monsieur Jean JOUZEL, pal\u00e9oclimatologue et prix Nobel de la paix avec le GIEC, mod\u00e9ration Valentine PYTHON, climatologue, conseill\u00e8re nationale.\r\nRenseignements : <a href=\"https:\/\/fifg.ch\">https:\/\/fifg.ch<\/a>","adresse":"La Maison des Arts du Gr\u00fctli \u2013 Centre de production et de diffusion des Arts vivants, Rue du G\u00e9n\u00e9ral-Dufour, Gen\u00e8ve","map":{"address":"Le Gr\u00fctli \u2013 Centre de production et de diffusion des Arts vivants, Rue du G\u00e9n\u00e9ral-Dufour, Genf, Schweiz","lat":46.2010073000000005549736670218408107757568359375,"lng":6.14171199999999917196191745460964739322662353515625,"zoom":11,"place_id":"ChIJSVkCaipljEcRwcdUyvBhm-8","name":"Th\u00e9\u00e2tre du Gr\u00fctli","street_number":16,"street_name":"Rue du G\u00e9n\u00e9ral-Dufour","city":"Gen\u00e8ve","state":"Gen\u00e8ve","state_short":"GE","post_code":1204,"country":"Schweiz","country_short":"CH"},"organisator_type":"extern","veranstalter":"","veranstalter_extern":{"name_des_veranstalters":"FIFG","logo":""},"downloads":null},"yoast_head":"<!-- This site is optimized with the Yoast SEO plugin v27.5 - https:\/\/yoast.com\/product\/yoast-seo-wordpress\/ -->\n<title>Festival International du Film sur les Glaciers &#8226; Alliance Climatique<\/title>\n<meta name=\"robots\" content=\"index, follow, max-snippet:-1, max-image-preview:large, max-video-preview:-1\" \/>\n<link rel=\"canonical\" href=\"https:\/\/www.klima-allianz.ch\/fr\/evenements\/festival-international-du-film-sur-les-glaciers\/\" \/>\n<meta property=\"og:locale\" content=\"fr_FR\" \/>\n<meta property=\"og:type\" content=\"article\" \/>\n<meta property=\"og:title\" content=\"Festival International du Film sur les Glaciers &#8226; Alliance Climatique\" \/>\n<meta property=\"og:url\" content=\"https:\/\/www.klima-allianz.ch\/fr\/evenements\/festival-international-du-film-sur-les-glaciers\/\" \/>\n<meta property=\"og:site_name\" content=\"Alliance Climatique\" \/>\n<meta property=\"article:modified_time\" content=\"2023-10-16T05:54:59+00:00\" \/>\n<meta name=\"twitter:card\" content=\"summary_large_image\" \/>\n<script type=\"application\/ld+json\" class=\"yoast-schema-graph\">{\"@context\":\"https:\\\/\\\/schema.org\",\"@graph\":[{\"@type\":\"WebPage\",\"@id\":\"https:\\\/\\\/www.klima-allianz.ch\\\/fr\\\/evenements\\\/festival-international-du-film-sur-les-glaciers\\\/\",\"url\":\"https:\\\/\\\/www.klima-allianz.ch\\\/fr\\\/evenements\\\/festival-international-du-film-sur-les-glaciers\\\/\",\"name\":\"Festival International du Film sur les Glaciers &#8226; Alliance Climatique\",\"isPartOf\":{\"@id\":\"https:\\\/\\\/www.klima-allianz.ch\\\/fr\\\/#website\"},\"datePublished\":\"2023-10-16T05:53:12+00:00\",\"dateModified\":\"2023-10-16T05:54:59+00:00\",\"breadcrumb\":{\"@id\":\"https:\\\/\\\/www.klima-allianz.ch\\\/fr\\\/evenements\\\/festival-international-du-film-sur-les-glaciers\\\/#breadcrumb\"},\"inLanguage\":\"fr-FR\",\"potentialAction\":[{\"@type\":\"ReadAction\",\"target\":[\"https:\\\/\\\/www.klima-allianz.ch\\\/fr\\\/evenements\\\/festival-international-du-film-sur-les-glaciers\\\/\"]}]},{\"@type\":\"BreadcrumbList\",\"@id\":\"https:\\\/\\\/www.klima-allianz.ch\\\/fr\\\/evenements\\\/festival-international-du-film-sur-les-glaciers\\\/#breadcrumb\",\"itemListElement\":[{\"@type\":\"ListItem\",\"position\":1,\"name\":\"Home\",\"item\":\"https:\\\/\\\/www.klima-allianz.ch\\\/fr\\\/\"},{\"@type\":\"ListItem\",\"position\":2,\"name\":\"\u00c9v\u00e9nements\",\"item\":\"https:\\\/\\\/www.klima-allianz.ch\\\/fr\\\/evenements\\\/\"},{\"@type\":\"ListItem\",\"position\":3,\"name\":\"Festival International du Film sur les Glaciers\"}]},{\"@type\":\"WebSite\",\"@id\":\"https:\\\/\\\/www.klima-allianz.ch\\\/fr\\\/#website\",\"url\":\"https:\\\/\\\/www.klima-allianz.ch\\\/fr\\\/\",\"name\":\"Alliance Climatique\",\"description\":\"\",\"publisher\":{\"@id\":\"https:\\\/\\\/www.klima-allianz.ch\\\/fr\\\/#organization\"},\"potentialAction\":[{\"@type\":\"SearchAction\",\"target\":{\"@type\":\"EntryPoint\",\"urlTemplate\":\"https:\\\/\\\/www.klima-allianz.ch\\\/fr\\\/?s={search_term_string}\"},\"query-input\":{\"@type\":\"PropertyValueSpecification\",\"valueRequired\":true,\"valueName\":\"search_term_string\"}}],\"inLanguage\":\"fr-FR\"},{\"@type\":\"Organization\",\"@id\":\"https:\\\/\\\/www.klima-allianz.ch\\\/fr\\\/#organization\",\"name\":\"Klima-Allianz\",\"url\":\"https:\\\/\\\/www.klima-allianz.ch\\\/fr\\\/\",\"logo\":{\"@type\":\"ImageObject\",\"inLanguage\":\"fr-FR\",\"@id\":\"https:\\\/\\\/www.klima-allianz.ch\\\/fr\\\/#\\\/schema\\\/logo\\\/image\\\/\",\"url\":\"https:\\\/\\\/www.klima-allianz.ch\\\/wp-content\\\/uploads\\\/KA-Favicon-Kreis-1.png\",\"contentUrl\":\"https:\\\/\\\/www.klima-allianz.ch\\\/wp-content\\\/uploads\\\/KA-Favicon-Kreis-1.png\",\"width\":512,\"height\":512,\"caption\":\"Klima-Allianz\"},\"image\":{\"@id\":\"https:\\\/\\\/www.klima-allianz.ch\\\/fr\\\/#\\\/schema\\\/logo\\\/image\\\/\"}}]}<\/script>\n<!-- \/ Yoast SEO plugin. -->","yoast_head_json":{"title":"Festival International du Film sur les Glaciers &#8226; Alliance Climatique","robots":{"index":"index","follow":"follow","max-snippet":"max-snippet:-1","max-image-preview":"max-image-preview:large","max-video-preview":"max-video-preview:-1"},"canonical":"https:\/\/www.klima-allianz.ch\/fr\/evenements\/festival-international-du-film-sur-les-glaciers\/","og_locale":"fr_FR","og_type":"article","og_title":"Festival International du Film sur les Glaciers &#8226; Alliance Climatique","og_url":"https:\/\/www.klima-allianz.ch\/fr\/evenements\/festival-international-du-film-sur-les-glaciers\/","og_site_name":"Alliance Climatique","article_modified_time":"2023-10-16T05:54:59+00:00","twitter_card":"summary_large_image","schema":{"@context":"https:\/\/schema.org","@graph":[{"@type":"WebPage","@id":"https:\/\/www.klima-allianz.ch\/fr\/evenements\/festival-international-du-film-sur-les-glaciers\/","url":"https:\/\/www.klima-allianz.ch\/fr\/evenements\/festival-international-du-film-sur-les-glaciers\/","name":"Festival International du Film sur les Glaciers &#8226; Alliance Climatique","isPartOf":{"@id":"https:\/\/www.klima-allianz.ch\/fr\/#website"},"datePublished":"2023-10-16T05:53:12+00:00","dateModified":"2023-10-16T05:54:59+00:00","breadcrumb":{"@id":"https:\/\/www.klima-allianz.ch\/fr\/evenements\/festival-international-du-film-sur-les-glaciers\/#breadcrumb"},"inLanguage":"fr-FR","potentialAction":[{"@type":"ReadAction","target":["https:\/\/www.klima-allianz.ch\/fr\/evenements\/festival-international-du-film-sur-les-glaciers\/"]}]},{"@type":"BreadcrumbList","@id":"https:\/\/www.klima-allianz.ch\/fr\/evenements\/festival-international-du-film-sur-les-glaciers\/#breadcrumb","itemListElement":[{"@type":"ListItem","position":1,"name":"Home","item":"https:\/\/www.klima-allianz.ch\/fr\/"},{"@type":"ListItem","position":2,"name":"\u00c9v\u00e9nements","item":"https:\/\/www.klima-allianz.ch\/fr\/evenements\/"},{"@type":"ListItem","position":3,"name":"Festival International du Film sur les Glaciers"}]},{"@type":"WebSite","@id":"https:\/\/www.klima-allianz.ch\/fr\/#website","url":"https:\/\/www.klima-allianz.ch\/fr\/","name":"Alliance Climatique","description":"","publisher":{"@id":"https:\/\/www.klima-allianz.ch\/fr\/#organization"},"potentialAction":[{"@type":"SearchAction","target":{"@type":"EntryPoint","urlTemplate":"https:\/\/www.klima-allianz.ch\/fr\/?s={search_term_string}"},"query-input":{"@type":"PropertyValueSpecification","valueRequired":true,"valueName":"search_term_string"}}],"inLanguage":"fr-FR"},{"@type":"Organization","@id":"https:\/\/www.klima-allianz.ch\/fr\/#organization","name":"Klima-Allianz","url":"https:\/\/www.klima-allianz.ch\/fr\/","logo":{"@type":"ImageObject","inLanguage":"fr-FR","@id":"https:\/\/www.klima-allianz.ch\/fr\/#\/schema\/logo\/image\/","url":"https:\/\/www.klima-allianz.ch\/wp-content\/uploads\/KA-Favicon-Kreis-1.png","contentUrl":"https:\/\/www.klima-allianz.ch\/wp-content\/uploads\/KA-Favicon-Kreis-1.png","width":512,"height":512,"caption":"Klima-Allianz"},"image":{"@id":"https:\/\/www.klima-allianz.ch\/fr\/#\/schema\/logo\/image\/"}}]}},"_links":{"self":[{"href":"https:\/\/www.klima-allianz.ch\/fr\/wp-json\/wp\/v2\/veranstaltungen\/11028","targetHints":{"allow":["GET"]}}],"collection":[{"href":"https:\/\/www.klima-allianz.ch\/fr\/wp-json\/wp\/v2\/veranstaltungen"}],"about":[{"href":"https:\/\/www.klima-allianz.ch\/fr\/wp-json\/wp\/v2\/types\/veranstaltungen"}],"wp:attachment":[{"href":"https:\/\/www.klima-allianz.ch\/fr\/wp-json\/wp\/v2\/media?parent=11028"}],"wp:term":[{"taxonomy":"regionen","embeddable":true,"href":"https:\/\/www.klima-allianz.ch\/fr\/wp-json\/wp\/v2\/regionen?post=11028"},{"taxonomy":"themen_tax","embeddable":true,"href":"https:\/\/www.klima-allianz.ch\/fr\/wp-json\/wp\/v2\/themen_tax?post=11028"}],"curies":[{"name":"wp","href":"https:\/\/api.w.org\/{rel}","templated":true}]}}

Le 7e édition du Festival International du Film sur les Glaciers se déroulera à la Maison des Arts du Grütli.
Vendredi 1er décembre à 18h30 : Table ronde "Comment la ville doit s'adapter au changement climatique ?" Au panel de cette soirée d’ouverture, Monsieur Alfonso GOMEZ, Maire de Genève et Monsieur Jean JOUZEL, paléoclimatologue et prix Nobel de la paix avec le GIEC, modération Valentine PYTHON, climatologue, conseillère nationale.
Renseignements : <a href="https://fifg.ch">https://fifg.ch</a>

La Maison des Arts du Grütli – Centre de production et de diffusion des Arts vivants, Rue du Général-Dufour, Genève

Le Grütli – Centre de production et de diffusion des Arts vivants, Rue du Général-Dufour, Genf, Schweiz

Théâtre du Grütli

Rue du Général-Dufour

Genève

<!-- This site is optimized with the Yoast SEO plugin v27.5 - https://yoast.com/product/yoast-seo-wordpress/ -->
<title>Festival International du Film sur les Glaciers &#8226; Alliance Climatique</title>
<meta name="robots" content="index, follow, max-snippet:-1, max-image-preview:large, max-video-preview:-1" />
<link rel="canonical" href="https://www.klima-allianz.ch/fr/evenements/festival-international-du-film-sur-les-glaciers/" />
<meta property="og:locale" content="fr_FR" />
<meta property="og:type" content="article" />
<meta property="og:title" content="Festival International du Film sur les Glaciers &#8226; Alliance Climatique" />
<meta property="og:url" content="https://www.klima-allianz.ch/fr/evenements/festival-international-du-film-sur-les-glaciers/" />
<meta property="og:site_name" content="Alliance Climatique" />
<meta property="article:modified_time" content="2023-10-16T05:54:59+00:00" />
<meta name="twitter:card" content="summary_large_image" />
<script type="application/ld+json" class="yoast-schema-graph">{"@context":"https:\/\/schema.org","@graph":[{"@type":"WebPage","@id":"https:\/\/www.klima-allianz.ch\/fr\/evenements\/festival-international-du-film-sur-les-glaciers\/","url":"https:\/\/www.klima-allianz.ch\/fr\/evenements\/festival-international-du-film-sur-les-glaciers\/","name":"Festival International du Film sur les Glaciers &#8226; Alliance Climatique","isPartOf":{"@id":"https:\/\/www.klima-allianz.ch\/fr\/#website"},"datePublished":"2023-10-16T05:53:12+00:00","dateModified":"2023-10-16T05:54:59+00:00","breadcrumb":{"@id":"https:\/\/www.klima-allianz.ch\/fr\/evenements\/festival-international-du-film-sur-les-glaciers\/#breadcrumb"},"inLanguage":"fr-FR","potentialAction":[{"@type":"ReadAction","target":["https:\/\/www.klima-allianz.ch\/fr\/evenements\/festival-international-du-film-sur-les-glaciers\/"]}]},{"@type":"BreadcrumbList","@id":"https:\/\/www.klima-allianz.ch\/fr\/evenements\/festival-international-du-film-sur-les-glaciers\/#breadcrumb","itemListElement":[{"@type":"ListItem","position":1,"name":"Home","item":"https:\/\/www.klima-allianz.ch\/fr\/"},{"@type":"ListItem","position":2,"name":"Événements","item":"https:\/\/www.klima-allianz.ch\/fr\/evenements\/"},{"@type":"ListItem","position":3,"name":"Festival International du Film sur les Glaciers"}]},{"@type":"WebSite","@id":"https:\/\/www.klima-allianz.ch\/fr\/#website","url":"https:\/\/www.klima-allianz.ch\/fr\/","name":"Alliance Climatique","description":"","publisher":{"@id":"https:\/\/www.klima-allianz.ch\/fr\/#organization"},"potentialAction":[{"@type":"SearchAction","target":{"@type":"EntryPoint","urlTemplate":"https:\/\/www.klima-allianz.ch\/fr\/?s={search_term_string}"},"query-input":{"@type":"PropertyValueSpecification","valueRequired":true,"valueName":"search_term_string"}}],"inLanguage":"fr-FR"},{"@type":"Organization","@id":"https:\/\/www.klima-allianz.ch\/fr\/#organization","name":"Klima-Allianz","url":"https:\/\/www.klima-allianz.ch\/fr\/","logo":{"@type":"ImageObject","inLanguage":"fr-FR","@id":"https:\/\/www.klima-allianz.ch\/fr\/#\/schema\/logo\/image\/","url":"https:\/\/www.klima-allianz.ch\/wp-content\/uploads\/KA-Favicon-Kreis-1.png","contentUrl":"https:\/\/www.klima-allianz.ch\/wp-content\/uploads\/KA-Favicon-Kreis-1.png","width":512,"height":512,"caption":"Klima-Allianz"},"image":{"@id":"https:\/\/www.klima-allianz.ch\/fr\/#\/schema\/logo\/image\/"}}]}</script>
<!-- / Yoast SEO plugin. -->

Événements
