{"id":12883,"date":"2024-11-18T16:58:12","date_gmt":"2024-11-18T15:58:12","guid":{"rendered":"https:\/\/www.klima-allianz.ch\/?post_type=veranstaltungen&#038;p=12883"},"modified":"2024-11-22T12:26:38","modified_gmt":"2024-11-22T11:26:38","slug":"arboreal-futures","status":"publish","type":"veranstaltungen","link":"https:\/\/www.klima-allianz.ch\/fr\/evenements\/arboreal-futures\/","title":{"rendered":"Arboreal Futures"},"content":{"rendered":"","protected":false},"featured_media":0,"template":"","regionen":[28],"themen_tax":[77],"class_list":["post-12883","veranstaltungen","type-veranstaltungen","status-publish","hentry","regionen-suisse-romande","themen_tax-nature"],"better_featured_image":null,"acf":{"single_day_event":"multi-day","zeige_uhrzeit":false,"datum":"2024-11-13 00:00:00","multipleday_event_end_datum":"20250105","endzeit":"","beschreibung":"Les arbres sont les t\u00e9moins muets de notre monde en transformation. Ils nous aident \u00e0 vivre, et la plupart nous survivront. Mais ils souffrent comme les autres \u00eatres vivants du r\u00e9chauffement climatique. Qu\u2019ont-ils \u00e0 nous apprendre ? Que sait la science \u00e0 propos d\u2019eux, de leur adaptation et de leurs besoins ? L\u2019art pourrait-il nous aider \u00e0 entendre leurs messages ?\r\n\r\nAvec l\u2019exposition Arboreal Futures, deux artistes nous proposent leur propre traduction des recherches du laboratoire PERL (Plan Ecology Research Lab) de l\u2019EPFL. La performeuse Maja Renn et le designer Krzystof Wronski ont travaill\u00e9 avec la professeure Charlotte Grossiord et son \u00e9quipe pour cr\u00e9er des \u0153uvres qui parlent \u00e0 nos sens sur ces \u00eatres de s\u00e8ve et de bois.\r\n\r\nPropos\u00e9e par l'association Climanosco, produite avec EPFL Pavilons et la Vice-pr\u00e9sidence pour la transformation responsable de l'EPFL, et soutenue par le Fonds national suisse de la recherche scientifique, la Loterie Romande, la\u00a0Mobili\u00e8re et les Fondations Hirzel et Oertli, cette exposition s'inscrit dans le cadre du vaste projet Dear2050.\r\n\r\nInfo: <a href=\"https:\/\/epfl-pavilions.ch\/fr\/exhibitions\/arboreal-futures\" target=\"_blank\" rel=\"noopener\" data-saferedirecturl=\"https:\/\/www.google.com\/url?q=https:\/\/epfl-pavilions.ch\/fr\/exhibitions\/arboreal-futures&amp;source=gmail&amp;ust=1732028982610000&amp;usg=AOvVaw2U9gQpC74qQ6D4U9CBa_jp\">https:\/\/epfl-pavilions.ch\/fr\/<wbr \/>exhibitions\/arboreal-futures<\/a>\u00a0\/\u00a0<a href=\"https:\/\/dear2050.org\/\" target=\"_blank\" rel=\"noopener\" data-saferedirecturl=\"https:\/\/www.google.com\/url?q=https:\/\/dear2050.org\/&amp;source=gmail&amp;ust=1732028982610000&amp;usg=AOvVaw2XvhH83aar6H8WmaBc1suB\">https:\/\/dear2050.org\/<\/a>","adresse":"EPFL Pavilions, Pavillon A\r\nEcole polytechnique f\u00e9d\u00e9rale de Lausanne","map":{"address":"EPFL Pavilions, Place Cosandey, Lausanne, Schweiz","lat":46.51821670000000352729330188594758510589599609375,"lng":6.56584919999999971906845530611462891101837158203125,"zoom":11,"place_id":"ChIJ0UY5M_wwjEcRGo_6IsUuBYw","name":"EPFL Pavilions","street_name":"Place Cosandey","street_name_short":"Pl. Cosandey","city":"Lausanne","state":"Vaud","state_short":"VD","post_code":1015,"country":"Schweiz","country_short":"CH"},"organisator_type":"intern","veranstalter":[7347],"veranstalter_extern":{"name_des_veranstalters":"","logo":null},"downloads":null},"yoast_head":"<!-- This site is optimized with the Yoast SEO plugin v27.5 - https:\/\/yoast.com\/product\/yoast-seo-wordpress\/ -->\n<title>Arboreal Futures &#8226; Alliance Climatique<\/title>\n<meta name=\"robots\" content=\"index, follow, max-snippet:-1, max-image-preview:large, max-video-preview:-1\" \/>\n<link rel=\"canonical\" href=\"https:\/\/www.klima-allianz.ch\/fr\/evenements\/arboreal-futures\/\" \/>\n<meta property=\"og:locale\" content=\"fr_FR\" \/>\n<meta property=\"og:type\" content=\"article\" \/>\n<meta property=\"og:title\" content=\"Arboreal Futures &#8226; Alliance Climatique\" \/>\n<meta property=\"og:url\" content=\"https:\/\/www.klima-allianz.ch\/fr\/evenements\/arboreal-futures\/\" \/>\n<meta property=\"og:site_name\" content=\"Alliance Climatique\" \/>\n<meta property=\"article:modified_time\" content=\"2024-11-22T11:26:38+00:00\" \/>\n<meta name=\"twitter:card\" content=\"summary_large_image\" \/>\n<script type=\"application\/ld+json\" class=\"yoast-schema-graph\">{\"@context\":\"https:\\\/\\\/schema.org\",\"@graph\":[{\"@type\":\"WebPage\",\"@id\":\"https:\\\/\\\/www.klima-allianz.ch\\\/fr\\\/evenements\\\/arboreal-futures\\\/\",\"url\":\"https:\\\/\\\/www.klima-allianz.ch\\\/fr\\\/evenements\\\/arboreal-futures\\\/\",\"name\":\"Arboreal Futures &#8226; Alliance Climatique\",\"isPartOf\":{\"@id\":\"https:\\\/\\\/www.klima-allianz.ch\\\/fr\\\/#website\"},\"datePublished\":\"2024-11-18T15:58:12+00:00\",\"dateModified\":\"2024-11-22T11:26:38+00:00\",\"breadcrumb\":{\"@id\":\"https:\\\/\\\/www.klima-allianz.ch\\\/fr\\\/evenements\\\/arboreal-futures\\\/#breadcrumb\"},\"inLanguage\":\"fr-FR\",\"potentialAction\":[{\"@type\":\"ReadAction\",\"target\":[\"https:\\\/\\\/www.klima-allianz.ch\\\/fr\\\/evenements\\\/arboreal-futures\\\/\"]}]},{\"@type\":\"BreadcrumbList\",\"@id\":\"https:\\\/\\\/www.klima-allianz.ch\\\/fr\\\/evenements\\\/arboreal-futures\\\/#breadcrumb\",\"itemListElement\":[{\"@type\":\"ListItem\",\"position\":1,\"name\":\"Home\",\"item\":\"https:\\\/\\\/www.klima-allianz.ch\\\/fr\\\/\"},{\"@type\":\"ListItem\",\"position\":2,\"name\":\"\u00c9v\u00e9nements\",\"item\":\"https:\\\/\\\/www.klima-allianz.ch\\\/fr\\\/evenements\\\/\"},{\"@type\":\"ListItem\",\"position\":3,\"name\":\"Arboreal Futures\"}]},{\"@type\":\"WebSite\",\"@id\":\"https:\\\/\\\/www.klima-allianz.ch\\\/fr\\\/#website\",\"url\":\"https:\\\/\\\/www.klima-allianz.ch\\\/fr\\\/\",\"name\":\"Alliance Climatique\",\"description\":\"\",\"publisher\":{\"@id\":\"https:\\\/\\\/www.klima-allianz.ch\\\/fr\\\/#organization\"},\"potentialAction\":[{\"@type\":\"SearchAction\",\"target\":{\"@type\":\"EntryPoint\",\"urlTemplate\":\"https:\\\/\\\/www.klima-allianz.ch\\\/fr\\\/?s={search_term_string}\"},\"query-input\":{\"@type\":\"PropertyValueSpecification\",\"valueRequired\":true,\"valueName\":\"search_term_string\"}}],\"inLanguage\":\"fr-FR\"},{\"@type\":\"Organization\",\"@id\":\"https:\\\/\\\/www.klima-allianz.ch\\\/fr\\\/#organization\",\"name\":\"Klima-Allianz\",\"url\":\"https:\\\/\\\/www.klima-allianz.ch\\\/fr\\\/\",\"logo\":{\"@type\":\"ImageObject\",\"inLanguage\":\"fr-FR\",\"@id\":\"https:\\\/\\\/www.klima-allianz.ch\\\/fr\\\/#\\\/schema\\\/logo\\\/image\\\/\",\"url\":\"https:\\\/\\\/www.klima-allianz.ch\\\/wp-content\\\/uploads\\\/KA-Favicon-Kreis-1.png\",\"contentUrl\":\"https:\\\/\\\/www.klima-allianz.ch\\\/wp-content\\\/uploads\\\/KA-Favicon-Kreis-1.png\",\"width\":512,\"height\":512,\"caption\":\"Klima-Allianz\"},\"image\":{\"@id\":\"https:\\\/\\\/www.klima-allianz.ch\\\/fr\\\/#\\\/schema\\\/logo\\\/image\\\/\"}}]}<\/script>\n<!-- \/ Yoast SEO plugin. -->","yoast_head_json":{"title":"Arboreal Futures &#8226; Alliance Climatique","robots":{"index":"index","follow":"follow","max-snippet":"max-snippet:-1","max-image-preview":"max-image-preview:large","max-video-preview":"max-video-preview:-1"},"canonical":"https:\/\/www.klima-allianz.ch\/fr\/evenements\/arboreal-futures\/","og_locale":"fr_FR","og_type":"article","og_title":"Arboreal Futures &#8226; Alliance Climatique","og_url":"https:\/\/www.klima-allianz.ch\/fr\/evenements\/arboreal-futures\/","og_site_name":"Alliance Climatique","article_modified_time":"2024-11-22T11:26:38+00:00","twitter_card":"summary_large_image","schema":{"@context":"https:\/\/schema.org","@graph":[{"@type":"WebPage","@id":"https:\/\/www.klima-allianz.ch\/fr\/evenements\/arboreal-futures\/","url":"https:\/\/www.klima-allianz.ch\/fr\/evenements\/arboreal-futures\/","name":"Arboreal Futures &#8226; Alliance Climatique","isPartOf":{"@id":"https:\/\/www.klima-allianz.ch\/fr\/#website"},"datePublished":"2024-11-18T15:58:12+00:00","dateModified":"2024-11-22T11:26:38+00:00","breadcrumb":{"@id":"https:\/\/www.klima-allianz.ch\/fr\/evenements\/arboreal-futures\/#breadcrumb"},"inLanguage":"fr-FR","potentialAction":[{"@type":"ReadAction","target":["https:\/\/www.klima-allianz.ch\/fr\/evenements\/arboreal-futures\/"]}]},{"@type":"BreadcrumbList","@id":"https:\/\/www.klima-allianz.ch\/fr\/evenements\/arboreal-futures\/#breadcrumb","itemListElement":[{"@type":"ListItem","position":1,"name":"Home","item":"https:\/\/www.klima-allianz.ch\/fr\/"},{"@type":"ListItem","position":2,"name":"\u00c9v\u00e9nements","item":"https:\/\/www.klima-allianz.ch\/fr\/evenements\/"},{"@type":"ListItem","position":3,"name":"Arboreal Futures"}]},{"@type":"WebSite","@id":"https:\/\/www.klima-allianz.ch\/fr\/#website","url":"https:\/\/www.klima-allianz.ch\/fr\/","name":"Alliance Climatique","description":"","publisher":{"@id":"https:\/\/www.klima-allianz.ch\/fr\/#organization"},"potentialAction":[{"@type":"SearchAction","target":{"@type":"EntryPoint","urlTemplate":"https:\/\/www.klima-allianz.ch\/fr\/?s={search_term_string}"},"query-input":{"@type":"PropertyValueSpecification","valueRequired":true,"valueName":"search_term_string"}}],"inLanguage":"fr-FR"},{"@type":"Organization","@id":"https:\/\/www.klima-allianz.ch\/fr\/#organization","name":"Klima-Allianz","url":"https:\/\/www.klima-allianz.ch\/fr\/","logo":{"@type":"ImageObject","inLanguage":"fr-FR","@id":"https:\/\/www.klima-allianz.ch\/fr\/#\/schema\/logo\/image\/","url":"https:\/\/www.klima-allianz.ch\/wp-content\/uploads\/KA-Favicon-Kreis-1.png","contentUrl":"https:\/\/www.klima-allianz.ch\/wp-content\/uploads\/KA-Favicon-Kreis-1.png","width":512,"height":512,"caption":"Klima-Allianz"},"image":{"@id":"https:\/\/www.klima-allianz.ch\/fr\/#\/schema\/logo\/image\/"}}]}},"_links":{"self":[{"href":"https:\/\/www.klima-allianz.ch\/fr\/wp-json\/wp\/v2\/veranstaltungen\/12883","targetHints":{"allow":["GET"]}}],"collection":[{"href":"https:\/\/www.klima-allianz.ch\/fr\/wp-json\/wp\/v2\/veranstaltungen"}],"about":[{"href":"https:\/\/www.klima-allianz.ch\/fr\/wp-json\/wp\/v2\/types\/veranstaltungen"}],"acf:post":[{"embeddable":true,"href":"https:\/\/www.klima-allianz.ch\/fr\/wp-json\/wp\/v2\/mitglieder\/7347"}],"wp:attachment":[{"href":"https:\/\/www.klima-allianz.ch\/fr\/wp-json\/wp\/v2\/media?parent=12883"}],"wp:term":[{"taxonomy":"regionen","embeddable":true,"href":"https:\/\/www.klima-allianz.ch\/fr\/wp-json\/wp\/v2\/regionen?post=12883"},{"taxonomy":"themen_tax","embeddable":true,"href":"https:\/\/www.klima-allianz.ch\/fr\/wp-json\/wp\/v2\/themen_tax?post=12883"}],"curies":[{"name":"wp","href":"https:\/\/api.w.org\/{rel}","templated":true}]}}

Les arbres sont les témoins muets de notre monde en transformation. Ils nous aident à vivre, et la plupart nous survivront. Mais ils souffrent comme les autres êtres vivants du réchauffement climatique. Qu’ont-ils à nous apprendre ? Que sait la science à propos d’eux, de leur adaptation et de leurs besoins ? L’art pourrait-il nous aider à entendre leurs messages ?

Avec l’exposition Arboreal Futures, deux artistes nous proposent leur propre traduction des recherches du laboratoire PERL (Plan Ecology Research Lab) de l’EPFL. La performeuse Maja Renn et le designer Krzystof Wronski ont travaillé avec la professeure Charlotte Grossiord et son équipe pour créer des œuvres qui parlent à nos sens sur ces êtres de sève et de bois.

Proposée par l'association Climanosco, produite avec EPFL Pavilons et la Vice-présidence pour la transformation responsable de l'EPFL, et soutenue par le Fonds national suisse de la recherche scientifique, la Loterie Romande, la Mobilière et les Fondations Hirzel et Oertli, cette exposition s'inscrit dans le cadre du vaste projet Dear2050.

Info: <a href="https://epfl-pavilions.ch/fr/exhibitions/arboreal-futures" target="_blank" rel="noopener" data-saferedirecturl="https://www.google.com/url?q=https://epfl-pavilions.ch/fr/exhibitions/arboreal-futures&amp;source=gmail&amp;ust=1732028982610000&amp;usg=AOvVaw2U9gQpC74qQ6D4U9CBa_jp">https://epfl-pavilions.ch/fr/<wbr />exhibitions/arboreal-futures</a> / <a href="https://dear2050.org/" target="_blank" rel="noopener" data-saferedirecturl="https://www.google.com/url?q=https://dear2050.org/&amp;source=gmail&amp;ust=1732028982610000&amp;usg=AOvVaw2XvhH83aar6H8WmaBc1suB">https://dear2050.org/</a>

EPFL Pavilions, Pavillon A
Ecole polytechnique fédérale de Lausanne

<!-- This site is optimized with the Yoast SEO plugin v27.5 - https://yoast.com/product/yoast-seo-wordpress/ -->
<title>Arboreal Futures &#8226; Alliance Climatique</title>
<meta name="robots" content="index, follow, max-snippet:-1, max-image-preview:large, max-video-preview:-1" />
<link rel="canonical" href="https://www.klima-allianz.ch/fr/evenements/arboreal-futures/" />
<meta property="og:locale" content="fr_FR" />
<meta property="og:type" content="article" />
<meta property="og:title" content="Arboreal Futures &#8226; Alliance Climatique" />
<meta property="og:url" content="https://www.klima-allianz.ch/fr/evenements/arboreal-futures/" />
<meta property="og:site_name" content="Alliance Climatique" />
<meta property="article:modified_time" content="2024-11-22T11:26:38+00:00" />
<meta name="twitter:card" content="summary_large_image" />
<script type="application/ld+json" class="yoast-schema-graph">{"@context":"https:\/\/schema.org","@graph":[{"@type":"WebPage","@id":"https:\/\/www.klima-allianz.ch\/fr\/evenements\/arboreal-futures\/","url":"https:\/\/www.klima-allianz.ch\/fr\/evenements\/arboreal-futures\/","name":"Arboreal Futures &#8226; Alliance Climatique","isPartOf":{"@id":"https:\/\/www.klima-allianz.ch\/fr\/#website"},"datePublished":"2024-11-18T15:58:12+00:00","dateModified":"2024-11-22T11:26:38+00:00","breadcrumb":{"@id":"https:\/\/www.klima-allianz.ch\/fr\/evenements\/arboreal-futures\/#breadcrumb"},"inLanguage":"fr-FR","potentialAction":[{"@type":"ReadAction","target":["https:\/\/www.klima-allianz.ch\/fr\/evenements\/arboreal-futures\/"]}]},{"@type":"BreadcrumbList","@id":"https:\/\/www.klima-allianz.ch\/fr\/evenements\/arboreal-futures\/#breadcrumb","itemListElement":[{"@type":"ListItem","position":1,"name":"Home","item":"https:\/\/www.klima-allianz.ch\/fr\/"},{"@type":"ListItem","position":2,"name":"Événements","item":"https:\/\/www.klima-allianz.ch\/fr\/evenements\/"},{"@type":"ListItem","position":3,"name":"Arboreal Futures"}]},{"@type":"WebSite","@id":"https:\/\/www.klima-allianz.ch\/fr\/#website","url":"https:\/\/www.klima-allianz.ch\/fr\/","name":"Alliance Climatique","description":"","publisher":{"@id":"https:\/\/www.klima-allianz.ch\/fr\/#organization"},"potentialAction":[{"@type":"SearchAction","target":{"@type":"EntryPoint","urlTemplate":"https:\/\/www.klima-allianz.ch\/fr\/?s={search_term_string}"},"query-input":{"@type":"PropertyValueSpecification","valueRequired":true,"valueName":"search_term_string"}}],"inLanguage":"fr-FR"},{"@type":"Organization","@id":"https:\/\/www.klima-allianz.ch\/fr\/#organization","name":"Klima-Allianz","url":"https:\/\/www.klima-allianz.ch\/fr\/","logo":{"@type":"ImageObject","inLanguage":"fr-FR","@id":"https:\/\/www.klima-allianz.ch\/fr\/#\/schema\/logo\/image\/","url":"https:\/\/www.klima-allianz.ch\/wp-content\/uploads\/KA-Favicon-Kreis-1.png","contentUrl":"https:\/\/www.klima-allianz.ch\/wp-content\/uploads\/KA-Favicon-Kreis-1.png","width":512,"height":512,"caption":"Klima-Allianz"},"image":{"@id":"https:\/\/www.klima-allianz.ch\/fr\/#\/schema\/logo\/image\/"}}]}</script>
<!-- / Yoast SEO plugin. -->

Événements
