{"id":14240,"date":"2025-09-19T10:57:16","date_gmt":"2025-09-19T08:57:16","guid":{"rendered":"https:\/\/www.klima-allianz.ch\/?post_type=veranstaltungen&#038;p=14240"},"modified":"2025-09-19T10:57:16","modified_gmt":"2025-09-19T08:57:16","slug":"formation-introduction-aux-jardins-forets","status":"publish","type":"veranstaltungen","link":"https:\/\/www.klima-allianz.ch\/fr\/evenements\/formation-introduction-aux-jardins-forets\/","title":{"rendered":"Formation : Introduction aux jardins-for\u00eats"},"content":{"rendered":"","protected":false},"featured_media":0,"template":"","regionen":[28],"themen_tax":[77],"class_list":["post-14240","veranstaltungen","type-veranstaltungen","status-publish","hentry","regionen-suisse-romande","themen_tax-nature"],"better_featured_image":null,"acf":{"single_day_event":"single-day","zeige_uhrzeit":false,"datum":"2025-09-27 00:00:00","multipleday_event_end_datum":null,"endzeit":null,"beschreibung":"<strong><span class=\"notion-enable-hover\" data-token-index=\"0\">Formation : Introduction aux jardins-for\u00eats organis\u00e9e avec l'association les 3 sols<\/span><\/strong><!-- notionvc: 9d25551d-f37f-4e19-9c8b-ae2ed9d6b0ac -->\r\n\r\nUne journ\u00e9e pour comprendre le fonctionnement des jardins-for\u00eats, leur r\u00f4le \u00e9cologique, les principes de design, et exp\u00e9rimenter un pr\u00e9-design en groupe sur un terrain concret.\r\n\r\n<strong>Objectifs p\u00e9dagogiques<\/strong>\r\n<div id=\"comp-m9sic63611\" class=\"Z_l5lU ku3DBC zQ9jDz qvSjx3 Vq6kJx comp-m9sic63611 wixui-rich-text\" data-testid=\"richTextElement\">\r\n<p class=\"font_8 wixui-rich-text__text\">Acqu\u00e9rir les principes de base du jardin-for\u00eat, savoir organiser les strates v\u00e9g\u00e9tales, concevoir un syst\u00e8me r\u00e9silient et favoriser la biodiversit\u00e9.<\/p>\r\n\r\n<\/div>\r\n<strong>\u23f0<\/strong>\u00a0le\u00a0<strong>samedi 27 septembre 2025,<\/strong>\u00a0journ\u00e9e compl\u00e8te avec Samuel D\u00e9praz.\r\n\r\n\ud83d\udd17 Pour s'inscrire : <a href=\"http:\/\/www.jardin-foret.ch\/\">www.jardin-foret.ch<\/a>\r\n\r\n<!-- notionvc: ac86b111-0f6b-487f-a8e5-a35c4e8e3f65 -->","adresse":"Les Ponts-de-Martel","map":null,"organisator_type":"extern","veranstalter":null,"veranstalter_extern":{"name_des_veranstalters":"Jardin-For\u00eat Suisse","logo":""},"downloads":null},"yoast_head":"<!-- This site is optimized with the Yoast SEO plugin v27.5 - https:\/\/yoast.com\/product\/yoast-seo-wordpress\/ -->\n<title>Formation : Introduction aux jardins-for\u00eats &#8226; Alliance Climatique<\/title>\n<meta name=\"robots\" content=\"index, follow, max-snippet:-1, max-image-preview:large, max-video-preview:-1\" \/>\n<link rel=\"canonical\" href=\"https:\/\/www.klima-allianz.ch\/fr\/evenements\/formation-introduction-aux-jardins-forets\/\" \/>\n<meta property=\"og:locale\" content=\"fr_FR\" \/>\n<meta property=\"og:type\" content=\"article\" \/>\n<meta property=\"og:title\" content=\"Formation : Introduction aux jardins-for\u00eats &#8226; Alliance Climatique\" \/>\n<meta property=\"og:url\" content=\"https:\/\/www.klima-allianz.ch\/fr\/evenements\/formation-introduction-aux-jardins-forets\/\" \/>\n<meta property=\"og:site_name\" content=\"Alliance Climatique\" \/>\n<meta name=\"twitter:card\" content=\"summary_large_image\" \/>\n<script type=\"application\/ld+json\" class=\"yoast-schema-graph\">{\"@context\":\"https:\\\/\\\/schema.org\",\"@graph\":[{\"@type\":\"WebPage\",\"@id\":\"https:\\\/\\\/www.klima-allianz.ch\\\/fr\\\/evenements\\\/formation-introduction-aux-jardins-forets\\\/\",\"url\":\"https:\\\/\\\/www.klima-allianz.ch\\\/fr\\\/evenements\\\/formation-introduction-aux-jardins-forets\\\/\",\"name\":\"Formation : Introduction aux jardins-for\u00eats &#8226; Alliance Climatique\",\"isPartOf\":{\"@id\":\"https:\\\/\\\/www.klima-allianz.ch\\\/fr\\\/#website\"},\"datePublished\":\"2025-09-19T08:57:16+00:00\",\"breadcrumb\":{\"@id\":\"https:\\\/\\\/www.klima-allianz.ch\\\/fr\\\/evenements\\\/formation-introduction-aux-jardins-forets\\\/#breadcrumb\"},\"inLanguage\":\"fr-FR\",\"potentialAction\":[{\"@type\":\"ReadAction\",\"target\":[\"https:\\\/\\\/www.klima-allianz.ch\\\/fr\\\/evenements\\\/formation-introduction-aux-jardins-forets\\\/\"]}]},{\"@type\":\"BreadcrumbList\",\"@id\":\"https:\\\/\\\/www.klima-allianz.ch\\\/fr\\\/evenements\\\/formation-introduction-aux-jardins-forets\\\/#breadcrumb\",\"itemListElement\":[{\"@type\":\"ListItem\",\"position\":1,\"name\":\"Home\",\"item\":\"https:\\\/\\\/www.klima-allianz.ch\\\/fr\\\/\"},{\"@type\":\"ListItem\",\"position\":2,\"name\":\"\u00c9v\u00e9nements\",\"item\":\"https:\\\/\\\/www.klima-allianz.ch\\\/fr\\\/evenements\\\/\"},{\"@type\":\"ListItem\",\"position\":3,\"name\":\"Formation : Introduction aux jardins-for\u00eats\"}]},{\"@type\":\"WebSite\",\"@id\":\"https:\\\/\\\/www.klima-allianz.ch\\\/fr\\\/#website\",\"url\":\"https:\\\/\\\/www.klima-allianz.ch\\\/fr\\\/\",\"name\":\"Alliance Climatique\",\"description\":\"\",\"publisher\":{\"@id\":\"https:\\\/\\\/www.klima-allianz.ch\\\/fr\\\/#organization\"},\"potentialAction\":[{\"@type\":\"SearchAction\",\"target\":{\"@type\":\"EntryPoint\",\"urlTemplate\":\"https:\\\/\\\/www.klima-allianz.ch\\\/fr\\\/?s={search_term_string}\"},\"query-input\":{\"@type\":\"PropertyValueSpecification\",\"valueRequired\":true,\"valueName\":\"search_term_string\"}}],\"inLanguage\":\"fr-FR\"},{\"@type\":\"Organization\",\"@id\":\"https:\\\/\\\/www.klima-allianz.ch\\\/fr\\\/#organization\",\"name\":\"Klima-Allianz\",\"url\":\"https:\\\/\\\/www.klima-allianz.ch\\\/fr\\\/\",\"logo\":{\"@type\":\"ImageObject\",\"inLanguage\":\"fr-FR\",\"@id\":\"https:\\\/\\\/www.klima-allianz.ch\\\/fr\\\/#\\\/schema\\\/logo\\\/image\\\/\",\"url\":\"https:\\\/\\\/www.klima-allianz.ch\\\/wp-content\\\/uploads\\\/KA-Favicon-Kreis-1.png\",\"contentUrl\":\"https:\\\/\\\/www.klima-allianz.ch\\\/wp-content\\\/uploads\\\/KA-Favicon-Kreis-1.png\",\"width\":512,\"height\":512,\"caption\":\"Klima-Allianz\"},\"image\":{\"@id\":\"https:\\\/\\\/www.klima-allianz.ch\\\/fr\\\/#\\\/schema\\\/logo\\\/image\\\/\"}}]}<\/script>\n<!-- \/ Yoast SEO plugin. -->","yoast_head_json":{"title":"Formation : Introduction aux jardins-for\u00eats &#8226; Alliance Climatique","robots":{"index":"index","follow":"follow","max-snippet":"max-snippet:-1","max-image-preview":"max-image-preview:large","max-video-preview":"max-video-preview:-1"},"canonical":"https:\/\/www.klima-allianz.ch\/fr\/evenements\/formation-introduction-aux-jardins-forets\/","og_locale":"fr_FR","og_type":"article","og_title":"Formation : Introduction aux jardins-for\u00eats &#8226; Alliance Climatique","og_url":"https:\/\/www.klima-allianz.ch\/fr\/evenements\/formation-introduction-aux-jardins-forets\/","og_site_name":"Alliance Climatique","twitter_card":"summary_large_image","schema":{"@context":"https:\/\/schema.org","@graph":[{"@type":"WebPage","@id":"https:\/\/www.klima-allianz.ch\/fr\/evenements\/formation-introduction-aux-jardins-forets\/","url":"https:\/\/www.klima-allianz.ch\/fr\/evenements\/formation-introduction-aux-jardins-forets\/","name":"Formation : Introduction aux jardins-for\u00eats &#8226; Alliance Climatique","isPartOf":{"@id":"https:\/\/www.klima-allianz.ch\/fr\/#website"},"datePublished":"2025-09-19T08:57:16+00:00","breadcrumb":{"@id":"https:\/\/www.klima-allianz.ch\/fr\/evenements\/formation-introduction-aux-jardins-forets\/#breadcrumb"},"inLanguage":"fr-FR","potentialAction":[{"@type":"ReadAction","target":["https:\/\/www.klima-allianz.ch\/fr\/evenements\/formation-introduction-aux-jardins-forets\/"]}]},{"@type":"BreadcrumbList","@id":"https:\/\/www.klima-allianz.ch\/fr\/evenements\/formation-introduction-aux-jardins-forets\/#breadcrumb","itemListElement":[{"@type":"ListItem","position":1,"name":"Home","item":"https:\/\/www.klima-allianz.ch\/fr\/"},{"@type":"ListItem","position":2,"name":"\u00c9v\u00e9nements","item":"https:\/\/www.klima-allianz.ch\/fr\/evenements\/"},{"@type":"ListItem","position":3,"name":"Formation : Introduction aux jardins-for\u00eats"}]},{"@type":"WebSite","@id":"https:\/\/www.klima-allianz.ch\/fr\/#website","url":"https:\/\/www.klima-allianz.ch\/fr\/","name":"Alliance Climatique","description":"","publisher":{"@id":"https:\/\/www.klima-allianz.ch\/fr\/#organization"},"potentialAction":[{"@type":"SearchAction","target":{"@type":"EntryPoint","urlTemplate":"https:\/\/www.klima-allianz.ch\/fr\/?s={search_term_string}"},"query-input":{"@type":"PropertyValueSpecification","valueRequired":true,"valueName":"search_term_string"}}],"inLanguage":"fr-FR"},{"@type":"Organization","@id":"https:\/\/www.klima-allianz.ch\/fr\/#organization","name":"Klima-Allianz","url":"https:\/\/www.klima-allianz.ch\/fr\/","logo":{"@type":"ImageObject","inLanguage":"fr-FR","@id":"https:\/\/www.klima-allianz.ch\/fr\/#\/schema\/logo\/image\/","url":"https:\/\/www.klima-allianz.ch\/wp-content\/uploads\/KA-Favicon-Kreis-1.png","contentUrl":"https:\/\/www.klima-allianz.ch\/wp-content\/uploads\/KA-Favicon-Kreis-1.png","width":512,"height":512,"caption":"Klima-Allianz"},"image":{"@id":"https:\/\/www.klima-allianz.ch\/fr\/#\/schema\/logo\/image\/"}}]}},"_links":{"self":[{"href":"https:\/\/www.klima-allianz.ch\/fr\/wp-json\/wp\/v2\/veranstaltungen\/14240","targetHints":{"allow":["GET"]}}],"collection":[{"href":"https:\/\/www.klima-allianz.ch\/fr\/wp-json\/wp\/v2\/veranstaltungen"}],"about":[{"href":"https:\/\/www.klima-allianz.ch\/fr\/wp-json\/wp\/v2\/types\/veranstaltungen"}],"wp:attachment":[{"href":"https:\/\/www.klima-allianz.ch\/fr\/wp-json\/wp\/v2\/media?parent=14240"}],"wp:term":[{"taxonomy":"regionen","embeddable":true,"href":"https:\/\/www.klima-allianz.ch\/fr\/wp-json\/wp\/v2\/regionen?post=14240"},{"taxonomy":"themen_tax","embeddable":true,"href":"https:\/\/www.klima-allianz.ch\/fr\/wp-json\/wp\/v2\/themen_tax?post=14240"}],"curies":[{"name":"wp","href":"https:\/\/api.w.org\/{rel}","templated":true}]}}

Formation : Introduction aux jardins-forêts

<strong><span class="notion-enable-hover" data-token-index="0">Formation : Introduction aux jardins-forêts organisée avec l'association les 3 sols</span></strong><!-- notionvc: 9d25551d-f37f-4e19-9c8b-ae2ed9d6b0ac -->

Une journée pour comprendre le fonctionnement des jardins-forêts, leur rôle écologique, les principes de design, et expérimenter un pré-design en groupe sur un terrain concret.

<strong>Objectifs pédagogiques</strong>
<div id="comp-m9sic63611" class="Z_l5lU ku3DBC zQ9jDz qvSjx3 Vq6kJx comp-m9sic63611 wixui-rich-text" data-testid="richTextElement">
<p class="font_8 wixui-rich-text__text">Acquérir les principes de base du jardin-forêt, savoir organiser les strates végétales, concevoir un système résilient et favoriser la biodiversité.</p>

</div>
<strong>⏰</strong> le <strong>samedi 27 septembre 2025,</strong> journée complète avec Samuel Dépraz.

🔗 Pour s'inscrire : <a href="http://www.jardin-foret.ch/">www.jardin-foret.ch</a>

<!-- notionvc: ac86b111-0f6b-487f-a8e5-a35c4e8e3f65 -->

Jardin-Forêt Suisse

<!-- This site is optimized with the Yoast SEO plugin v27.5 - https://yoast.com/product/yoast-seo-wordpress/ -->
<title>Formation : Introduction aux jardins-forêts &#8226; Alliance Climatique</title>
<meta name="robots" content="index, follow, max-snippet:-1, max-image-preview:large, max-video-preview:-1" />
<link rel="canonical" href="https://www.klima-allianz.ch/fr/evenements/formation-introduction-aux-jardins-forets/" />
<meta property="og:locale" content="fr_FR" />
<meta property="og:type" content="article" />
<meta property="og:title" content="Formation : Introduction aux jardins-forêts &#8226; Alliance Climatique" />
<meta property="og:url" content="https://www.klima-allianz.ch/fr/evenements/formation-introduction-aux-jardins-forets/" />
<meta property="og:site_name" content="Alliance Climatique" />
<meta name="twitter:card" content="summary_large_image" />
<script type="application/ld+json" class="yoast-schema-graph">{"@context":"https:\/\/schema.org","@graph":[{"@type":"WebPage","@id":"https:\/\/www.klima-allianz.ch\/fr\/evenements\/formation-introduction-aux-jardins-forets\/","url":"https:\/\/www.klima-allianz.ch\/fr\/evenements\/formation-introduction-aux-jardins-forets\/","name":"Formation : Introduction aux jardins-forêts &#8226; Alliance Climatique","isPartOf":{"@id":"https:\/\/www.klima-allianz.ch\/fr\/#website"},"datePublished":"2025-09-19T08:57:16+00:00","breadcrumb":{"@id":"https:\/\/www.klima-allianz.ch\/fr\/evenements\/formation-introduction-aux-jardins-forets\/#breadcrumb"},"inLanguage":"fr-FR","potentialAction":[{"@type":"ReadAction","target":["https:\/\/www.klima-allianz.ch\/fr\/evenements\/formation-introduction-aux-jardins-forets\/"]}]},{"@type":"BreadcrumbList","@id":"https:\/\/www.klima-allianz.ch\/fr\/evenements\/formation-introduction-aux-jardins-forets\/#breadcrumb","itemListElement":[{"@type":"ListItem","position":1,"name":"Home","item":"https:\/\/www.klima-allianz.ch\/fr\/"},{"@type":"ListItem","position":2,"name":"Événements","item":"https:\/\/www.klima-allianz.ch\/fr\/evenements\/"},{"@type":"ListItem","position":3,"name":"Formation : Introduction aux jardins-forêts"}]},{"@type":"WebSite","@id":"https:\/\/www.klima-allianz.ch\/fr\/#website","url":"https:\/\/www.klima-allianz.ch\/fr\/","name":"Alliance Climatique","description":"","publisher":{"@id":"https:\/\/www.klima-allianz.ch\/fr\/#organization"},"potentialAction":[{"@type":"SearchAction","target":{"@type":"EntryPoint","urlTemplate":"https:\/\/www.klima-allianz.ch\/fr\/?s={search_term_string}"},"query-input":{"@type":"PropertyValueSpecification","valueRequired":true,"valueName":"search_term_string"}}],"inLanguage":"fr-FR"},{"@type":"Organization","@id":"https:\/\/www.klima-allianz.ch\/fr\/#organization","name":"Klima-Allianz","url":"https:\/\/www.klima-allianz.ch\/fr\/","logo":{"@type":"ImageObject","inLanguage":"fr-FR","@id":"https:\/\/www.klima-allianz.ch\/fr\/#\/schema\/logo\/image\/","url":"https:\/\/www.klima-allianz.ch\/wp-content\/uploads\/KA-Favicon-Kreis-1.png","contentUrl":"https:\/\/www.klima-allianz.ch\/wp-content\/uploads\/KA-Favicon-Kreis-1.png","width":512,"height":512,"caption":"Klima-Allianz"},"image":{"@id":"https:\/\/www.klima-allianz.ch\/fr\/#\/schema\/logo\/image\/"}}]}</script>
<!-- / Yoast SEO plugin. -->

Formation : Introduction aux jardins-forêts &#8226; Alliance Climatique

Événements
