{"id":14809,"date":"2026-02-05T13:14:07","date_gmt":"2026-02-05T12:14:07","guid":{"rendered":"https:\/\/www.klima-allianz.ch\/?post_type=veranstaltungen&#038;p=14809"},"modified":"2026-02-05T13:14:07","modified_gmt":"2026-02-05T12:14:07","slug":"afterwork-engage-edition-printemps","status":"publish","type":"veranstaltungen","link":"https:\/\/www.klima-allianz.ch\/fr\/evenements\/afterwork-engage-edition-printemps\/","title":{"rendered":"Afterwork engag\u00e9 &#8211; \u00e9dition printemps"},"content":{"rendered":"","protected":false},"featured_media":14810,"template":"","regionen":[75],"themen_tax":[],"class_list":["post-14809","veranstaltungen","type-veranstaltungen","status-publish","has-post-thumbnail","hentry","regionen-geneve"],"better_featured_image":{"id":14810,"alt_text":"","caption":"","description":"","media_type":"image","media_details":{"width":1080,"height":1080,"file":"b4774f_b79df7f9f09b497f91c56c38812af7f7mv2.avif","filesize":73994,"sizes":{"medium":{"file":"b4774f_b79df7f9f09b497f91c56c38812af7f7mv2-300x300.avif","width":300,"height":300,"mime-type":"image\/avif","filesize":20735,"source_url":"https:\/\/www.klima-allianz.ch\/wp-content\/uploads\/b4774f_b79df7f9f09b497f91c56c38812af7f7mv2-300x300.avif"},"large":{"file":"b4774f_b79df7f9f09b497f91c56c38812af7f7mv2-1024x1024.avif","width":1024,"height":1024,"mime-type":"image\/avif","filesize":80355,"source_url":"https:\/\/www.klima-allianz.ch\/wp-content\/uploads\/b4774f_b79df7f9f09b497f91c56c38812af7f7mv2-1024x1024.avif"},"thumbnail":{"file":"b4774f_b79df7f9f09b497f91c56c38812af7f7mv2-550x550.avif","width":550,"height":550,"mime-type":"image\/avif","filesize":42013,"source_url":"https:\/\/www.klima-allianz.ch\/wp-content\/uploads\/b4774f_b79df7f9f09b497f91c56c38812af7f7mv2-550x550.avif"},"medium_large":{"file":"b4774f_b79df7f9f09b497f91c56c38812af7f7mv2-768x768.avif","width":768,"height":768,"mime-type":"image\/avif","filesize":60478,"source_url":"https:\/\/www.klima-allianz.ch\/wp-content\/uploads\/b4774f_b79df7f9f09b497f91c56c38812af7f7mv2-768x768.avif"}},"image_meta":{"aperture":"0","credit":"","camera":"","caption":"","created_timestamp":"0","copyright":"","focal_length":"0","iso":"0","shutter_speed":"0","title":"","orientation":"0","keywords":[]}},"post":14809,"source_url":"https:\/\/www.klima-allianz.ch\/wp-content\/uploads\/b4774f_b79df7f9f09b497f91c56c38812af7f7mv2.avif"},"acf":{"single_day_event":"single-day","zeige_uhrzeit":true,"datum":"2026-03-24 17:30:00","multipleday_event_end_datum":null,"endzeit":"20:30:00","beschreibung":"<p id=\"viewer-ze9q01569\" class=\"fvLh6 ozsV3 -yIjT _0YKiJ\" dir=\"auto\"><span class=\"usRwP\">Les communaut\u00e9s du One Planet Lab, de l\u2019Impact Hub Gen\u00e8ve et de la Maison de l'Avenir vous accueillent chaleureusement pour c\u00e9l\u00e9brer ensemble. <\/span><span class=\"usRwP\">Une rencontre informelle et en toute simplicit\u00e9, ouverte \u00e0 toute personne engag\u00e9e dans la durabilit\u00e9 ou souhaitant s\u2019engager !<\/span><\/p>\r\n<p dir=\"auto\"><strong>L\u2019objectif ultime :<\/strong>\u00a0cr\u00e9er du lien, trinquer \u00e0 nos r\u00e9ussites, partager nos exp\u00e9riences et nos apprentissages, et avancer collectivement pour <strong>faire bouger les lignes vers un avenir plus sobre et joyeux, dans les limites plan\u00e9taires.<\/strong><\/p>\r\n<p dir=\"auto\"><a href=\"https:\/\/www.one-planet-lab-fr.ch\/event-details\/afterwork-engage-edition-printemps?utm_campaign=fe6143d6-e11d-4a68-8dd9-8ec6ade17b80&amp;utm_source=so&amp;utm_medium=mail&amp;cid=1ade112a-e427-4006-9d1d-022cf5a8cf70\"><span style=\"text-decoration: underline;\"><strong>En savoir plus<\/strong><\/span><\/a><\/p>","adresse":"Maison de l'avenir \/ Impact Hub, Rue Fendt 1, 1201 Gen\u00e8ve","map":{"address":"Impact Hub, Rue Fendt 1, 1201 Gen\u00e8ve, Suisse","lat":46.21057069999999811216184752993285655975341796875,"lng":6.141186499999999881538315094076097011566162109375,"zoom":11,"place_id":"ChIJrV27k9hkjEcR0PDCsRhdGfs","name":"Impact Hub","street_number":1,"street_name":"Rue Fendt","city":"Gen\u00e8ve","state":"Gen\u00e8ve","state_short":"GE","post_code":1201,"country":"Suisse","country_short":"CH"},"organisator_type":"intern","veranstalter":[4475],"veranstalter_extern":{"name_des_veranstalters":"","logo":null},"downloads":null},"yoast_head":"<!-- This site is optimized with the Yoast SEO plugin v27.5 - https:\/\/yoast.com\/product\/yoast-seo-wordpress\/ -->\n<title>Afterwork engag\u00e9 - \u00e9dition printemps &#8226; Alliance Climatique<\/title>\n<meta name=\"robots\" content=\"index, follow, max-snippet:-1, max-image-preview:large, max-video-preview:-1\" \/>\n<link rel=\"canonical\" href=\"https:\/\/www.klima-allianz.ch\/fr\/evenements\/afterwork-engage-edition-printemps\/\" \/>\n<meta property=\"og:locale\" content=\"fr_FR\" \/>\n<meta property=\"og:type\" content=\"article\" \/>\n<meta property=\"og:title\" content=\"Afterwork engag\u00e9 - \u00e9dition printemps &#8226; Alliance Climatique\" \/>\n<meta property=\"og:url\" content=\"https:\/\/www.klima-allianz.ch\/fr\/evenements\/afterwork-engage-edition-printemps\/\" \/>\n<meta property=\"og:site_name\" content=\"Alliance Climatique\" \/>\n<meta name=\"twitter:card\" content=\"summary_large_image\" \/>\n<meta name=\"twitter:label1\" content=\"Dur\u00e9e de lecture estim\u00e9e\" \/>\n\t<meta name=\"twitter:data1\" content=\"1 minute\" \/>\n<script type=\"application\/ld+json\" class=\"yoast-schema-graph\">{\"@context\":\"https:\\\/\\\/schema.org\",\"@graph\":[{\"@type\":\"WebPage\",\"@id\":\"https:\\\/\\\/www.klima-allianz.ch\\\/fr\\\/evenements\\\/afterwork-engage-edition-printemps\\\/\",\"url\":\"https:\\\/\\\/www.klima-allianz.ch\\\/fr\\\/evenements\\\/afterwork-engage-edition-printemps\\\/\",\"name\":\"Afterwork engag\u00e9 - \u00e9dition printemps &#8226; Alliance Climatique\",\"isPartOf\":{\"@id\":\"https:\\\/\\\/www.klima-allianz.ch\\\/fr\\\/#website\"},\"primaryImageOfPage\":{\"@id\":\"https:\\\/\\\/www.klima-allianz.ch\\\/fr\\\/evenements\\\/afterwork-engage-edition-printemps\\\/#primaryimage\"},\"image\":{\"@id\":\"https:\\\/\\\/www.klima-allianz.ch\\\/fr\\\/evenements\\\/afterwork-engage-edition-printemps\\\/#primaryimage\"},\"thumbnailUrl\":\"https:\\\/\\\/www.klima-allianz.ch\\\/wp-content\\\/uploads\\\/b4774f_b79df7f9f09b497f91c56c38812af7f7mv2.avif\",\"datePublished\":\"2026-02-05T12:14:07+00:00\",\"breadcrumb\":{\"@id\":\"https:\\\/\\\/www.klima-allianz.ch\\\/fr\\\/evenements\\\/afterwork-engage-edition-printemps\\\/#breadcrumb\"},\"inLanguage\":\"fr-FR\",\"potentialAction\":[{\"@type\":\"ReadAction\",\"target\":[\"https:\\\/\\\/www.klima-allianz.ch\\\/fr\\\/evenements\\\/afterwork-engage-edition-printemps\\\/\"]}]},{\"@type\":\"ImageObject\",\"inLanguage\":\"fr-FR\",\"@id\":\"https:\\\/\\\/www.klima-allianz.ch\\\/fr\\\/evenements\\\/afterwork-engage-edition-printemps\\\/#primaryimage\",\"url\":\"https:\\\/\\\/www.klima-allianz.ch\\\/wp-content\\\/uploads\\\/b4774f_b79df7f9f09b497f91c56c38812af7f7mv2.avif\",\"contentUrl\":\"https:\\\/\\\/www.klima-allianz.ch\\\/wp-content\\\/uploads\\\/b4774f_b79df7f9f09b497f91c56c38812af7f7mv2.avif\",\"width\":1080,\"height\":1080},{\"@type\":\"BreadcrumbList\",\"@id\":\"https:\\\/\\\/www.klima-allianz.ch\\\/fr\\\/evenements\\\/afterwork-engage-edition-printemps\\\/#breadcrumb\",\"itemListElement\":[{\"@type\":\"ListItem\",\"position\":1,\"name\":\"Home\",\"item\":\"https:\\\/\\\/www.klima-allianz.ch\\\/fr\\\/\"},{\"@type\":\"ListItem\",\"position\":2,\"name\":\"\u00c9v\u00e9nements\",\"item\":\"https:\\\/\\\/www.klima-allianz.ch\\\/fr\\\/evenements\\\/\"},{\"@type\":\"ListItem\",\"position\":3,\"name\":\"Afterwork engag\u00e9 &#8211; \u00e9dition printemps\"}]},{\"@type\":\"WebSite\",\"@id\":\"https:\\\/\\\/www.klima-allianz.ch\\\/fr\\\/#website\",\"url\":\"https:\\\/\\\/www.klima-allianz.ch\\\/fr\\\/\",\"name\":\"Alliance Climatique\",\"description\":\"\",\"publisher\":{\"@id\":\"https:\\\/\\\/www.klima-allianz.ch\\\/fr\\\/#organization\"},\"potentialAction\":[{\"@type\":\"SearchAction\",\"target\":{\"@type\":\"EntryPoint\",\"urlTemplate\":\"https:\\\/\\\/www.klima-allianz.ch\\\/fr\\\/?s={search_term_string}\"},\"query-input\":{\"@type\":\"PropertyValueSpecification\",\"valueRequired\":true,\"valueName\":\"search_term_string\"}}],\"inLanguage\":\"fr-FR\"},{\"@type\":\"Organization\",\"@id\":\"https:\\\/\\\/www.klima-allianz.ch\\\/fr\\\/#organization\",\"name\":\"Klima-Allianz\",\"url\":\"https:\\\/\\\/www.klima-allianz.ch\\\/fr\\\/\",\"logo\":{\"@type\":\"ImageObject\",\"inLanguage\":\"fr-FR\",\"@id\":\"https:\\\/\\\/www.klima-allianz.ch\\\/fr\\\/#\\\/schema\\\/logo\\\/image\\\/\",\"url\":\"https:\\\/\\\/www.klima-allianz.ch\\\/wp-content\\\/uploads\\\/KA-Favicon-Kreis-1.png\",\"contentUrl\":\"https:\\\/\\\/www.klima-allianz.ch\\\/wp-content\\\/uploads\\\/KA-Favicon-Kreis-1.png\",\"width\":512,\"height\":512,\"caption\":\"Klima-Allianz\"},\"image\":{\"@id\":\"https:\\\/\\\/www.klima-allianz.ch\\\/fr\\\/#\\\/schema\\\/logo\\\/image\\\/\"}}]}<\/script>\n<!-- \/ Yoast SEO plugin. -->","yoast_head_json":{"title":"Afterwork engag\u00e9 - \u00e9dition printemps &#8226; Alliance Climatique","robots":{"index":"index","follow":"follow","max-snippet":"max-snippet:-1","max-image-preview":"max-image-preview:large","max-video-preview":"max-video-preview:-1"},"canonical":"https:\/\/www.klima-allianz.ch\/fr\/evenements\/afterwork-engage-edition-printemps\/","og_locale":"fr_FR","og_type":"article","og_title":"Afterwork engag\u00e9 - \u00e9dition printemps &#8226; Alliance Climatique","og_url":"https:\/\/www.klima-allianz.ch\/fr\/evenements\/afterwork-engage-edition-printemps\/","og_site_name":"Alliance Climatique","twitter_card":"summary_large_image","twitter_misc":{"Dur\u00e9e de lecture estim\u00e9e":"1 minute"},"schema":{"@context":"https:\/\/schema.org","@graph":[{"@type":"WebPage","@id":"https:\/\/www.klima-allianz.ch\/fr\/evenements\/afterwork-engage-edition-printemps\/","url":"https:\/\/www.klima-allianz.ch\/fr\/evenements\/afterwork-engage-edition-printemps\/","name":"Afterwork engag\u00e9 - \u00e9dition printemps &#8226; Alliance Climatique","isPartOf":{"@id":"https:\/\/www.klima-allianz.ch\/fr\/#website"},"primaryImageOfPage":{"@id":"https:\/\/www.klima-allianz.ch\/fr\/evenements\/afterwork-engage-edition-printemps\/#primaryimage"},"image":{"@id":"https:\/\/www.klima-allianz.ch\/fr\/evenements\/afterwork-engage-edition-printemps\/#primaryimage"},"thumbnailUrl":"https:\/\/www.klima-allianz.ch\/wp-content\/uploads\/b4774f_b79df7f9f09b497f91c56c38812af7f7mv2.avif","datePublished":"2026-02-05T12:14:07+00:00","breadcrumb":{"@id":"https:\/\/www.klima-allianz.ch\/fr\/evenements\/afterwork-engage-edition-printemps\/#breadcrumb"},"inLanguage":"fr-FR","potentialAction":[{"@type":"ReadAction","target":["https:\/\/www.klima-allianz.ch\/fr\/evenements\/afterwork-engage-edition-printemps\/"]}]},{"@type":"ImageObject","inLanguage":"fr-FR","@id":"https:\/\/www.klima-allianz.ch\/fr\/evenements\/afterwork-engage-edition-printemps\/#primaryimage","url":"https:\/\/www.klima-allianz.ch\/wp-content\/uploads\/b4774f_b79df7f9f09b497f91c56c38812af7f7mv2.avif","contentUrl":"https:\/\/www.klima-allianz.ch\/wp-content\/uploads\/b4774f_b79df7f9f09b497f91c56c38812af7f7mv2.avif","width":1080,"height":1080},{"@type":"BreadcrumbList","@id":"https:\/\/www.klima-allianz.ch\/fr\/evenements\/afterwork-engage-edition-printemps\/#breadcrumb","itemListElement":[{"@type":"ListItem","position":1,"name":"Home","item":"https:\/\/www.klima-allianz.ch\/fr\/"},{"@type":"ListItem","position":2,"name":"\u00c9v\u00e9nements","item":"https:\/\/www.klima-allianz.ch\/fr\/evenements\/"},{"@type":"ListItem","position":3,"name":"Afterwork engag\u00e9 &#8211; \u00e9dition printemps"}]},{"@type":"WebSite","@id":"https:\/\/www.klima-allianz.ch\/fr\/#website","url":"https:\/\/www.klima-allianz.ch\/fr\/","name":"Alliance Climatique","description":"","publisher":{"@id":"https:\/\/www.klima-allianz.ch\/fr\/#organization"},"potentialAction":[{"@type":"SearchAction","target":{"@type":"EntryPoint","urlTemplate":"https:\/\/www.klima-allianz.ch\/fr\/?s={search_term_string}"},"query-input":{"@type":"PropertyValueSpecification","valueRequired":true,"valueName":"search_term_string"}}],"inLanguage":"fr-FR"},{"@type":"Organization","@id":"https:\/\/www.klima-allianz.ch\/fr\/#organization","name":"Klima-Allianz","url":"https:\/\/www.klima-allianz.ch\/fr\/","logo":{"@type":"ImageObject","inLanguage":"fr-FR","@id":"https:\/\/www.klima-allianz.ch\/fr\/#\/schema\/logo\/image\/","url":"https:\/\/www.klima-allianz.ch\/wp-content\/uploads\/KA-Favicon-Kreis-1.png","contentUrl":"https:\/\/www.klima-allianz.ch\/wp-content\/uploads\/KA-Favicon-Kreis-1.png","width":512,"height":512,"caption":"Klima-Allianz"},"image":{"@id":"https:\/\/www.klima-allianz.ch\/fr\/#\/schema\/logo\/image\/"}}]}},"_links":{"self":[{"href":"https:\/\/www.klima-allianz.ch\/fr\/wp-json\/wp\/v2\/veranstaltungen\/14809","targetHints":{"allow":["GET"]}}],"collection":[{"href":"https:\/\/www.klima-allianz.ch\/fr\/wp-json\/wp\/v2\/veranstaltungen"}],"about":[{"href":"https:\/\/www.klima-allianz.ch\/fr\/wp-json\/wp\/v2\/types\/veranstaltungen"}],"acf:post":[{"embeddable":true,"href":"https:\/\/www.klima-allianz.ch\/fr\/wp-json\/wp\/v2\/mitglieder\/4475"}],"wp:featuredmedia":[{"embeddable":true,"href":"https:\/\/www.klima-allianz.ch\/fr\/wp-json\/wp\/v2\/media\/14810"}],"wp:attachment":[{"href":"https:\/\/www.klima-allianz.ch\/fr\/wp-json\/wp\/v2\/media?parent=14809"}],"wp:term":[{"taxonomy":"regionen","embeddable":true,"href":"https:\/\/www.klima-allianz.ch\/fr\/wp-json\/wp\/v2\/regionen?post=14809"},{"taxonomy":"themen_tax","embeddable":true,"href":"https:\/\/www.klima-allianz.ch\/fr\/wp-json\/wp\/v2\/themen_tax?post=14809"}],"curies":[{"name":"wp","href":"https:\/\/api.w.org\/{rel}","templated":true}]}}

Afterwork engagé &#8211; édition printemps

<p id="viewer-ze9q01569" class="fvLh6 ozsV3 -yIjT _0YKiJ" dir="auto"><span class="usRwP">Les communautés du One Planet Lab, de l’Impact Hub Genève et de la Maison de l'Avenir vous accueillent chaleureusement pour célébrer ensemble. </span><span class="usRwP">Une rencontre informelle et en toute simplicité, ouverte à toute personne engagée dans la durabilité ou souhaitant s’engager !</span></p>
<p dir="auto"><strong>L’objectif ultime :</strong> créer du lien, trinquer à nos réussites, partager nos expériences et nos apprentissages, et avancer collectivement pour <strong>faire bouger les lignes vers un avenir plus sobre et joyeux, dans les limites planétaires.</strong></p>
<p dir="auto"><a href="https://www.one-planet-lab-fr.ch/event-details/afterwork-engage-edition-printemps?utm_campaign=fe6143d6-e11d-4a68-8dd9-8ec6ade17b80&amp;utm_source=so&amp;utm_medium=mail&amp;cid=1ade112a-e427-4006-9d1d-022cf5a8cf70"><span style="text-decoration: underline;"><strong>En savoir plus</strong></span></a></p>

Maison de l'avenir / Impact Hub, Rue Fendt 1, 1201 Genève

Impact Hub, Rue Fendt 1, 1201 Genève, Suisse

Genève

<!-- This site is optimized with the Yoast SEO plugin v27.5 - https://yoast.com/product/yoast-seo-wordpress/ -->
<title>Afterwork engagé - édition printemps &#8226; Alliance Climatique</title>
<meta name="robots" content="index, follow, max-snippet:-1, max-image-preview:large, max-video-preview:-1" />
<link rel="canonical" href="https://www.klima-allianz.ch/fr/evenements/afterwork-engage-edition-printemps/" />
<meta property="og:locale" content="fr_FR" />
<meta property="og:type" content="article" />
<meta property="og:title" content="Afterwork engagé - édition printemps &#8226; Alliance Climatique" />
<meta property="og:url" content="https://www.klima-allianz.ch/fr/evenements/afterwork-engage-edition-printemps/" />
<meta property="og:site_name" content="Alliance Climatique" />
<meta name="twitter:card" content="summary_large_image" />
<meta name="twitter:label1" content="Durée de lecture estimée" />
	<meta name="twitter:data1" content="1 minute" />
<script type="application/ld+json" class="yoast-schema-graph">{"@context":"https:\/\/schema.org","@graph":[{"@type":"WebPage","@id":"https:\/\/www.klima-allianz.ch\/fr\/evenements\/afterwork-engage-edition-printemps\/","url":"https:\/\/www.klima-allianz.ch\/fr\/evenements\/afterwork-engage-edition-printemps\/","name":"Afterwork engagé - édition printemps &#8226; Alliance Climatique","isPartOf":{"@id":"https:\/\/www.klima-allianz.ch\/fr\/#website"},"primaryImageOfPage":{"@id":"https:\/\/www.klima-allianz.ch\/fr\/evenements\/afterwork-engage-edition-printemps\/#primaryimage"},"image":{"@id":"https:\/\/www.klima-allianz.ch\/fr\/evenements\/afterwork-engage-edition-printemps\/#primaryimage"},"thumbnailUrl":"https:\/\/www.klima-allianz.ch\/wp-content\/uploads\/b4774f_b79df7f9f09b497f91c56c38812af7f7mv2.avif","datePublished":"2026-02-05T12:14:07+00:00","breadcrumb":{"@id":"https:\/\/www.klima-allianz.ch\/fr\/evenements\/afterwork-engage-edition-printemps\/#breadcrumb"},"inLanguage":"fr-FR","potentialAction":[{"@type":"ReadAction","target":["https:\/\/www.klima-allianz.ch\/fr\/evenements\/afterwork-engage-edition-printemps\/"]}]},{"@type":"ImageObject","inLanguage":"fr-FR","@id":"https:\/\/www.klima-allianz.ch\/fr\/evenements\/afterwork-engage-edition-printemps\/#primaryimage","url":"https:\/\/www.klima-allianz.ch\/wp-content\/uploads\/b4774f_b79df7f9f09b497f91c56c38812af7f7mv2.avif","contentUrl":"https:\/\/www.klima-allianz.ch\/wp-content\/uploads\/b4774f_b79df7f9f09b497f91c56c38812af7f7mv2.avif","width":1080,"height":1080},{"@type":"BreadcrumbList","@id":"https:\/\/www.klima-allianz.ch\/fr\/evenements\/afterwork-engage-edition-printemps\/#breadcrumb","itemListElement":[{"@type":"ListItem","position":1,"name":"Home","item":"https:\/\/www.klima-allianz.ch\/fr\/"},{"@type":"ListItem","position":2,"name":"Événements","item":"https:\/\/www.klima-allianz.ch\/fr\/evenements\/"},{"@type":"ListItem","position":3,"name":"Afterwork engagé &#8211; édition printemps"}]},{"@type":"WebSite","@id":"https:\/\/www.klima-allianz.ch\/fr\/#website","url":"https:\/\/www.klima-allianz.ch\/fr\/","name":"Alliance Climatique","description":"","publisher":{"@id":"https:\/\/www.klima-allianz.ch\/fr\/#organization"},"potentialAction":[{"@type":"SearchAction","target":{"@type":"EntryPoint","urlTemplate":"https:\/\/www.klima-allianz.ch\/fr\/?s={search_term_string}"},"query-input":{"@type":"PropertyValueSpecification","valueRequired":true,"valueName":"search_term_string"}}],"inLanguage":"fr-FR"},{"@type":"Organization","@id":"https:\/\/www.klima-allianz.ch\/fr\/#organization","name":"Klima-Allianz","url":"https:\/\/www.klima-allianz.ch\/fr\/","logo":{"@type":"ImageObject","inLanguage":"fr-FR","@id":"https:\/\/www.klima-allianz.ch\/fr\/#\/schema\/logo\/image\/","url":"https:\/\/www.klima-allianz.ch\/wp-content\/uploads\/KA-Favicon-Kreis-1.png","contentUrl":"https:\/\/www.klima-allianz.ch\/wp-content\/uploads\/KA-Favicon-Kreis-1.png","width":512,"height":512,"caption":"Klima-Allianz"},"image":{"@id":"https:\/\/www.klima-allianz.ch\/fr\/#\/schema\/logo\/image\/"}}]}</script>
<!-- / Yoast SEO plugin. -->

Afterwork engagé - édition printemps &#8226; Alliance Climatique

Événements
