{"id":14980,"date":"2026-03-11T09:41:16","date_gmt":"2026-03-11T08:41:16","guid":{"rendered":"https:\/\/www.klima-allianz.ch\/?post_type=veranstaltungen&#038;p=14980"},"modified":"2026-03-11T09:51:50","modified_gmt":"2026-03-11T08:51:50","slug":"solar-impulse-foundations-pioneers-forum","status":"publish","type":"veranstaltungen","link":"https:\/\/www.klima-allianz.ch\/fr\/evenements\/solar-impulse-foundations-pioneers-forum\/","title":{"rendered":"Solar Impulse Foundation\u2019s Pioneers Forum"},"content":{"rendered":"","protected":false},"featured_media":14979,"template":"","regionen":[28],"themen_tax":[57],"class_list":["post-14980","veranstaltungen","type-veranstaltungen","status-publish","has-post-thumbnail","hentry","regionen-suisse-romande","themen_tax-energie-fr"],"better_featured_image":{"id":14979,"alt_text":"","caption":"","description":"","media_type":"image","media_details":{"width":700,"height":467,"file":"awards-section.jpg","filesize":134100,"sizes":{"medium":{"file":"awards-section-300x200.jpg","width":300,"height":200,"mime-type":"image\/jpeg","filesize":23716,"source_url":"https:\/\/www.klima-allianz.ch\/wp-content\/uploads\/awards-section-300x200.jpg"},"thumbnail":{"file":"awards-section-550x367.jpg","width":550,"height":367,"mime-type":"image\/jpeg","filesize":71967,"source_url":"https:\/\/www.klima-allianz.ch\/wp-content\/uploads\/awards-section-550x367.jpg"}},"image_meta":{"aperture":"0","credit":"","camera":"","caption":"","created_timestamp":"0","copyright":"","focal_length":"0","iso":"0","shutter_speed":"0","title":"","orientation":"0","keywords":[]}},"post":14980,"source_url":"https:\/\/www.klima-allianz.ch\/wp-content\/uploads\/awards-section.jpg"},"acf":{"single_day_event":"single-day","zeige_uhrzeit":false,"datum":"2026-11-26 00:00:00","multipleday_event_end_datum":null,"endzeit":null,"beschreibung":"<strong>Promouvoir des solutions et encourager l'action climatique.<\/strong>\r\n\r\nLe <a href=\"https:\/\/solarimpulse.com\/pioneers-forum#\"><strong>Pioneers Forum<\/strong><\/a> est l'\u00e9v\u00e9nement phare de la Fondation Solar Impulse. Il est con\u00e7u pour activer et connecter son \u00e9cosyst\u00e8me unique autour de l'adoption de solutions innovantes et efficaces. Depuis deux ans, il offre une plateforme pour partager des id\u00e9es ax\u00e9es sur l'impact et favoriser des collaborations significatives entre les diff\u00e9rents secteurs.\r\n\r\nAu c\u0153ur de l'\u00e9v\u00e9nement se trouvent les <a href=\"https:\/\/solarimpulse.com\/pioneer-awards\"><strong>Pioneer Awards<\/strong><\/a>, qui r\u00e9compensent cinq duos gagnants, compos\u00e9s d'une solution efficace et de son client-adoptant, dans des secteurs cl\u00e9s tels que les processus industriels, la mobilit\u00e9, l'agroalimentaire, le b\u00e2timent et les services publics. Ces prix rendent hommage \u00e0 ceux qui remettent en question le statu quo et transforment les obstacles en opportunit\u00e9s, inspirant ainsi les progr\u00e8s vers un avenir plus durable et plus \u00e9conome en ressources.\r\n\r\n<!-- notionvc: bbb6011f-b58e-4599-ad84-40b079dc2076 -->","adresse":"Lausanne","map":{"address":"Lausanne, Suisse","lat":46.51965349999999688179741497151553630828857421875,"lng":6.63227339999999987441015036893077194690704345703125,"zoom":11,"place_id":"ChIJ5aeJzT4pjEcRXu7iysk_F-s","name":"Lausanne","city":"Lausanne","state":"Vaud","state_short":"VD","country":"Suisse","country_short":"CH"},"organisator_type":"extern","veranstalter":null,"veranstalter_extern":{"name_des_veranstalters":"Solar Impulse Foundation","logo":""},"downloads":null},"yoast_head":"<!-- This site is optimized with the Yoast SEO plugin v27.5 - https:\/\/yoast.com\/product\/yoast-seo-wordpress\/ -->\n<title>Solar Impulse Foundation\u2019s Pioneers Forum &#8226; Alliance Climatique<\/title>\n<meta name=\"robots\" content=\"index, follow, max-snippet:-1, max-image-preview:large, max-video-preview:-1\" \/>\n<link rel=\"canonical\" href=\"https:\/\/www.klima-allianz.ch\/fr\/evenements\/solar-impulse-foundations-pioneers-forum\/\" \/>\n<meta property=\"og:locale\" content=\"fr_FR\" \/>\n<meta property=\"og:type\" content=\"article\" \/>\n<meta property=\"og:title\" content=\"Solar Impulse Foundation\u2019s Pioneers Forum &#8226; Alliance Climatique\" \/>\n<meta property=\"og:url\" content=\"https:\/\/www.klima-allianz.ch\/fr\/evenements\/solar-impulse-foundations-pioneers-forum\/\" \/>\n<meta property=\"og:site_name\" content=\"Alliance Climatique\" \/>\n<meta property=\"article:modified_time\" content=\"2026-03-11T08:51:50+00:00\" \/>\n<meta property=\"og:image\" content=\"https:\/\/www.klima-allianz.ch\/wp-content\/uploads\/awards-section.jpg\" \/>\n\t<meta property=\"og:image:width\" content=\"700\" \/>\n\t<meta property=\"og:image:height\" content=\"467\" \/>\n\t<meta property=\"og:image:type\" content=\"image\/jpeg\" \/>\n<meta name=\"twitter:card\" content=\"summary_large_image\" \/>\n<meta name=\"twitter:label1\" content=\"Dur\u00e9e de lecture estim\u00e9e\" \/>\n\t<meta name=\"twitter:data1\" content=\"1 minute\" \/>\n<script type=\"application\/ld+json\" class=\"yoast-schema-graph\">{\"@context\":\"https:\\\/\\\/schema.org\",\"@graph\":[{\"@type\":\"WebPage\",\"@id\":\"https:\\\/\\\/www.klima-allianz.ch\\\/fr\\\/evenements\\\/solar-impulse-foundations-pioneers-forum\\\/\",\"url\":\"https:\\\/\\\/www.klima-allianz.ch\\\/fr\\\/evenements\\\/solar-impulse-foundations-pioneers-forum\\\/\",\"name\":\"Solar Impulse Foundation\u2019s Pioneers Forum &#8226; Alliance Climatique\",\"isPartOf\":{\"@id\":\"https:\\\/\\\/www.klima-allianz.ch\\\/fr\\\/#website\"},\"primaryImageOfPage\":{\"@id\":\"https:\\\/\\\/www.klima-allianz.ch\\\/fr\\\/evenements\\\/solar-impulse-foundations-pioneers-forum\\\/#primaryimage\"},\"image\":{\"@id\":\"https:\\\/\\\/www.klima-allianz.ch\\\/fr\\\/evenements\\\/solar-impulse-foundations-pioneers-forum\\\/#primaryimage\"},\"thumbnailUrl\":\"https:\\\/\\\/www.klima-allianz.ch\\\/wp-content\\\/uploads\\\/awards-section.jpg\",\"datePublished\":\"2026-03-11T08:41:16+00:00\",\"dateModified\":\"2026-03-11T08:51:50+00:00\",\"breadcrumb\":{\"@id\":\"https:\\\/\\\/www.klima-allianz.ch\\\/fr\\\/evenements\\\/solar-impulse-foundations-pioneers-forum\\\/#breadcrumb\"},\"inLanguage\":\"fr-FR\",\"potentialAction\":[{\"@type\":\"ReadAction\",\"target\":[\"https:\\\/\\\/www.klima-allianz.ch\\\/fr\\\/evenements\\\/solar-impulse-foundations-pioneers-forum\\\/\"]}]},{\"@type\":\"ImageObject\",\"inLanguage\":\"fr-FR\",\"@id\":\"https:\\\/\\\/www.klima-allianz.ch\\\/fr\\\/evenements\\\/solar-impulse-foundations-pioneers-forum\\\/#primaryimage\",\"url\":\"https:\\\/\\\/www.klima-allianz.ch\\\/wp-content\\\/uploads\\\/awards-section.jpg\",\"contentUrl\":\"https:\\\/\\\/www.klima-allianz.ch\\\/wp-content\\\/uploads\\\/awards-section.jpg\",\"width\":700,\"height\":467},{\"@type\":\"BreadcrumbList\",\"@id\":\"https:\\\/\\\/www.klima-allianz.ch\\\/fr\\\/evenements\\\/solar-impulse-foundations-pioneers-forum\\\/#breadcrumb\",\"itemListElement\":[{\"@type\":\"ListItem\",\"position\":1,\"name\":\"Home\",\"item\":\"https:\\\/\\\/www.klima-allianz.ch\\\/fr\\\/\"},{\"@type\":\"ListItem\",\"position\":2,\"name\":\"\u00c9v\u00e9nements\",\"item\":\"https:\\\/\\\/www.klima-allianz.ch\\\/fr\\\/evenements\\\/\"},{\"@type\":\"ListItem\",\"position\":3,\"name\":\"Solar Impulse Foundation\u2019s Pioneers Forum\"}]},{\"@type\":\"WebSite\",\"@id\":\"https:\\\/\\\/www.klima-allianz.ch\\\/fr\\\/#website\",\"url\":\"https:\\\/\\\/www.klima-allianz.ch\\\/fr\\\/\",\"name\":\"Alliance Climatique\",\"description\":\"\",\"publisher\":{\"@id\":\"https:\\\/\\\/www.klima-allianz.ch\\\/fr\\\/#organization\"},\"potentialAction\":[{\"@type\":\"SearchAction\",\"target\":{\"@type\":\"EntryPoint\",\"urlTemplate\":\"https:\\\/\\\/www.klima-allianz.ch\\\/fr\\\/?s={search_term_string}\"},\"query-input\":{\"@type\":\"PropertyValueSpecification\",\"valueRequired\":true,\"valueName\":\"search_term_string\"}}],\"inLanguage\":\"fr-FR\"},{\"@type\":\"Organization\",\"@id\":\"https:\\\/\\\/www.klima-allianz.ch\\\/fr\\\/#organization\",\"name\":\"Klima-Allianz\",\"url\":\"https:\\\/\\\/www.klima-allianz.ch\\\/fr\\\/\",\"logo\":{\"@type\":\"ImageObject\",\"inLanguage\":\"fr-FR\",\"@id\":\"https:\\\/\\\/www.klima-allianz.ch\\\/fr\\\/#\\\/schema\\\/logo\\\/image\\\/\",\"url\":\"https:\\\/\\\/www.klima-allianz.ch\\\/wp-content\\\/uploads\\\/KA-Favicon-Kreis-1.png\",\"contentUrl\":\"https:\\\/\\\/www.klima-allianz.ch\\\/wp-content\\\/uploads\\\/KA-Favicon-Kreis-1.png\",\"width\":512,\"height\":512,\"caption\":\"Klima-Allianz\"},\"image\":{\"@id\":\"https:\\\/\\\/www.klima-allianz.ch\\\/fr\\\/#\\\/schema\\\/logo\\\/image\\\/\"}}]}<\/script>\n<!-- \/ Yoast SEO plugin. -->","yoast_head_json":{"title":"Solar Impulse Foundation\u2019s Pioneers Forum &#8226; Alliance Climatique","robots":{"index":"index","follow":"follow","max-snippet":"max-snippet:-1","max-image-preview":"max-image-preview:large","max-video-preview":"max-video-preview:-1"},"canonical":"https:\/\/www.klima-allianz.ch\/fr\/evenements\/solar-impulse-foundations-pioneers-forum\/","og_locale":"fr_FR","og_type":"article","og_title":"Solar Impulse Foundation\u2019s Pioneers Forum &#8226; Alliance Climatique","og_url":"https:\/\/www.klima-allianz.ch\/fr\/evenements\/solar-impulse-foundations-pioneers-forum\/","og_site_name":"Alliance Climatique","article_modified_time":"2026-03-11T08:51:50+00:00","og_image":[{"width":700,"height":467,"url":"https:\/\/www.klima-allianz.ch\/wp-content\/uploads\/awards-section.jpg","type":"image\/jpeg"}],"twitter_card":"summary_large_image","twitter_misc":{"Dur\u00e9e de lecture estim\u00e9e":"1 minute"},"schema":{"@context":"https:\/\/schema.org","@graph":[{"@type":"WebPage","@id":"https:\/\/www.klima-allianz.ch\/fr\/evenements\/solar-impulse-foundations-pioneers-forum\/","url":"https:\/\/www.klima-allianz.ch\/fr\/evenements\/solar-impulse-foundations-pioneers-forum\/","name":"Solar Impulse Foundation\u2019s Pioneers Forum &#8226; Alliance Climatique","isPartOf":{"@id":"https:\/\/www.klima-allianz.ch\/fr\/#website"},"primaryImageOfPage":{"@id":"https:\/\/www.klima-allianz.ch\/fr\/evenements\/solar-impulse-foundations-pioneers-forum\/#primaryimage"},"image":{"@id":"https:\/\/www.klima-allianz.ch\/fr\/evenements\/solar-impulse-foundations-pioneers-forum\/#primaryimage"},"thumbnailUrl":"https:\/\/www.klima-allianz.ch\/wp-content\/uploads\/awards-section.jpg","datePublished":"2026-03-11T08:41:16+00:00","dateModified":"2026-03-11T08:51:50+00:00","breadcrumb":{"@id":"https:\/\/www.klima-allianz.ch\/fr\/evenements\/solar-impulse-foundations-pioneers-forum\/#breadcrumb"},"inLanguage":"fr-FR","potentialAction":[{"@type":"ReadAction","target":["https:\/\/www.klima-allianz.ch\/fr\/evenements\/solar-impulse-foundations-pioneers-forum\/"]}]},{"@type":"ImageObject","inLanguage":"fr-FR","@id":"https:\/\/www.klima-allianz.ch\/fr\/evenements\/solar-impulse-foundations-pioneers-forum\/#primaryimage","url":"https:\/\/www.klima-allianz.ch\/wp-content\/uploads\/awards-section.jpg","contentUrl":"https:\/\/www.klima-allianz.ch\/wp-content\/uploads\/awards-section.jpg","width":700,"height":467},{"@type":"BreadcrumbList","@id":"https:\/\/www.klima-allianz.ch\/fr\/evenements\/solar-impulse-foundations-pioneers-forum\/#breadcrumb","itemListElement":[{"@type":"ListItem","position":1,"name":"Home","item":"https:\/\/www.klima-allianz.ch\/fr\/"},{"@type":"ListItem","position":2,"name":"\u00c9v\u00e9nements","item":"https:\/\/www.klima-allianz.ch\/fr\/evenements\/"},{"@type":"ListItem","position":3,"name":"Solar Impulse Foundation\u2019s Pioneers Forum"}]},{"@type":"WebSite","@id":"https:\/\/www.klima-allianz.ch\/fr\/#website","url":"https:\/\/www.klima-allianz.ch\/fr\/","name":"Alliance Climatique","description":"","publisher":{"@id":"https:\/\/www.klima-allianz.ch\/fr\/#organization"},"potentialAction":[{"@type":"SearchAction","target":{"@type":"EntryPoint","urlTemplate":"https:\/\/www.klima-allianz.ch\/fr\/?s={search_term_string}"},"query-input":{"@type":"PropertyValueSpecification","valueRequired":true,"valueName":"search_term_string"}}],"inLanguage":"fr-FR"},{"@type":"Organization","@id":"https:\/\/www.klima-allianz.ch\/fr\/#organization","name":"Klima-Allianz","url":"https:\/\/www.klima-allianz.ch\/fr\/","logo":{"@type":"ImageObject","inLanguage":"fr-FR","@id":"https:\/\/www.klima-allianz.ch\/fr\/#\/schema\/logo\/image\/","url":"https:\/\/www.klima-allianz.ch\/wp-content\/uploads\/KA-Favicon-Kreis-1.png","contentUrl":"https:\/\/www.klima-allianz.ch\/wp-content\/uploads\/KA-Favicon-Kreis-1.png","width":512,"height":512,"caption":"Klima-Allianz"},"image":{"@id":"https:\/\/www.klima-allianz.ch\/fr\/#\/schema\/logo\/image\/"}}]}},"_links":{"self":[{"href":"https:\/\/www.klima-allianz.ch\/fr\/wp-json\/wp\/v2\/veranstaltungen\/14980","targetHints":{"allow":["GET"]}}],"collection":[{"href":"https:\/\/www.klima-allianz.ch\/fr\/wp-json\/wp\/v2\/veranstaltungen"}],"about":[{"href":"https:\/\/www.klima-allianz.ch\/fr\/wp-json\/wp\/v2\/types\/veranstaltungen"}],"wp:featuredmedia":[{"embeddable":true,"href":"https:\/\/www.klima-allianz.ch\/fr\/wp-json\/wp\/v2\/media\/14979"}],"wp:attachment":[{"href":"https:\/\/www.klima-allianz.ch\/fr\/wp-json\/wp\/v2\/media?parent=14980"}],"wp:term":[{"taxonomy":"regionen","embeddable":true,"href":"https:\/\/www.klima-allianz.ch\/fr\/wp-json\/wp\/v2\/regionen?post=14980"},{"taxonomy":"themen_tax","embeddable":true,"href":"https:\/\/www.klima-allianz.ch\/fr\/wp-json\/wp\/v2\/themen_tax?post=14980"}],"curies":[{"name":"wp","href":"https:\/\/api.w.org\/{rel}","templated":true}]}}

<strong>Promouvoir des solutions et encourager l'action climatique.</strong>

Le <a href="https://solarimpulse.com/pioneers-forum#"><strong>Pioneers Forum</strong></a> est l'événement phare de la Fondation Solar Impulse. Il est conçu pour activer et connecter son écosystème unique autour de l'adoption de solutions innovantes et efficaces. Depuis deux ans, il offre une plateforme pour partager des idées axées sur l'impact et favoriser des collaborations significatives entre les différents secteurs.

Au cœur de l'événement se trouvent les <a href="https://solarimpulse.com/pioneer-awards"><strong>Pioneer Awards</strong></a>, qui récompensent cinq duos gagnants, composés d'une solution efficace et de son client-adoptant, dans des secteurs clés tels que les processus industriels, la mobilité, l'agroalimentaire, le bâtiment et les services publics. Ces prix rendent hommage à ceux qui remettent en question le statu quo et transforment les obstacles en opportunités, inspirant ainsi les progrès vers un avenir plus durable et plus économe en ressources.

<!-- notionvc: bbb6011f-b58e-4599-ad84-40b079dc2076 -->

<!-- This site is optimized with the Yoast SEO plugin v27.5 - https://yoast.com/product/yoast-seo-wordpress/ -->
<title>Solar Impulse Foundation’s Pioneers Forum &#8226; Alliance Climatique</title>
<meta name="robots" content="index, follow, max-snippet:-1, max-image-preview:large, max-video-preview:-1" />
<link rel="canonical" href="https://www.klima-allianz.ch/fr/evenements/solar-impulse-foundations-pioneers-forum/" />
<meta property="og:locale" content="fr_FR" />
<meta property="og:type" content="article" />
<meta property="og:title" content="Solar Impulse Foundation’s Pioneers Forum &#8226; Alliance Climatique" />
<meta property="og:url" content="https://www.klima-allianz.ch/fr/evenements/solar-impulse-foundations-pioneers-forum/" />
<meta property="og:site_name" content="Alliance Climatique" />
<meta property="article:modified_time" content="2026-03-11T08:51:50+00:00" />
<meta property="og:image" content="https://www.klima-allianz.ch/wp-content/uploads/awards-section.jpg" />
	<meta property="og:image:width" content="700" />
	<meta property="og:image:height" content="467" />
	<meta property="og:image:type" content="image/jpeg" />
<meta name="twitter:card" content="summary_large_image" />
<meta name="twitter:label1" content="Durée de lecture estimée" />
	<meta name="twitter:data1" content="1 minute" />
<script type="application/ld+json" class="yoast-schema-graph">{"@context":"https:\/\/schema.org","@graph":[{"@type":"WebPage","@id":"https:\/\/www.klima-allianz.ch\/fr\/evenements\/solar-impulse-foundations-pioneers-forum\/","url":"https:\/\/www.klima-allianz.ch\/fr\/evenements\/solar-impulse-foundations-pioneers-forum\/","name":"Solar Impulse Foundation’s Pioneers Forum &#8226; Alliance Climatique","isPartOf":{"@id":"https:\/\/www.klima-allianz.ch\/fr\/#website"},"primaryImageOfPage":{"@id":"https:\/\/www.klima-allianz.ch\/fr\/evenements\/solar-impulse-foundations-pioneers-forum\/#primaryimage"},"image":{"@id":"https:\/\/www.klima-allianz.ch\/fr\/evenements\/solar-impulse-foundations-pioneers-forum\/#primaryimage"},"thumbnailUrl":"https:\/\/www.klima-allianz.ch\/wp-content\/uploads\/awards-section.jpg","datePublished":"2026-03-11T08:41:16+00:00","dateModified":"2026-03-11T08:51:50+00:00","breadcrumb":{"@id":"https:\/\/www.klima-allianz.ch\/fr\/evenements\/solar-impulse-foundations-pioneers-forum\/#breadcrumb"},"inLanguage":"fr-FR","potentialAction":[{"@type":"ReadAction","target":["https:\/\/www.klima-allianz.ch\/fr\/evenements\/solar-impulse-foundations-pioneers-forum\/"]}]},{"@type":"ImageObject","inLanguage":"fr-FR","@id":"https:\/\/www.klima-allianz.ch\/fr\/evenements\/solar-impulse-foundations-pioneers-forum\/#primaryimage","url":"https:\/\/www.klima-allianz.ch\/wp-content\/uploads\/awards-section.jpg","contentUrl":"https:\/\/www.klima-allianz.ch\/wp-content\/uploads\/awards-section.jpg","width":700,"height":467},{"@type":"BreadcrumbList","@id":"https:\/\/www.klima-allianz.ch\/fr\/evenements\/solar-impulse-foundations-pioneers-forum\/#breadcrumb","itemListElement":[{"@type":"ListItem","position":1,"name":"Home","item":"https:\/\/www.klima-allianz.ch\/fr\/"},{"@type":"ListItem","position":2,"name":"Événements","item":"https:\/\/www.klima-allianz.ch\/fr\/evenements\/"},{"@type":"ListItem","position":3,"name":"Solar Impulse Foundation’s Pioneers Forum"}]},{"@type":"WebSite","@id":"https:\/\/www.klima-allianz.ch\/fr\/#website","url":"https:\/\/www.klima-allianz.ch\/fr\/","name":"Alliance Climatique","description":"","publisher":{"@id":"https:\/\/www.klima-allianz.ch\/fr\/#organization"},"potentialAction":[{"@type":"SearchAction","target":{"@type":"EntryPoint","urlTemplate":"https:\/\/www.klima-allianz.ch\/fr\/?s={search_term_string}"},"query-input":{"@type":"PropertyValueSpecification","valueRequired":true,"valueName":"search_term_string"}}],"inLanguage":"fr-FR"},{"@type":"Organization","@id":"https:\/\/www.klima-allianz.ch\/fr\/#organization","name":"Klima-Allianz","url":"https:\/\/www.klima-allianz.ch\/fr\/","logo":{"@type":"ImageObject","inLanguage":"fr-FR","@id":"https:\/\/www.klima-allianz.ch\/fr\/#\/schema\/logo\/image\/","url":"https:\/\/www.klima-allianz.ch\/wp-content\/uploads\/KA-Favicon-Kreis-1.png","contentUrl":"https:\/\/www.klima-allianz.ch\/wp-content\/uploads\/KA-Favicon-Kreis-1.png","width":512,"height":512,"caption":"Klima-Allianz"},"image":{"@id":"https:\/\/www.klima-allianz.ch\/fr\/#\/schema\/logo\/image\/"}}]}</script>
<!-- / Yoast SEO plugin. -->

Événements
