{"id":6798,"date":"2021-06-08T07:12:00","date_gmt":"2021-06-08T07:12:00","guid":{"rendered":"https:\/\/www.klima-allianz.ch\/veranstaltungen\/6798\/"},"modified":"2021-06-08T11:30:30","modified_gmt":"2021-06-08T11:30:30","slug":"workshop-bns","status":"publish","type":"veranstaltungen","link":"https:\/\/www.klima-allianz.ch\/fr\/evenements\/workshop-bns\/","title":{"rendered":"Workshop en ligne sur la Banque nationale suisse"},"content":{"rendered":"","protected":false},"featured_media":0,"template":"","regionen":[],"themen_tax":[],"class_list":["post-6798","veranstaltungen","type-veranstaltungen","status-publish","hentry"],"better_featured_image":null,"acf":{"single_day_event":"single-day","zeige_uhrzeit":true,"datum":"2021-06-17 19:30:00","multipleday_event_end_datum":null,"endzeit":"21:30","beschreibung":"<p dir=\"ltr\">Que fait r\u00e9ellement la Banque nationale suisse ? Et qu'en est-il des r\u00e9gulateurs et de l'autorit\u00e9 de surveillance financi\u00e8re Finma ? Comment et pourquoi font-ils partie d'un syst\u00e8me financier qui alimente la crise climatique\u00a0et de la biodiversit\u00e9 au lieu de servir les gens et la plan\u00e8te ? Renseignez-vous, amenez vos ami\u00b7e\u00b7x\u00b7s et participez \u00e0 la discussion sur ce qui peut \u00eatre fait.<\/p>\r\n<strong>Inscription:<\/strong>\r\n<a href=\"https:\/\/us02web.zoom.us\/meeting\/register\/tZElf-6pqTgpHdMZYkBIXOHVkgEu95oEMc1g\">https:\/\/us02web.zoom.us\/meeting\/register\/tZElf-6pqTgpHdMZYkBIXOHVkgEu95oEMc1g<\/a>\r\n\r\nApr\u00e8s l'inscription, tu recevras\u00a0un mail de confirmation contenant des informations sur la participation.\r\n\r\n<strong>Langue :<\/strong>\r\nNous conduirons ce workshop\u00a0en anglais afin d'atteindre toutes les r\u00e9gions linguistiques de la Suisse. Toutefois, tou\u00b7te\u00b7s les participant\u00b7e\u00b7x\u00b7s\u00a0peuvent s'exprimer dans leur propre langue et quelqu'un\u00b7x\u00b7e\u00a0se chargera de la traduction en anglais.\r\n<p dir=\"ltr\"><strong>Organisateur\u00b7rice\u00b7s:<\/strong>\r\nAsti Roesle, Alliance climatique\r\nGuillaume Durin, BreakFree Suisse\r\nPayal Parekh\r\nUrs Arnold, Campax<\/p>","adresse":"En ligne","map":null,"organisator_type":"extern","veranstalter":null,"veranstalter_extern":{"name_des_veranstalters":"Alliance climatique, BreakFree Suisse, Campax","logo":""},"downloads":null},"yoast_head":"<!-- This site is optimized with the Yoast SEO plugin v27.5 - https:\/\/yoast.com\/product\/yoast-seo-wordpress\/ -->\n<title>Workshop en ligne sur la Banque nationale suisse &#8226; Alliance Climatique<\/title>\n<meta name=\"robots\" content=\"index, follow, max-snippet:-1, max-image-preview:large, max-video-preview:-1\" \/>\n<link rel=\"canonical\" href=\"https:\/\/www.klima-allianz.ch\/fr\/evenements\/workshop-bns\/\" \/>\n<meta property=\"og:locale\" content=\"fr_FR\" \/>\n<meta property=\"og:type\" content=\"article\" \/>\n<meta property=\"og:title\" content=\"Workshop en ligne sur la Banque nationale suisse &#8226; Alliance Climatique\" \/>\n<meta property=\"og:url\" content=\"https:\/\/www.klima-allianz.ch\/fr\/evenements\/workshop-bns\/\" \/>\n<meta property=\"og:site_name\" content=\"Alliance Climatique\" \/>\n<meta property=\"article:modified_time\" content=\"2021-06-08T11:30:30+00:00\" \/>\n<meta name=\"twitter:card\" content=\"summary_large_image\" \/>\n<script type=\"application\/ld+json\" class=\"yoast-schema-graph\">{\"@context\":\"https:\\\/\\\/schema.org\",\"@graph\":[{\"@type\":\"WebPage\",\"@id\":\"https:\\\/\\\/www.klima-allianz.ch\\\/fr\\\/evenements\\\/workshop-bns\\\/\",\"url\":\"https:\\\/\\\/www.klima-allianz.ch\\\/fr\\\/evenements\\\/workshop-bns\\\/\",\"name\":\"Workshop en ligne sur la Banque nationale suisse &#8226; Alliance Climatique\",\"isPartOf\":{\"@id\":\"https:\\\/\\\/www.klima-allianz.ch\\\/fr\\\/#website\"},\"datePublished\":\"2021-06-08T07:12:00+00:00\",\"dateModified\":\"2021-06-08T11:30:30+00:00\",\"breadcrumb\":{\"@id\":\"https:\\\/\\\/www.klima-allianz.ch\\\/fr\\\/evenements\\\/workshop-bns\\\/#breadcrumb\"},\"inLanguage\":\"fr-FR\",\"potentialAction\":[{\"@type\":\"ReadAction\",\"target\":[\"https:\\\/\\\/www.klima-allianz.ch\\\/fr\\\/evenements\\\/workshop-bns\\\/\"]}]},{\"@type\":\"BreadcrumbList\",\"@id\":\"https:\\\/\\\/www.klima-allianz.ch\\\/fr\\\/evenements\\\/workshop-bns\\\/#breadcrumb\",\"itemListElement\":[{\"@type\":\"ListItem\",\"position\":1,\"name\":\"Home\",\"item\":\"https:\\\/\\\/www.klima-allianz.ch\\\/fr\\\/\"},{\"@type\":\"ListItem\",\"position\":2,\"name\":\"\u00c9v\u00e9nements\",\"item\":\"https:\\\/\\\/www.klima-allianz.ch\\\/fr\\\/evenements\\\/\"},{\"@type\":\"ListItem\",\"position\":3,\"name\":\"Workshop en ligne sur la Banque nationale suisse\"}]},{\"@type\":\"WebSite\",\"@id\":\"https:\\\/\\\/www.klima-allianz.ch\\\/fr\\\/#website\",\"url\":\"https:\\\/\\\/www.klima-allianz.ch\\\/fr\\\/\",\"name\":\"Alliance Climatique\",\"description\":\"\",\"publisher\":{\"@id\":\"https:\\\/\\\/www.klima-allianz.ch\\\/fr\\\/#organization\"},\"potentialAction\":[{\"@type\":\"SearchAction\",\"target\":{\"@type\":\"EntryPoint\",\"urlTemplate\":\"https:\\\/\\\/www.klima-allianz.ch\\\/fr\\\/?s={search_term_string}\"},\"query-input\":{\"@type\":\"PropertyValueSpecification\",\"valueRequired\":true,\"valueName\":\"search_term_string\"}}],\"inLanguage\":\"fr-FR\"},{\"@type\":\"Organization\",\"@id\":\"https:\\\/\\\/www.klima-allianz.ch\\\/fr\\\/#organization\",\"name\":\"Klima-Allianz\",\"url\":\"https:\\\/\\\/www.klima-allianz.ch\\\/fr\\\/\",\"logo\":{\"@type\":\"ImageObject\",\"inLanguage\":\"fr-FR\",\"@id\":\"https:\\\/\\\/www.klima-allianz.ch\\\/fr\\\/#\\\/schema\\\/logo\\\/image\\\/\",\"url\":\"https:\\\/\\\/www.klima-allianz.ch\\\/wp-content\\\/uploads\\\/KA-Favicon-Kreis-1.png\",\"contentUrl\":\"https:\\\/\\\/www.klima-allianz.ch\\\/wp-content\\\/uploads\\\/KA-Favicon-Kreis-1.png\",\"width\":512,\"height\":512,\"caption\":\"Klima-Allianz\"},\"image\":{\"@id\":\"https:\\\/\\\/www.klima-allianz.ch\\\/fr\\\/#\\\/schema\\\/logo\\\/image\\\/\"}}]}<\/script>\n<!-- \/ Yoast SEO plugin. -->","yoast_head_json":{"title":"Workshop en ligne sur la Banque nationale suisse &#8226; Alliance Climatique","robots":{"index":"index","follow":"follow","max-snippet":"max-snippet:-1","max-image-preview":"max-image-preview:large","max-video-preview":"max-video-preview:-1"},"canonical":"https:\/\/www.klima-allianz.ch\/fr\/evenements\/workshop-bns\/","og_locale":"fr_FR","og_type":"article","og_title":"Workshop en ligne sur la Banque nationale suisse &#8226; Alliance Climatique","og_url":"https:\/\/www.klima-allianz.ch\/fr\/evenements\/workshop-bns\/","og_site_name":"Alliance Climatique","article_modified_time":"2021-06-08T11:30:30+00:00","twitter_card":"summary_large_image","schema":{"@context":"https:\/\/schema.org","@graph":[{"@type":"WebPage","@id":"https:\/\/www.klima-allianz.ch\/fr\/evenements\/workshop-bns\/","url":"https:\/\/www.klima-allianz.ch\/fr\/evenements\/workshop-bns\/","name":"Workshop en ligne sur la Banque nationale suisse &#8226; Alliance Climatique","isPartOf":{"@id":"https:\/\/www.klima-allianz.ch\/fr\/#website"},"datePublished":"2021-06-08T07:12:00+00:00","dateModified":"2021-06-08T11:30:30+00:00","breadcrumb":{"@id":"https:\/\/www.klima-allianz.ch\/fr\/evenements\/workshop-bns\/#breadcrumb"},"inLanguage":"fr-FR","potentialAction":[{"@type":"ReadAction","target":["https:\/\/www.klima-allianz.ch\/fr\/evenements\/workshop-bns\/"]}]},{"@type":"BreadcrumbList","@id":"https:\/\/www.klima-allianz.ch\/fr\/evenements\/workshop-bns\/#breadcrumb","itemListElement":[{"@type":"ListItem","position":1,"name":"Home","item":"https:\/\/www.klima-allianz.ch\/fr\/"},{"@type":"ListItem","position":2,"name":"\u00c9v\u00e9nements","item":"https:\/\/www.klima-allianz.ch\/fr\/evenements\/"},{"@type":"ListItem","position":3,"name":"Workshop en ligne sur la Banque nationale suisse"}]},{"@type":"WebSite","@id":"https:\/\/www.klima-allianz.ch\/fr\/#website","url":"https:\/\/www.klima-allianz.ch\/fr\/","name":"Alliance Climatique","description":"","publisher":{"@id":"https:\/\/www.klima-allianz.ch\/fr\/#organization"},"potentialAction":[{"@type":"SearchAction","target":{"@type":"EntryPoint","urlTemplate":"https:\/\/www.klima-allianz.ch\/fr\/?s={search_term_string}"},"query-input":{"@type":"PropertyValueSpecification","valueRequired":true,"valueName":"search_term_string"}}],"inLanguage":"fr-FR"},{"@type":"Organization","@id":"https:\/\/www.klima-allianz.ch\/fr\/#organization","name":"Klima-Allianz","url":"https:\/\/www.klima-allianz.ch\/fr\/","logo":{"@type":"ImageObject","inLanguage":"fr-FR","@id":"https:\/\/www.klima-allianz.ch\/fr\/#\/schema\/logo\/image\/","url":"https:\/\/www.klima-allianz.ch\/wp-content\/uploads\/KA-Favicon-Kreis-1.png","contentUrl":"https:\/\/www.klima-allianz.ch\/wp-content\/uploads\/KA-Favicon-Kreis-1.png","width":512,"height":512,"caption":"Klima-Allianz"},"image":{"@id":"https:\/\/www.klima-allianz.ch\/fr\/#\/schema\/logo\/image\/"}}]}},"_links":{"self":[{"href":"https:\/\/www.klima-allianz.ch\/fr\/wp-json\/wp\/v2\/veranstaltungen\/6798","targetHints":{"allow":["GET"]}}],"collection":[{"href":"https:\/\/www.klima-allianz.ch\/fr\/wp-json\/wp\/v2\/veranstaltungen"}],"about":[{"href":"https:\/\/www.klima-allianz.ch\/fr\/wp-json\/wp\/v2\/types\/veranstaltungen"}],"wp:attachment":[{"href":"https:\/\/www.klima-allianz.ch\/fr\/wp-json\/wp\/v2\/media?parent=6798"}],"wp:term":[{"taxonomy":"regionen","embeddable":true,"href":"https:\/\/www.klima-allianz.ch\/fr\/wp-json\/wp\/v2\/regionen?post=6798"},{"taxonomy":"themen_tax","embeddable":true,"href":"https:\/\/www.klima-allianz.ch\/fr\/wp-json\/wp\/v2\/themen_tax?post=6798"}],"curies":[{"name":"wp","href":"https:\/\/api.w.org\/{rel}","templated":true}]}}

<p dir="ltr">Que fait réellement la Banque nationale suisse ? Et qu'en est-il des régulateurs et de l'autorité de surveillance financière Finma ? Comment et pourquoi font-ils partie d'un système financier qui alimente la crise climatique et de la biodiversité au lieu de servir les gens et la planète ? Renseignez-vous, amenez vos ami·e·x·s et participez à la discussion sur ce qui peut être fait.</p>
<strong>Inscription:</strong>
<a href="https://us02web.zoom.us/meeting/register/tZElf-6pqTgpHdMZYkBIXOHVkgEu95oEMc1g">https://us02web.zoom.us/meeting/register/tZElf-6pqTgpHdMZYkBIXOHVkgEu95oEMc1g</a>

Après l'inscription, tu recevras un mail de confirmation contenant des informations sur la participation.

<strong>Langue :</strong>
Nous conduirons ce workshop en anglais afin d'atteindre toutes les régions linguistiques de la Suisse. Toutefois, tou·te·s les participant·e·x·s peuvent s'exprimer dans leur propre langue et quelqu'un·x·e se chargera de la traduction en anglais.
<p dir="ltr"><strong>Organisateur·rice·s:</strong>
Asti Roesle, Alliance climatique
Guillaume Durin, BreakFree Suisse
Payal Parekh
Urs Arnold, Campax</p>

<!-- This site is optimized with the Yoast SEO plugin v27.5 - https://yoast.com/product/yoast-seo-wordpress/ -->
<title>Workshop en ligne sur la Banque nationale suisse &#8226; Alliance Climatique</title>
<meta name="robots" content="index, follow, max-snippet:-1, max-image-preview:large, max-video-preview:-1" />
<link rel="canonical" href="https://www.klima-allianz.ch/fr/evenements/workshop-bns/" />
<meta property="og:locale" content="fr_FR" />
<meta property="og:type" content="article" />
<meta property="og:title" content="Workshop en ligne sur la Banque nationale suisse &#8226; Alliance Climatique" />
<meta property="og:url" content="https://www.klima-allianz.ch/fr/evenements/workshop-bns/" />
<meta property="og:site_name" content="Alliance Climatique" />
<meta property="article:modified_time" content="2021-06-08T11:30:30+00:00" />
<meta name="twitter:card" content="summary_large_image" />
<script type="application/ld+json" class="yoast-schema-graph">{"@context":"https:\/\/schema.org","@graph":[{"@type":"WebPage","@id":"https:\/\/www.klima-allianz.ch\/fr\/evenements\/workshop-bns\/","url":"https:\/\/www.klima-allianz.ch\/fr\/evenements\/workshop-bns\/","name":"Workshop en ligne sur la Banque nationale suisse &#8226; Alliance Climatique","isPartOf":{"@id":"https:\/\/www.klima-allianz.ch\/fr\/#website"},"datePublished":"2021-06-08T07:12:00+00:00","dateModified":"2021-06-08T11:30:30+00:00","breadcrumb":{"@id":"https:\/\/www.klima-allianz.ch\/fr\/evenements\/workshop-bns\/#breadcrumb"},"inLanguage":"fr-FR","potentialAction":[{"@type":"ReadAction","target":["https:\/\/www.klima-allianz.ch\/fr\/evenements\/workshop-bns\/"]}]},{"@type":"BreadcrumbList","@id":"https:\/\/www.klima-allianz.ch\/fr\/evenements\/workshop-bns\/#breadcrumb","itemListElement":[{"@type":"ListItem","position":1,"name":"Home","item":"https:\/\/www.klima-allianz.ch\/fr\/"},{"@type":"ListItem","position":2,"name":"Événements","item":"https:\/\/www.klima-allianz.ch\/fr\/evenements\/"},{"@type":"ListItem","position":3,"name":"Workshop en ligne sur la Banque nationale suisse"}]},{"@type":"WebSite","@id":"https:\/\/www.klima-allianz.ch\/fr\/#website","url":"https:\/\/www.klima-allianz.ch\/fr\/","name":"Alliance Climatique","description":"","publisher":{"@id":"https:\/\/www.klima-allianz.ch\/fr\/#organization"},"potentialAction":[{"@type":"SearchAction","target":{"@type":"EntryPoint","urlTemplate":"https:\/\/www.klima-allianz.ch\/fr\/?s={search_term_string}"},"query-input":{"@type":"PropertyValueSpecification","valueRequired":true,"valueName":"search_term_string"}}],"inLanguage":"fr-FR"},{"@type":"Organization","@id":"https:\/\/www.klima-allianz.ch\/fr\/#organization","name":"Klima-Allianz","url":"https:\/\/www.klima-allianz.ch\/fr\/","logo":{"@type":"ImageObject","inLanguage":"fr-FR","@id":"https:\/\/www.klima-allianz.ch\/fr\/#\/schema\/logo\/image\/","url":"https:\/\/www.klima-allianz.ch\/wp-content\/uploads\/KA-Favicon-Kreis-1.png","contentUrl":"https:\/\/www.klima-allianz.ch\/wp-content\/uploads\/KA-Favicon-Kreis-1.png","width":512,"height":512,"caption":"Klima-Allianz"},"image":{"@id":"https:\/\/www.klima-allianz.ch\/fr\/#\/schema\/logo\/image\/"}}]}</script>
<!-- / Yoast SEO plugin. -->

Événements
