{"id":9920,"date":"2023-04-19T10:50:37","date_gmt":"2023-04-19T08:50:37","guid":{"rendered":"https:\/\/www.klima-allianz.ch\/veranstaltungen\/high-level-dialogue-on-world-environment-day\/"},"modified":"2023-05-01T09:52:53","modified_gmt":"2023-05-01T07:52:53","slug":"high-level-dialogue-on-world-environment-day","status":"publish","type":"veranstaltungen","link":"https:\/\/www.klima-allianz.ch\/fr\/evenements\/high-level-dialogue-on-world-environment-day\/","title":{"rendered":"High-Level Dialogue on World Environment Day"},"content":{"rendered":"","protected":false},"featured_media":0,"template":"","regionen":[31,26,27,28,70,71,29,30],"themen_tax":[58,57,60,59,61],"class_list":["post-9920","veranstaltungen","type-veranstaltungen","status-publish","hentry","regionen-autres","regionen-bale","regionen-berne","regionen-suisse-romande","regionen-suisse-centrale","regionen-suisse-orientale","regionen-ticino","regionen-zurich","themen_tax-alimentation","themen_tax-energie-fr","themen_tax-justice-climatique","themen_tax-place-financiere","themen_tax-politique-climatique"],"better_featured_image":null,"acf":{"single_day_event":"single-day","zeige_uhrzeit":true,"datum":"2023-06-05 14:30:00","multipleday_event_end_datum":null,"endzeit":"17:00","beschreibung":"<strong>High-Level Dialogue with women championing resilience and multiplying solutions in the face of the triple crisis for climate, food & energy<\/strong>\r\n\r\nOn June 5th 2023, for the World Environment Day, we will host an inclusive dialogue in Geneva, with representatives from the UAE (COP28 incoming Presidency) as well as other key countries and women leaders, female spokespersons from the Global South. With the combination of climate change, conflicts, natural disasters, as well as the on-going food, finance and energy crisis, we believe that it is utterly important to give a voice to the people who are on the front lines of these impacts.\r\n\r\nThis event is organized together with the UN Food & Agriculture Organization (FAO) and in partnership with UNECE, UNITAR, the International Gender Champions Secretariat, the New Women Connectors and the IFRC among others.\r\n\r\nDistinguished speakers include H.E. Lubna Qassim, Minister Plenipotentiary, Deputy Permanent Representative for the UAE ; Fleur Heyworth, Head of the International Gender Champions Secretariat and several SHE Changes Climate Ambassadors from around the world.\r\n\r\n\u00a0\r\n\r\n<strong><u>Useful links<\/u><\/strong>\r\n\r\n<a href=\"https:\/\/www.shechangesclimate.org\/\">https:\/\/www.shechangesclimate.org\/<\/a>\r\n\r\n<strong><u>Contact persons<\/u><\/strong>\r\n\r\nElise Buckle, co-founder SHE Changes Climate, <a href=\"mailto:ebuckle@climate-sustainability.org\">ebuckle@climate-sustainability.org<\/a>\r\n\r\nMonique Nanchen, event coordinator, <a href=\"mailto:monique.nanchen@graduateinstitute.ch\">monique.nanchen@graduateinstitute.ch<\/a>\r\n\r\n<span style=\"text-decoration: underline;\">Inscription:<\/span> <a href=\"https:\/\/www.eventbrite.ch\/e\/high-level-dialogue-on-world-environment-day-tickets-609375166527\">High-Level Dialogue on World Environment Day Tickets, Mon 5 Jun 2023 at 14:30 | Eventbrite<\/a>","adresse":"Domaine de Penthes, Geneva Press Club \r\nChemin de l'Imp\u00e9ratrice 18 1292 Pregny-Chamb\u00e9sy","map":{"address":"Le Club suisse de la presse (CSP), Chemin de l'Imp\u00e9ratrice, Pregny-Chamb\u00e9sy, Suisse","lat":46.23205080000000322115738526917994022369384765625,"lng":6.14013439999999999230340108624659478664398193359375,"zoom":11,"place_id":"ChIJUSIpo-9kjEcR0lqPlPVYck4","name":"Le Club suisse de la presse (CSP)","street_number":18,"street_name":"Chemin de l'Imp\u00e9ratrice","street_name_short":"Chem. de l'Imp\u00e9ratrice","city":"Pregny-Chamb\u00e9sy","state":"Gen\u00e8ve","state_short":"GE","post_code":1292,"country":"Suisse","country_short":"CH"},"organisator_type":"extern","veranstalter":null,"veranstalter_extern":{"name_des_veranstalters":"SHE Changes Climate","logo":null},"downloads":null},"yoast_head":"<!-- This site is optimized with the Yoast SEO plugin v27.5 - https:\/\/yoast.com\/product\/yoast-seo-wordpress\/ -->\n<title>High-Level Dialogue on World Environment Day &#8226; Alliance Climatique<\/title>\n<meta name=\"robots\" content=\"index, follow, max-snippet:-1, max-image-preview:large, max-video-preview:-1\" \/>\n<link rel=\"canonical\" href=\"https:\/\/www.klima-allianz.ch\/fr\/evenements\/high-level-dialogue-on-world-environment-day\/\" \/>\n<meta property=\"og:locale\" content=\"fr_FR\" \/>\n<meta property=\"og:type\" content=\"article\" \/>\n<meta property=\"og:title\" content=\"High-Level Dialogue on World Environment Day &#8226; Alliance Climatique\" \/>\n<meta property=\"og:url\" content=\"https:\/\/www.klima-allianz.ch\/fr\/evenements\/high-level-dialogue-on-world-environment-day\/\" \/>\n<meta property=\"og:site_name\" content=\"Alliance Climatique\" \/>\n<meta property=\"article:modified_time\" content=\"2023-05-01T07:52:53+00:00\" \/>\n<meta name=\"twitter:card\" content=\"summary_large_image\" \/>\n<script type=\"application\/ld+json\" class=\"yoast-schema-graph\">{\"@context\":\"https:\\\/\\\/schema.org\",\"@graph\":[{\"@type\":\"WebPage\",\"@id\":\"https:\\\/\\\/www.klima-allianz.ch\\\/fr\\\/evenements\\\/high-level-dialogue-on-world-environment-day\\\/\",\"url\":\"https:\\\/\\\/www.klima-allianz.ch\\\/fr\\\/evenements\\\/high-level-dialogue-on-world-environment-day\\\/\",\"name\":\"High-Level Dialogue on World Environment Day &#8226; Alliance Climatique\",\"isPartOf\":{\"@id\":\"https:\\\/\\\/www.klima-allianz.ch\\\/fr\\\/#website\"},\"datePublished\":\"2023-04-19T08:50:37+00:00\",\"dateModified\":\"2023-05-01T07:52:53+00:00\",\"breadcrumb\":{\"@id\":\"https:\\\/\\\/www.klima-allianz.ch\\\/fr\\\/evenements\\\/high-level-dialogue-on-world-environment-day\\\/#breadcrumb\"},\"inLanguage\":\"fr-FR\",\"potentialAction\":[{\"@type\":\"ReadAction\",\"target\":[\"https:\\\/\\\/www.klima-allianz.ch\\\/fr\\\/evenements\\\/high-level-dialogue-on-world-environment-day\\\/\"]}]},{\"@type\":\"BreadcrumbList\",\"@id\":\"https:\\\/\\\/www.klima-allianz.ch\\\/fr\\\/evenements\\\/high-level-dialogue-on-world-environment-day\\\/#breadcrumb\",\"itemListElement\":[{\"@type\":\"ListItem\",\"position\":1,\"name\":\"Home\",\"item\":\"https:\\\/\\\/www.klima-allianz.ch\\\/fr\\\/\"},{\"@type\":\"ListItem\",\"position\":2,\"name\":\"\u00c9v\u00e9nements\",\"item\":\"https:\\\/\\\/www.klima-allianz.ch\\\/fr\\\/evenements\\\/\"},{\"@type\":\"ListItem\",\"position\":3,\"name\":\"High-Level Dialogue on World Environment Day\"}]},{\"@type\":\"WebSite\",\"@id\":\"https:\\\/\\\/www.klima-allianz.ch\\\/fr\\\/#website\",\"url\":\"https:\\\/\\\/www.klima-allianz.ch\\\/fr\\\/\",\"name\":\"Alliance Climatique\",\"description\":\"\",\"publisher\":{\"@id\":\"https:\\\/\\\/www.klima-allianz.ch\\\/fr\\\/#organization\"},\"potentialAction\":[{\"@type\":\"SearchAction\",\"target\":{\"@type\":\"EntryPoint\",\"urlTemplate\":\"https:\\\/\\\/www.klima-allianz.ch\\\/fr\\\/?s={search_term_string}\"},\"query-input\":{\"@type\":\"PropertyValueSpecification\",\"valueRequired\":true,\"valueName\":\"search_term_string\"}}],\"inLanguage\":\"fr-FR\"},{\"@type\":\"Organization\",\"@id\":\"https:\\\/\\\/www.klima-allianz.ch\\\/fr\\\/#organization\",\"name\":\"Klima-Allianz\",\"url\":\"https:\\\/\\\/www.klima-allianz.ch\\\/fr\\\/\",\"logo\":{\"@type\":\"ImageObject\",\"inLanguage\":\"fr-FR\",\"@id\":\"https:\\\/\\\/www.klima-allianz.ch\\\/fr\\\/#\\\/schema\\\/logo\\\/image\\\/\",\"url\":\"https:\\\/\\\/www.klima-allianz.ch\\\/wp-content\\\/uploads\\\/KA-Favicon-Kreis-1.png\",\"contentUrl\":\"https:\\\/\\\/www.klima-allianz.ch\\\/wp-content\\\/uploads\\\/KA-Favicon-Kreis-1.png\",\"width\":512,\"height\":512,\"caption\":\"Klima-Allianz\"},\"image\":{\"@id\":\"https:\\\/\\\/www.klima-allianz.ch\\\/fr\\\/#\\\/schema\\\/logo\\\/image\\\/\"}}]}<\/script>\n<!-- \/ Yoast SEO plugin. -->","yoast_head_json":{"title":"High-Level Dialogue on World Environment Day &#8226; Alliance Climatique","robots":{"index":"index","follow":"follow","max-snippet":"max-snippet:-1","max-image-preview":"max-image-preview:large","max-video-preview":"max-video-preview:-1"},"canonical":"https:\/\/www.klima-allianz.ch\/fr\/evenements\/high-level-dialogue-on-world-environment-day\/","og_locale":"fr_FR","og_type":"article","og_title":"High-Level Dialogue on World Environment Day &#8226; Alliance Climatique","og_url":"https:\/\/www.klima-allianz.ch\/fr\/evenements\/high-level-dialogue-on-world-environment-day\/","og_site_name":"Alliance Climatique","article_modified_time":"2023-05-01T07:52:53+00:00","twitter_card":"summary_large_image","schema":{"@context":"https:\/\/schema.org","@graph":[{"@type":"WebPage","@id":"https:\/\/www.klima-allianz.ch\/fr\/evenements\/high-level-dialogue-on-world-environment-day\/","url":"https:\/\/www.klima-allianz.ch\/fr\/evenements\/high-level-dialogue-on-world-environment-day\/","name":"High-Level Dialogue on World Environment Day &#8226; Alliance Climatique","isPartOf":{"@id":"https:\/\/www.klima-allianz.ch\/fr\/#website"},"datePublished":"2023-04-19T08:50:37+00:00","dateModified":"2023-05-01T07:52:53+00:00","breadcrumb":{"@id":"https:\/\/www.klima-allianz.ch\/fr\/evenements\/high-level-dialogue-on-world-environment-day\/#breadcrumb"},"inLanguage":"fr-FR","potentialAction":[{"@type":"ReadAction","target":["https:\/\/www.klima-allianz.ch\/fr\/evenements\/high-level-dialogue-on-world-environment-day\/"]}]},{"@type":"BreadcrumbList","@id":"https:\/\/www.klima-allianz.ch\/fr\/evenements\/high-level-dialogue-on-world-environment-day\/#breadcrumb","itemListElement":[{"@type":"ListItem","position":1,"name":"Home","item":"https:\/\/www.klima-allianz.ch\/fr\/"},{"@type":"ListItem","position":2,"name":"\u00c9v\u00e9nements","item":"https:\/\/www.klima-allianz.ch\/fr\/evenements\/"},{"@type":"ListItem","position":3,"name":"High-Level Dialogue on World Environment Day"}]},{"@type":"WebSite","@id":"https:\/\/www.klima-allianz.ch\/fr\/#website","url":"https:\/\/www.klima-allianz.ch\/fr\/","name":"Alliance Climatique","description":"","publisher":{"@id":"https:\/\/www.klima-allianz.ch\/fr\/#organization"},"potentialAction":[{"@type":"SearchAction","target":{"@type":"EntryPoint","urlTemplate":"https:\/\/www.klima-allianz.ch\/fr\/?s={search_term_string}"},"query-input":{"@type":"PropertyValueSpecification","valueRequired":true,"valueName":"search_term_string"}}],"inLanguage":"fr-FR"},{"@type":"Organization","@id":"https:\/\/www.klima-allianz.ch\/fr\/#organization","name":"Klima-Allianz","url":"https:\/\/www.klima-allianz.ch\/fr\/","logo":{"@type":"ImageObject","inLanguage":"fr-FR","@id":"https:\/\/www.klima-allianz.ch\/fr\/#\/schema\/logo\/image\/","url":"https:\/\/www.klima-allianz.ch\/wp-content\/uploads\/KA-Favicon-Kreis-1.png","contentUrl":"https:\/\/www.klima-allianz.ch\/wp-content\/uploads\/KA-Favicon-Kreis-1.png","width":512,"height":512,"caption":"Klima-Allianz"},"image":{"@id":"https:\/\/www.klima-allianz.ch\/fr\/#\/schema\/logo\/image\/"}}]}},"_links":{"self":[{"href":"https:\/\/www.klima-allianz.ch\/fr\/wp-json\/wp\/v2\/veranstaltungen\/9920","targetHints":{"allow":["GET"]}}],"collection":[{"href":"https:\/\/www.klima-allianz.ch\/fr\/wp-json\/wp\/v2\/veranstaltungen"}],"about":[{"href":"https:\/\/www.klima-allianz.ch\/fr\/wp-json\/wp\/v2\/types\/veranstaltungen"}],"wp:attachment":[{"href":"https:\/\/www.klima-allianz.ch\/fr\/wp-json\/wp\/v2\/media?parent=9920"}],"wp:term":[{"taxonomy":"regionen","embeddable":true,"href":"https:\/\/www.klima-allianz.ch\/fr\/wp-json\/wp\/v2\/regionen?post=9920"},{"taxonomy":"themen_tax","embeddable":true,"href":"https:\/\/www.klima-allianz.ch\/fr\/wp-json\/wp\/v2\/themen_tax?post=9920"}],"curies":[{"name":"wp","href":"https:\/\/api.w.org\/{rel}","templated":true}]}}

Domaine de Penthes, Geneva Press Club 
Chemin de l'Impératrice 18 1292 Pregny-Chambésy

Le Club suisse de la presse (CSP), Chemin de l'Impératrice, Pregny-Chambésy, Suisse

Chemin de l'Impératrice

Chem. de l'Impératrice

Pregny-Chambésy

Genève

<!-- This site is optimized with the Yoast SEO plugin v27.5 - https://yoast.com/product/yoast-seo-wordpress/ -->
<title>High-Level Dialogue on World Environment Day &#8226; Alliance Climatique</title>
<meta name="robots" content="index, follow, max-snippet:-1, max-image-preview:large, max-video-preview:-1" />
<link rel="canonical" href="https://www.klima-allianz.ch/fr/evenements/high-level-dialogue-on-world-environment-day/" />
<meta property="og:locale" content="fr_FR" />
<meta property="og:type" content="article" />
<meta property="og:title" content="High-Level Dialogue on World Environment Day &#8226; Alliance Climatique" />
<meta property="og:url" content="https://www.klima-allianz.ch/fr/evenements/high-level-dialogue-on-world-environment-day/" />
<meta property="og:site_name" content="Alliance Climatique" />
<meta property="article:modified_time" content="2023-05-01T07:52:53+00:00" />
<meta name="twitter:card" content="summary_large_image" />
<script type="application/ld+json" class="yoast-schema-graph">{"@context":"https:\/\/schema.org","@graph":[{"@type":"WebPage","@id":"https:\/\/www.klima-allianz.ch\/fr\/evenements\/high-level-dialogue-on-world-environment-day\/","url":"https:\/\/www.klima-allianz.ch\/fr\/evenements\/high-level-dialogue-on-world-environment-day\/","name":"High-Level Dialogue on World Environment Day &#8226; Alliance Climatique","isPartOf":{"@id":"https:\/\/www.klima-allianz.ch\/fr\/#website"},"datePublished":"2023-04-19T08:50:37+00:00","dateModified":"2023-05-01T07:52:53+00:00","breadcrumb":{"@id":"https:\/\/www.klima-allianz.ch\/fr\/evenements\/high-level-dialogue-on-world-environment-day\/#breadcrumb"},"inLanguage":"fr-FR","potentialAction":[{"@type":"ReadAction","target":["https:\/\/www.klima-allianz.ch\/fr\/evenements\/high-level-dialogue-on-world-environment-day\/"]}]},{"@type":"BreadcrumbList","@id":"https:\/\/www.klima-allianz.ch\/fr\/evenements\/high-level-dialogue-on-world-environment-day\/#breadcrumb","itemListElement":[{"@type":"ListItem","position":1,"name":"Home","item":"https:\/\/www.klima-allianz.ch\/fr\/"},{"@type":"ListItem","position":2,"name":"Événements","item":"https:\/\/www.klima-allianz.ch\/fr\/evenements\/"},{"@type":"ListItem","position":3,"name":"High-Level Dialogue on World Environment Day"}]},{"@type":"WebSite","@id":"https:\/\/www.klima-allianz.ch\/fr\/#website","url":"https:\/\/www.klima-allianz.ch\/fr\/","name":"Alliance Climatique","description":"","publisher":{"@id":"https:\/\/www.klima-allianz.ch\/fr\/#organization"},"potentialAction":[{"@type":"SearchAction","target":{"@type":"EntryPoint","urlTemplate":"https:\/\/www.klima-allianz.ch\/fr\/?s={search_term_string}"},"query-input":{"@type":"PropertyValueSpecification","valueRequired":true,"valueName":"search_term_string"}}],"inLanguage":"fr-FR"},{"@type":"Organization","@id":"https:\/\/www.klima-allianz.ch\/fr\/#organization","name":"Klima-Allianz","url":"https:\/\/www.klima-allianz.ch\/fr\/","logo":{"@type":"ImageObject","inLanguage":"fr-FR","@id":"https:\/\/www.klima-allianz.ch\/fr\/#\/schema\/logo\/image\/","url":"https:\/\/www.klima-allianz.ch\/wp-content\/uploads\/KA-Favicon-Kreis-1.png","contentUrl":"https:\/\/www.klima-allianz.ch\/wp-content\/uploads\/KA-Favicon-Kreis-1.png","width":512,"height":512,"caption":"Klima-Allianz"},"image":{"@id":"https:\/\/www.klima-allianz.ch\/fr\/#\/schema\/logo\/image\/"}}]}</script>
<!-- / Yoast SEO plugin. -->

Événements
